188.241.144.215 - - [01/Jul/2026:09:45:36 -0400] "GET /wp-content/plugins/woocommerce/assets/js/frontend/order-attribution.min.js?ver=10.8.1 HTTP/1.1" 200 0 "https://booksfinders.com/" "Mozilla/5.0 (X11; Linux x86_64; rv:128.14) Gecko/20100101 Firefox/128.14"
188.241.144.215 - - [01/Jul/2026:09:45:36 -0400] "GET /wp-content/plugins/woocommerce/assets/js/frontend/woocommerce.min.js?ver=10.8.1 HTTP/1.1" 200 0 "https://booksfinders.com/" "Mozilla/5.0 (X11; Linux x86_64; rv:128.14) Gecko/20100101 Firefox/128.14"
188.241.144.215 - - [01/Jul/2026:09:45:36 -0400] "GET /wp-content/themes/woodmart/css/parts/wpb-el-banner.min.css?ver=7.1.1 HTTP/1.1" 200 0 "https://booksfinders.com/" "Mozilla/5.0 (X11; Linux x86_64; rv:128.14) Gecko/20100101 Firefox/128.14"
188.241.144.215 - - [01/Jul/2026:09:45:36 -0400] "GET /wp-content/themes/woodmart/js/scripts/header/headerBuilder.js?ver=7.1.1 HTTP/1.1" 200 0 "https://booksfinders.com/" "Mozilla/5.0 (X11; Linux x86_64; rv:128.14) Gecko/20100101 Firefox/128.14"
188.241.144.215 - - [01/Jul/2026:09:45:37 -0400] "GET /wp-content/themes/woodmart/js/scripts/wc/woocommerceQuantity.js?ver=7.1.1 HTTP/1.1" 200 0 "https://booksfinders.com/" "Mozilla/5.0 (X11; Linux x86_64; rv:128.14) Gecko/20100101 Firefox/128.14"
188.241.144.215 - - [01/Jul/2026:09:45:37 -0400] "GET /wp-content/themes/woodmart/js/scripts/wc/onRemoveFromCart.js?ver=7.1.1 HTTP/1.1" 200 0 "https://booksfinders.com/" "Mozilla/5.0 (X11; Linux x86_64; rv:128.14) Gecko/20100101 Firefox/128.14"
188.241.144.215 - - [01/Jul/2026:09:45:37 -0400] "GET /wp-content/themes/woodmart/js/scripts/elements/slider.js?ver=7.1.1 HTTP/1.1" 200 0 "https://booksfinders.com/" "Mozilla/5.0 (X11; Linux x86_64; rv:128.14) Gecko/20100101 Firefox/128.14"
188.241.144.215 - - [01/Jul/2026:09:45:36 -0400] "GET /wp-content/themes/woodmart/js/scripts/menu/menuOverlay.js?ver=7.1.1 HTTP/1.1" 200 0 "https://booksfinders.com/" "Mozilla/5.0 (X11; Linux x86_64; rv:128.14) Gecko/20100101 Firefox/128.14"
188.241.144.215 - - [01/Jul/2026:09:45:37 -0400] "GET /wp-content/themes/woodmart/js/scripts/wc/quickView.js?ver=7.1.1 HTTP/1.1" 200 0 "https://booksfinders.com/" "Mozilla/5.0 (X11; Linux x86_64; rv:128.14) Gecko/20100101 Firefox/128.14"
188.241.144.215 - - [01/Jul/2026:09:45:37 -0400] "GET /wp-content/themes/woodmart/js/scripts/wc/quickShop.js?ver=7.1.1 HTTP/1.1" 200 0 "https://booksfinders.com/" "Mozilla/5.0 (X11; Linux x86_64; rv:128.14) Gecko/20100101 Firefox/128.14"
188.241.144.215 - - [01/Jul/2026:09:45:37 -0400] "GET /wp-content/themes/woodmart/js/libs/owl.carousel.js?ver=7.1.1 HTTP/1.1" 200 0 "https://booksfinders.com/" "Mozilla/5.0 (X11; Linux x86_64; rv:128.14) Gecko/20100101 Firefox/128.14"
188.241.144.215 - - [01/Jul/2026:09:45:36 -0400] "GET /wp-content/uploads/2024/04/xts-header_513919-1712949284.css?ver=7.1.1 HTTP/1.1" 200 0 "https://booksfinders.com/" "Mozilla/5.0 (X11; Linux x86_64; rv:128.14) Gecko/20100101 Firefox/128.14"
188.241.144.215 - - [01/Jul/2026:09:45:36 -0400] "GET /wp-content/themes/woodmart/js/scripts/global/scrollBar.js?ver=7.1.1 HTTP/1.1" 200 0 "https://booksfinders.com/" "Mozilla/5.0 (X11; Linux x86_64; rv:128.14) Gecko/20100101 Firefox/128.14"
188.241.144.215 - - [01/Jul/2026:09:45:36 -0400] "GET /wp-includes/js/jquery/jquery-migrate.min.js?ver=3.4.1 HTTP/1.1" 200 0 "https://booksfinders.com/" "Mozilla/5.0 (X11; Linux x86_64; rv:128.14) Gecko/20100101 Firefox/128.14"
188.241.144.215 - - [01/Jul/2026:09:45:37 -0400] "GET /wp-content/themes/woodmart/js/scripts/wc/miniCartQuantity.js?ver=7.1.1 HTTP/1.1" 200 0 "https://booksfinders.com/" "Mozilla/5.0 (X11; Linux x86_64; rv:128.14) Gecko/20100101 Firefox/128.14"
188.241.144.215 - - [01/Jul/2026:09:45:36 -0400] "GET /wp-content/plugins/woocommerce/assets/js/sourcebuster/sourcebuster.min.js?ver=10.8.1 HTTP/1.1" 200 0 "https://booksfinders.com/" "Mozilla/5.0 (X11; Linux x86_64; rv:128.14) Gecko/20100101 Firefox/128.14"
188.241.144.215 - - [01/Jul/2026:09:45:36 -0400] "GET /wp-content/themes/woodmart/js/scripts/menu/menuSetUp.js?ver=7.1.1 HTTP/1.1" 200 0 "https://booksfinders.com/" "Mozilla/5.0 (X11; Linux x86_64; rv:128.14) Gecko/20100101 Firefox/128.14"
188.241.144.215 - - [01/Jul/2026:09:45:36 -0400] "GET /wp-content/plugins/contact-form-7/includes/js/index.js?ver=6.1.6 HTTP/1.1" 200 0 "https://booksfinders.com/" "Mozilla/5.0 (X11; Linux x86_64; rv:128.14) Gecko/20100101 Firefox/128.14"
188.241.144.215 - - [01/Jul/2026:09:45:37 -0400] "GET /wp-content/themes/woodmart/js/scripts/wc/loginDropdown.js?ver=7.1.1 HTTP/1.1" 200 0 "https://booksfinders.com/" "Mozilla/5.0 (X11; Linux x86_64; rv:128.14) Gecko/20100101 Firefox/128.14"
188.241.144.215 - - [01/Jul/2026:09:45:36 -0400] "GET /wp-includes/js/dist/i18n.min.js?ver=781d11515ad3d91786ec HTTP/1.1" 200 0 "https://booksfinders.com/" "Mozilla/5.0 (X11; Linux x86_64; rv:128.14) Gecko/20100101 Firefox/128.14"
188.241.144.215 - - [01/Jul/2026:09:45:37 -0400] "GET /wp-content/themes/woodmart/js/libs/flickity-all.js?ver=7.1.1 HTTP/1.1" 200 0 "https://booksfinders.com/" "Mozilla/5.0 (X11; Linux x86_64; rv:128.14) Gecko/20100101 Firefox/128.14"
188.241.144.215 - - [01/Jul/2026:09:45:37 -0400] "GET /wp-content/plugins/woocommerce/assets/js/frontend/add-to-cart-variation.min.js?ver=10.8.1 HTTP/1.1" 200 0 "https://booksfinders.com/" "Mozilla/5.0 (X11; Linux x86_64; rv:128.14) Gecko/20100101 Firefox/128.14"
188.241.144.215 - - [01/Jul/2026:09:45:36 -0400] "GET /wp-content/plugins/mystickysidebar/js/theia-sticky-sidebar.js?ver=1.2.3 HTTP/1.1" 200 0 "https://booksfinders.com/" "Mozilla/5.0 (X11; Linux x86_64; rv:128.14) Gecko/20100101 Firefox/128.14"
188.241.144.215 - - [01/Jul/2026:09:45:36 -0400] "GET /wp-content/plugins/mystickysidebar/js/detectmobilebrowser.js?ver=1.2.3 HTTP/1.1" 200 0 "https://booksfinders.com/" "Mozilla/5.0 (X11; Linux x86_64; rv:128.14) Gecko/20100101 Firefox/128.14"
188.241.144.215 - - [01/Jul/2026:09:45:36 -0400] "GET /wp-content/plugins/revslider/sr6/assets/js/rs6.min.js?ver=6.7.34 HTTP/1.1" 200 0 "https://booksfinders.com/" "Mozilla/5.0 (X11; Linux x86_64; rv:128.14) Gecko/20100101 Firefox/128.14"
188.241.144.215 - - [01/Jul/2026:09:45:37 -0400] "GET /wp-content/themes/woodmart/js/libs/waypoints.js?ver=7.1.1 HTTP/1.1" 200 0 "https://booksfinders.com/" "Mozilla/5.0 (X11; Linux x86_64; rv:128.14) Gecko/20100101 Firefox/128.14"
188.241.144.215 - - [01/Jul/2026:09:45:37 -0400] "GET /wp-content/themes/woodmart/js/scripts/global/scrollTop.js?ver=7.1.1 HTTP/1.1" 200 0 "https://booksfinders.com/" "Mozilla/5.0 (X11; Linux x86_64; rv:128.14) Gecko/20100101 Firefox/128.14"
188.241.144.215 - - [01/Jul/2026:09:45:36 -0400] "GET /wp-content/uploads/2023/03/11-Drama.svg HTTP/1.1" 200 0 "https://booksfinders.com/" "Mozilla/5.0 (X11; Linux x86_64; rv:128.14) Gecko/20100101 Firefox/128.14"
188.241.144.215 - - [01/Jul/2026:09:45:37 -0400] "GET /wp-includes/js/wp-util.min.js?ver=7.0 HTTP/1.1" 200 0 "https://booksfinders.com/" "Mozilla/5.0 (X11; Linux x86_64; rv:128.14) Gecko/20100101 Firefox/128.14"
188.241.144.215 - - [01/Jul/2026:09:45:37 -0400] "GET /wp-includes/js/imagesloaded.min.js?ver=5.0.0 HTTP/1.1" 200 0 "https://booksfinders.com/" "Mozilla/5.0 (X11; Linux x86_64; rv:128.14) Gecko/20100101 Firefox/128.14"
188.241.144.215 - - [01/Jul/2026:09:45:37 -0400] "GET /wp-content/themes/woodmart/js/scripts/global/btnsToolTips.js?ver=7.1.1 HTTP/1.1" 200 0 "https://booksfinders.com/" "Mozilla/5.0 (X11; Linux x86_64; rv:128.14) Gecko/20100101 Firefox/128.14"
188.241.144.215 - - [01/Jul/2026:09:45:37 -0400] "GET /wp-content/themes/woodmart/js/libs/tooltips.js?ver=7.1.1 HTTP/1.1" 200 0 "https://booksfinders.com/" "Mozilla/5.0 (X11; Linux x86_64; rv:128.14) Gecko/20100101 Firefox/128.14"
188.241.144.215 - - [01/Jul/2026:09:45:36 -0400] "GET /wp-content/themes/woodmart/css/parts/opt-sticky-nav.min.css?ver=7.1.1 HTTP/1.1" 200 0 "https://booksfinders.com/" "Mozilla/5.0 (X11; Linux x86_64; rv:128.14) Gecko/20100101 Firefox/128.14"
188.241.144.215 - - [01/Jul/2026:09:45:37 -0400] "GET /wp-content/themes/woodmart/js/scripts/wc/productImagesGallery.js?ver=7.1.1 HTTP/1.1" 200 0 "https://booksfinders.com/" "Mozilla/5.0 (X11; Linux x86_64; rv:128.14) Gecko/20100101 Firefox/128.14"
188.241.144.215 - - [01/Jul/2026:09:45:37 -0400] "GET /wp-content/themes/woodmart/js/scripts/wc/addToCartAllTypes.js?ver=7.1.1 HTTP/1.1" 200 0 "https://booksfinders.com/" "Mozilla/5.0 (X11; Linux x86_64; rv:128.14) Gecko/20100101 Firefox/128.14"
188.241.144.215 - - [01/Jul/2026:09:45:36 -0400] "GET /wp-content/uploads/2023/03/08-Law.svg HTTP/1.1" 200 0 "https://booksfinders.com/" "Mozilla/5.0 (X11; Linux x86_64; rv:128.14) Gecko/20100101 Firefox/128.14"
188.241.144.215 - - [01/Jul/2026:09:45:37 -0400] "GET /wp-content/themes/woodmart/js/scripts/wc/actionAfterAddToCart.js?ver=7.1.1 HTTP/1.1" 200 0 "https://booksfinders.com/" "Mozilla/5.0 (X11; Linux x86_64; rv:128.14) Gecko/20100101 Firefox/128.14"
188.241.144.215 - - [01/Jul/2026:09:45:37 -0400] "GET /wp-content/themes/woodmart/js/libs/autocomplete.js?ver=7.1.1 HTTP/1.1" 200 0 "https://booksfinders.com/" "Mozilla/5.0 (X11; Linux x86_64; rv:128.14) Gecko/20100101 Firefox/128.14"
188.241.144.215 - - [01/Jul/2026:09:45:36 -0400] "GET /wp-content/themes/woodmart/js/scripts/menu/menuOffsets.js?ver=7.1.1 HTTP/1.1" 200 0 "https://booksfinders.com/" "Mozilla/5.0 (X11; Linux x86_64; rv:128.14) Gecko/20100101 Firefox/128.14"
188.241.144.215 - - [01/Jul/2026:09:45:37 -0400] "GET /wp-content/themes/woodmart/js/libs/magnific-popup.js?ver=7.1.1 HTTP/1.1" 200 0 "https://booksfinders.com/" "Mozilla/5.0 (X11; Linux x86_64; rv:128.14) Gecko/20100101 Firefox/128.14"
188.241.144.215 - - [01/Jul/2026:09:45:36 -0400] "GET /wp-content/themes/woodmart/js/scripts/wc/woocommerceNotices.js?ver=7.1.1 HTTP/1.1" 200 0 "https://booksfinders.com/" "Mozilla/5.0 (X11; Linux x86_64; rv:128.14) Gecko/20100101 Firefox/128.14"
188.241.144.215 - - [01/Jul/2026:09:45:36 -0400] "GET /wp-content/plugins/js_composer/assets/js/dist/js_composer_front.min.js?ver=8.7.2 HTTP/1.1" 200 0 "https://booksfinders.com/" "Mozilla/5.0 (X11; Linux x86_64; rv:128.14) Gecko/20100101 Firefox/128.14"
188.241.144.215 - - [01/Jul/2026:09:45:37 -0400] "GET /wp-content/themes/woodmart/js/scripts/wc/cartWidget.js?ver=7.1.1 HTTP/1.1" 200 0 "https://booksfinders.com/" "Mozilla/5.0 (X11; Linux x86_64; rv:128.14) Gecko/20100101 Firefox/128.14"
188.241.144.215 - - [01/Jul/2026:09:45:37 -0400] "GET /wp-content/themes/woodmart/js/scripts/global/ajaxSearch.js?ver=7.1.1 HTTP/1.1" 200 0 "https://booksfinders.com/" "Mozilla/5.0 (X11; Linux x86_64; rv:128.14) Gecko/20100101 Firefox/128.14"
188.241.144.215 - - [01/Jul/2026:09:45:37 -0400] "GET /wp-content/themes/woodmart/js/scripts/menu/mobileNavigation.js?ver=7.1.1 HTTP/1.1" 200 0 "https://booksfinders.com/" "Mozilla/5.0 (X11; Linux x86_64; rv:128.14) Gecko/20100101 Firefox/128.14"
188.241.144.215 - - [01/Jul/2026:09:45:37 -0400] "GET /wp-content/themes/woodmart/js/scripts/global/animationsOffset.js?ver=7.1.1 HTTP/1.1" 200 0 "https://booksfinders.com/" "Mozilla/5.0 (X11; Linux x86_64; rv:128.14) Gecko/20100101 Firefox/128.14"
188.241.144.215 - - [01/Jul/2026:09:45:37 -0400] "GET /wp-includes/js/underscore.min.js?ver=1.13.8 HTTP/1.1" 200 0 "https://booksfinders.com/" "Mozilla/5.0 (X11; Linux x86_64; rv:128.14) Gecko/20100101 Firefox/128.14"
188.241.144.215 - - [01/Jul/2026:09:45:36 -0400] "GET /wp-includes/js/dist/hooks.min.js?ver=7496969728ca0f95732d HTTP/1.1" 200 0 "https://booksfinders.com/" "Mozilla/5.0 (X11; Linux x86_64; rv:128.14) Gecko/20100101 Firefox/128.14"
188.241.144.215 - - [01/Jul/2026:09:45:36 -0400] "GET /wp-content/themes/woodmart/js/scripts/wc/updateCartFragmentsFix.js?ver=7.1.1 HTTP/1.1" 200 0 "https://booksfinders.com/" "Mozilla/5.0 (X11; Linux x86_64; rv:128.14) Gecko/20100101 Firefox/128.14"
188.241.144.215 - - [01/Jul/2026:09:45:37 -0400] "GET /wp-content/themes/woodmart/js/scripts/wc/swatchesVariations.js?ver=7.1.1 HTTP/1.1" 200 0 "https://booksfinders.com/" "Mozilla/5.0 (X11; Linux x86_64; rv:128.14) Gecko/20100101 Firefox/128.14"
188.241.144.215 - - [01/Jul/2026:09:45:37 -0400] "GET /wp-content/plugins/woocommerce/assets/js/frontend/cart-fragments.min.js?ver=10.8.1 HTTP/1.1" 200 0 "https://booksfinders.com/" "Mozilla/5.0 (X11; Linux x86_64; rv:128.14) Gecko/20100101 Firefox/128.14"
188.241.144.215 - - [01/Jul/2026:09:45:37 -0400] "GET /wp-content/themes/woodmart/js/scripts/wc/wishlist.js?ver=7.1.1 HTTP/1.1" 200 0 "https://booksfinders.com/" "Mozilla/5.0 (X11; Linux x86_64; rv:128.14) Gecko/20100101 Firefox/128.14"
188.241.144.215 - - [01/Jul/2026:09:45:36 -0400] "GET /wp-content/themes/woodmart/js/scripts/menu/menuStickyOffsets.js?ver=7.1.1 HTTP/1.1" 200 0 "https://booksfinders.com/" "Mozilla/5.0 (X11; Linux x86_64; rv:128.14) Gecko/20100101 Firefox/128.14"
188.241.144.215 - - [01/Jul/2026:09:45:37 -0400] "GET /wp-content/themes/woodmart/js/scripts/global/owlCarouselInit.js?ver=7.1.1 HTTP/1.1" 200 0 "https://booksfinders.com/" "Mozilla/5.0 (X11; Linux x86_64; rv:128.14) Gecko/20100101 Firefox/128.14"
188.241.144.215 - - [01/Jul/2026:09:45:36 -0400] "GET /wp-content/themes/woodmart/js/scripts/global/helpers.js?ver=7.1.1 HTTP/1.1" 200 0 "https://booksfinders.com/" "Mozilla/5.0 (X11; Linux x86_64; rv:128.14) Gecko/20100101 Firefox/128.14"
188.241.144.215 - - [01/Jul/2026:09:45:37 -0400] "GET /wp-content/plugins/js_composer/assets/lib/vendor/dist/animate.css/animate.min.css?ver=8.7.2 HTTP/1.1" 200 0 "https://booksfinders.com/" "Mozilla/5.0 (X11; Linux x86_64; rv:128.14) Gecko/20100101 Firefox/128.14"
188.241.144.215 - - [01/Jul/2026:09:45:37 -0400] "GET /wp-content/plugins/revslider/sr6/assets/css/rs6.css?ver=6.7.34 HTTP/1.1" 200 0 "https://booksfinders.com/" "Mozilla/5.0 (X11; Linux x86_64; rv:128.14) Gecko/20100101 Firefox/128.14"
188.241.144.215 - - [01/Jul/2026:09:45:38 -0400] "GET /wp-content/uploads/2023/03/11-Drama.svg HTTP/1.1" 200 0 "https://booksfinders.com/" "Mozilla/5.0 (X11; Linux x86_64; rv:128.14) Gecko/20100101 Firefox/128.14"
188.241.144.215 - - [01/Jul/2026:09:45:38 -0400] "GET /wp-content/uploads/2024/04/BooksFinders-Logo.png HTTP/1.1" 200 0 "https://booksfinders.com/" "Mozilla/5.0 (X11; Linux x86_64; rv:128.14) Gecko/20100101 Firefox/128.14"
188.241.144.215 - - [01/Jul/2026:09:45:38 -0400] "GET /wp-content/uploads/2023/03/04-Crime.svg HTTP/1.1" 200 0 "https://booksfinders.com/" "Mozilla/5.0 (X11; Linux x86_64; rv:128.14) Gecko/20100101 Firefox/128.14"
188.241.144.215 - - [01/Jul/2026:09:45:38 -0400] "GET /wp-content/uploads/2023/03/arrow-point-to-right.svg HTTP/1.1" 200 0 "https://booksfinders.com/" "Mozilla/5.0 (X11; Linux x86_64; rv:128.14) Gecko/20100101 Firefox/128.14"
188.241.144.215 - - [01/Jul/2026:09:45:38 -0400] "GET /wp-content/uploads/2023/03/10-politics.svg HTTP/1.1" 200 0 "https://booksfinders.com/" "Mozilla/5.0 (X11; Linux x86_64; rv:128.14) Gecko/20100101 Firefox/128.14"
188.241.144.215 - - [01/Jul/2026:09:45:38 -0400] "GET /wp-content/uploads/2023/03/06-History.svg HTTP/1.1" 200 0 "https://booksfinders.com/" "Mozilla/5.0 (X11; Linux x86_64; rv:128.14) Gecko/20100101 Firefox/128.14"
188.241.144.215 - - [01/Jul/2026:09:45:38 -0400] "GET /wp-content/uploads/2023/03/08-Law.svg HTTP/1.1" 200 0 "https://booksfinders.com/" "Mozilla/5.0 (X11; Linux x86_64; rv:128.14) Gecko/20100101 Firefox/128.14"
188.241.144.215 - - [01/Jul/2026:09:45:38 -0400] "GET /wp-content/uploads/2023/03/email.svg HTTP/1.1" 200 0 "https://booksfinders.com/" "Mozilla/5.0 (X11; Linux x86_64; rv:128.14) Gecko/20100101 Firefox/128.14"
188.241.144.215 - - [01/Jul/2026:09:45:38 -0400] "GET /wp-content/uploads/2023/03/INTRODUCTION-TO-HEALTH-CARE-BY-MITCHELL-800x800.png HTTP/1.1" 200 0 "https://booksfinders.com/" "Mozilla/5.0 (X11; Linux x86_64; rv:128.14) Gecko/20100101 Firefox/128.14"
188.241.144.215 - - [01/Jul/2026:09:45:38 -0400] "GET /wp-content/uploads/2023/03/footer-bg-2.png HTTP/1.1" 200 0 "https://booksfinders.com/" "Mozilla/5.0 (X11; Linux x86_64; rv:128.14) Gecko/20100101 Firefox/128.14"
188.241.144.215 - - [01/Jul/2026:09:45:38 -0400] "GET /wp-content/uploads/2023/03/02-Aviation.svg HTTP/1.1" 200 0 "https://booksfinders.com/" "Mozilla/5.0 (X11; Linux x86_64; rv:128.14) Gecko/20100101 Firefox/128.14"
188.241.144.215 - - [01/Jul/2026:09:45:38 -0400] "GET /wp-content/uploads/2023/03/05-Fiction.svg HTTP/1.1" 200 0 "https://booksfinders.com/" "Mozilla/5.0 (X11; Linux x86_64; rv:128.14) Gecko/20100101 Firefox/128.14"
188.241.144.215 - - [01/Jul/2026:09:45:38 -0400] "GET /wp-content/uploads/2023/03/09-Pets.svg HTTP/1.1" 200 0 "https://booksfinders.com/" "Mozilla/5.0 (X11; Linux x86_64; rv:128.14) Gecko/20100101 Firefox/128.14"
188.241.144.215 - - [01/Jul/2026:09:45:38 -0400] "GET /wp-content/uploads/2023/03/07-Humor-Fun.svg HTTP/1.1" 200 0 "https://booksfinders.com/" "Mozilla/5.0 (X11; Linux x86_64; rv:128.14) Gecko/20100101 Firefox/128.14"
188.241.144.215 - - [01/Jul/2026:09:45:38 -0400] "GET /wp-content/uploads/2023/03/twitter-icon-2.svg HTTP/1.1" 200 0 "https://booksfinders.com/" "Mozilla/5.0 (X11; Linux x86_64; rv:128.14) Gecko/20100101 Firefox/128.14"
188.241.144.215 - - [01/Jul/2026:09:45:38 -0400] "GET /wp-content/uploads/2023/03/01-Art-02.svg HTTP/1.1" 200 0 "https://booksfinders.com/" "Mozilla/5.0 (X11; Linux x86_64; rv:128.14) Gecko/20100101 Firefox/128.14"
216.73.217.13 - - [01/Jul/2026:09:45:38 -0400] "GET /wp-includes__db40bc3/sodium_compat/composer.json HTTP/1.1" 403 1242 "-" "Mozilla/5.0 AppleWebKit/537.36 (KHTML, like Gecko; compatible; ClaudeBot/1.0; +claudebot@anthropic.com)"
216.73.217.13 - - [01/Jul/2026:09:45:38 -0400] "GET /wp-includes__db40bc3/block-supports/block-style-variations.php HTTP/1.1" 500 0 "-" "Mozilla/5.0 AppleWebKit/537.36 (KHTML, like Gecko; compatible; ClaudeBot/1.0; +claudebot@anthropic.com)"
188.241.144.215 - - [01/Jul/2026:09:45:38 -0400] "GET /wp-content/uploads/2023/03/headphones.svg HTTP/1.1" 200 0 "https://booksfinders.com/" "Mozilla/5.0 (X11; Linux x86_64; rv:128.14) Gecko/20100101 Firefox/128.14"
188.241.144.215 - - [01/Jul/2026:09:45:38 -0400] "GET /wp-content/uploads/2023/03/15-Science.svg HTTP/1.1" 200 0 "https://booksfinders.com/" "Mozilla/5.0 (X11; Linux x86_64; rv:128.14) Gecko/20100101 Firefox/128.14"
188.241.144.215 - - [01/Jul/2026:09:45:38 -0400] "GET /wp-content/uploads/2023/03/facebook-icon-2.svg HTTP/1.1" 200 0 "https://booksfinders.com/" "Mozilla/5.0 (X11; Linux x86_64; rv:128.14) Gecko/20100101 Firefox/128.14"
188.241.144.215 - - [01/Jul/2026:09:45:38 -0400] "GET /wp-content/uploads/2023/03/03-biography-1.svg HTTP/1.1" 200 0 "https://booksfinders.com/" "Mozilla/5.0 (X11; Linux x86_64; rv:128.14) Gecko/20100101 Firefox/128.14"
188.241.144.215 - - [01/Jul/2026:09:45:38 -0400] "GET /wp-content/uploads/2023/03/12-Religion.svg HTTP/1.1" 200 0 "https://booksfinders.com/" "Mozilla/5.0 (X11; Linux x86_64; rv:128.14) Gecko/20100101 Firefox/128.14"
188.241.144.215 - - [01/Jul/2026:09:45:38 -0400] "GET /wp-content/uploads/2023/03/instagram-icon-02-2.svg HTTP/1.1" 200 0 "https://booksfinders.com/" "Mozilla/5.0 (X11; Linux x86_64; rv:128.14) Gecko/20100101 Firefox/128.14"
188.241.144.215 - - [01/Jul/2026:09:45:38 -0400] "GET /wp-content/uploads/2023/03/16-Travel-Guide.svg HTTP/1.1" 200 0 "https://booksfinders.com/" "Mozilla/5.0 (X11; Linux x86_64; rv:128.14) Gecko/20100101 Firefox/128.14"
188.241.144.215 - - [01/Jul/2026:09:45:38 -0400] "GET /wp-content/uploads/2023/03/Zee-Slider-05-1.jpg HTTP/1.1" 200 0 "https://booksfinders.com/" "Mozilla/5.0 (X11; Linux x86_64; rv:128.14) Gecko/20100101 Firefox/128.14"
188.241.144.215 - - [01/Jul/2026:09:45:39 -0400] "GET /wp-content/uploads/2024/04/BooksFinders-Favicon-150x150.png HTTP/1.1" 200 0 "https://booksfinders.com/" "Mozilla/5.0 (X11; Linux x86_64; rv:128.14) Gecko/20100101 Firefox/128.14"
142.44.228.37 - - [01/Jul/2026:09:45:44 -0400] "GET /items/P772554614/ HTTP/1.1" 200 0 "-" "Mozilla/5.0 (compatible; AhrefsBot/7.0; +http://ahrefs.com/robot/)"
51.222.95.83 - - [01/Jul/2026:09:45:53 -0400] "GET /items/P772390474/ HTTP/1.1" 200 0 "-" "Mozilla/5.0 (compatible; AhrefsBot/7.0; +http://ahrefs.com/robot/)"
66.249.79.231 - - [01/Jul/2026:09:45:54 -0400] "GET / HTTP/1.1" 200 59366 "-" "Mozilla/5.0 (compatible; Googlebot/2.1; +http://www.google.com/bot.html)"
66.249.79.231 - - [01/Jul/2026:09:45:56 -0400] "GET /wp-content/plugins/wp-captcha//assets/css/c4wp-public.css?ver=7.0 HTTP/1.1" 200 26153 "https://booksfinders.com/" "Mozilla/5.0 AppleWebKit/537.36 (KHTML, like Gecko; compatible; Googlebot/2.1; +http://www.google.com/bot.html) Chrome/148.0.7778.96 Safari/537.36"
66.249.79.231 - - [01/Jul/2026:09:45:57 -0400] "GET /wp-content/themes/woodmart/css/parts/base.min.css?ver=7.1.1 HTTP/1.1" 200 25099 "https://booksfinders.com/" "Mozilla/5.0 AppleWebKit/537.36 (KHTML, like Gecko; compatible; Googlebot/2.1; +http://www.google.com/bot.html) Chrome/148.0.7778.96 Safari/537.36"
188.241.144.215 - - [01/Jul/2026:09:45:58 -0400] "GET /product-sitemap.xml HTTP/1.1" 200 10765 "-" "Mozilla/5.0 (X11; Linux x86_64; rv:128.14) Gecko/20100101 Firefox/128.14"
66.249.79.231 - - [01/Jul/2026:09:45:58 -0400] "GET /wp-content/themes/woodmart/css/parts/mod-star-rating.min.css?ver=7.1.1 HTTP/1.1" 200 25430 "https://booksfinders.com/" "Mozilla/5.0 AppleWebKit/537.36 (KHTML, like Gecko; compatible; Googlebot/2.1; +http://www.google.com/bot.html) Chrome/148.0.7778.96 Safari/537.36"
142.44.228.196 - - [01/Jul/2026:09:46:01 -0400] "GET /items/P772298938/ HTTP/1.1" 200 0 "-" "Mozilla/5.0 (compatible; AhrefsBot/7.0; +http://ahrefs.com/robot/)"
188.241.144.215 - - [01/Jul/2026:09:46:02 -0400] "GET /sitemap.xml HTTP/1.1" 200 10918 "-" "Mozilla/5.0 (X11; Linux x86_64; rv:128.14) Gecko/20100101 Firefox/128.14"
85.208.96.193 - - [01/Jul/2026:09:46:02 -0400] "GET /items/P772155924/ HTTP/1.1" 200 0 "-" "Mozilla/5.0 (compatible; SemrushBot/7~bl; +http://www.semrush.com/bot.html)"
66.249.79.231 - - [01/Jul/2026:09:46:02 -0400] "GET /wp-content/themes/woodmart/css/bootstrap-light.min.css?ver=7.1.1 HTTP/1.1" 200 25241 "https://booksfinders.com/" "Mozilla/5.0 AppleWebKit/537.36 (KHTML, like Gecko; compatible; Googlebot/2.1; +http://www.google.com/bot.html) Chrome/148.0.7778.96 Safari/537.36"
188.241.144.215 - - [01/Jul/2026:09:46:03 -0400] "GET /favicon.ico HTTP/1.1" 404 1251 "https://booksfinders.com/?f98e43258334202.html" "Mozilla/5.0 (X11; Linux x86_64; rv:128.14) Gecko/20100101 Firefox/128.14"
85.208.96.210 - - [01/Jul/2026:09:46:04 -0400] "GET /items/P771048347/ HTTP/1.1" 200 0 "-" "Mozilla/5.0 (compatible; SemrushBot/7~bl; +http://www.semrush.com/bot.html)"
66.249.79.231 - - [01/Jul/2026:09:46:05 -0400] "GET /wp-content/themes/woodmart/css/parts/woo-opt-title-limit.min.css?ver=7.1.1 HTTP/1.1" 200 25514 "https://booksfinders.com/" "Mozilla/5.0 AppleWebKit/537.36 (KHTML, like Gecko; compatible; Googlebot/2.1; +http://www.google.com/bot.html) Chrome/148.0.7778.96 Safari/537.36"
188.241.144.215 - - [01/Jul/2026:09:45:39 -0400] "GET /wp-content/uploads/2024/04/BooksFinders-Favicon.png HTTP/1.1" 200 0 "https://booksfinders.com/" "Mozilla/5.0 (X11; Linux x86_64; rv:128.14) Gecko/20100101 Firefox/128.14"
66.249.79.231 - - [01/Jul/2026:09:45:54 -0400] "GET / HTTP/1.1" 200 59366 "-" "Mozilla/5.0 (Linux; Android 6.0.1; Nexus 5X Build/MMB29P) AppleWebKit/537.36 (KHTML, like Gecko) Chrome/99.0.4844.84 Mobile Safari/537.36 (compatible; Googlebot/2.1; +http://www.google.com/bot.html)"
66.249.79.231 - - [01/Jul/2026:09:45:57 -0400] "GET /wp-content/plugins/creame-whatsapp-me/public/css/joinchat.min.css?ver=6.2.3 HTTP/1.1" 200 25485 "https://booksfinders.com/" "Mozilla/5.0 AppleWebKit/537.36 (KHTML, like Gecko; compatible; Googlebot/2.1; +http://www.google.com/bot.html) Chrome/148.0.7778.96 Safari/537.36"
216.73.217.13 - - [01/Jul/2026:09:45:59 -0400] "GET /wp-includes__db40bc3/l10n/class-wp-translation-file.php HTTP/1.1" 200 0 "-" "Mozilla/5.0 AppleWebKit/537.36 (KHTML, like Gecko; compatible; ClaudeBot/1.0; +claudebot@anthropic.com)"
66.249.79.231 - - [01/Jul/2026:09:45:59 -0400] "GET /wp-content/themes/woodmart/css/parts/header-el-my-account-dropdown.min.css?ver=7.1.1 HTTP/1.1" 200 25086 "https://booksfinders.com/" "Mozilla/5.0 AppleWebKit/537.36 (KHTML, like Gecko; compatible; Googlebot/2.1; +http://www.google.com/bot.html) Chrome/148.0.7778.96 Safari/537.36"
188.241.144.215 - - [01/Jul/2026:09:46:02 -0400] "GET /?f98e43258334202.html HTTP/1.1" 200 0 "-" "Mozilla/5.0 (X11; Linux x86_64; rv:128.14) Gecko/20100101 Firefox/128.14"
66.249.79.231 - - [01/Jul/2026:09:46:03 -0400] "GET /wp-content/themes/woodmart/css/parts/woo-widget-product-cat.min.css?ver=7.1.1 HTTP/1.1" 200 26303 "https://booksfinders.com/" "Mozilla/5.0 AppleWebKit/537.36 (KHTML, like Gecko; compatible; Googlebot/2.1; +http://www.google.com/bot.html) Chrome/148.0.7778.96 Safari/537.36"
66.249.79.231 - - [01/Jul/2026:09:46:04 -0400] "GET /wp-content/themes/woodmart/css/parts/int-wpb-base.min.css?ver=7.1.1 HTTP/1.1" 200 25904 "https://booksfinders.com/" "Mozilla/5.0 AppleWebKit/537.36 (KHTML, like Gecko; compatible; Googlebot/2.1; +http://www.google.com/bot.html) Chrome/148.0.7778.96 Safari/537.36"
66.249.79.231 - - [01/Jul/2026:09:46:05 -0400] "GET /wp-content/themes/woodmart/css/parts/mod-tools.min.css?ver=7.1.1 HTTP/1.1" 200 25590 "https://booksfinders.com/" "Mozilla/5.0 AppleWebKit/537.36 (KHTML, like Gecko; compatible; Googlebot/2.1; +http://www.google.com/bot.html) Chrome/148.0.7778.96 Safari/537.36"
15.235.27.19 - - [01/Jul/2026:09:46:21 -0400] "GET /items/P771773410/ HTTP/1.1" 200 0 "-" "Mozilla/5.0 (compatible; AhrefsBot/7.0; +http://ahrefs.com/robot/)"
142.44.228.241 - - [01/Jul/2026:09:46:29 -0400] "GET /items/P771402299/ HTTP/1.1" 200 0 "-" "Mozilla/5.0 (compatible; AhrefsBot/7.0; +http://ahrefs.com/robot/)"
216.73.217.13 - - [01/Jul/2026:09:46:31 -0400] "GET /wp-includes__db40bc3/l10n/class-wp-translation-file-mo.php HTTP/1.1" 500 0 "-" "Mozilla/5.0 AppleWebKit/537.36 (KHTML, like Gecko; compatible; ClaudeBot/1.0; +claudebot@anthropic.com)"
51.161.65.151 - - [01/Jul/2026:09:46:45 -0400] "GET /items/P771258108/ HTTP/1.1" 200 0 "-" "Mozilla/5.0 (compatible; AhrefsBot/7.0; +http://ahrefs.com/robot/)"
185.191.171.19 - - [01/Jul/2026:09:46:50 -0400] "GET /items/P771227347/ HTTP/1.1" 200 0 "-" "Mozilla/5.0 (compatible; SemrushBot/7~bl; +http://www.semrush.com/bot.html)"
167.114.139.188 - - [01/Jul/2026:09:46:56 -0400] "GET /pk/abschreibung-von-spielautomaten-in-der-schweiz-2025/ HTTP/1.1" 200 0 "-" "Mozilla/5.0 (compatible; AhrefsBot/7.0; +http://ahrefs.com/robot/)"
185.191.171.11 - - [01/Jul/2026:09:47:00 -0400] "GET /items/P773550044/ HTTP/1.1" 200 0 "-" "Mozilla/5.0 (compatible; SemrushBot/7~bl; +http://www.semrush.com/bot.html)"
54.39.89.23 - - [01/Jul/2026:09:47:06 -0400] "GET /items/P774347642/ HTTP/1.1" 200 0 "-" "Mozilla/5.0 (compatible; AhrefsBot/7.0; +http://ahrefs.com/robot/)"
66.249.79.231 - - [01/Jul/2026:09:46:06 -0400] "GET /wp-content/themes/woodmart/css/parts/mod-highlighted-text.min.css?ver=7.1.1 HTTP/1.1" 200 25229 "https://booksfinders.com/" "Mozilla/5.0 AppleWebKit/537.36 (KHTML, like Gecko; compatible; Googlebot/2.1; +http://www.google.com/bot.html) Chrome/148.0.7778.96 Safari/537.36"
66.249.79.231 - - [01/Jul/2026:09:46:07 -0400] "GET /wp-content/themes/woodmart/css/parts/opt-scrolltotop.min.css?ver=7.1.1 HTTP/1.1" 200 25330 "https://booksfinders.com/" "Mozilla/5.0 (Linux; Android 6.0.1; Nexus 5X Build/MMB29P) AppleWebKit/537.36 (KHTML, like Gecko) Chrome/148.0.7778.96 Mobile Safari/537.36 (compatible; Googlebot/2.1; +http://www.google.com/bot.html)"
66.249.79.231 - - [01/Jul/2026:09:46:08 -0400] "GET /wp-content/uploads/2024/04/BooksFinders-Favicon.png HTTP/1.1" 200 25239 "-" "Googlebot-Image/1.0"
66.249.79.231 - - [01/Jul/2026:09:46:10 -0400] "GET /wp-content/uploads/2024/04/BooksFinders-Favicon-150x150.png HTTP/1.1" 200 25739 "-" "Googlebot-Image/1.0"
185.191.171.12 - - [01/Jul/2026:09:46:11 -0400] "GET /items/P772920496/ HTTP/1.1" 200 0 "-" "Mozilla/5.0 (compatible; SemrushBot/7~bl; +http://www.semrush.com/bot.html)"
148.113.130.46 - - [01/Jul/2026:09:46:13 -0400] "GET /items/P771819753/ HTTP/1.1" 200 0 "-" "Mozilla/5.0 (compatible; AhrefsBot/7.0; +http://ahrefs.com/robot/)"
185.191.171.4 - - [01/Jul/2026:09:46:30 -0400] "GET /items/P772985008/ HTTP/1.1" 200 0 "-" "Mozilla/5.0 (compatible; SemrushBot/7~bl; +http://www.semrush.com/bot.html)"
51.161.37.222 - - [01/Jul/2026:09:46:36 -0400] "GET /items/P771349165/ HTTP/1.1" 200 0 "-" "Mozilla/5.0 (compatible; AhrefsBot/7.0; +http://ahrefs.com/robot/)"
216.73.217.13 - - [01/Jul/2026:09:46:37 -0400] "GET /wp-includes__db40bc3/l10n/media/ HTTP/1.1" 200 623 "-" "Mozilla/5.0 AppleWebKit/537.36 (KHTML, like Gecko; compatible; ClaudeBot/1.0; +claudebot@anthropic.com)"
66.249.79.231 - - [01/Jul/2026:09:46:38 -0400] "GET /items/W632105382/ HTTP/1.1" 200 0 "-" "Mozilla/5.0 (Linux; Android 6.0.1; Nexus 5X Build/MMB29P) AppleWebKit/537.36 (KHTML, like Gecko) Chrome/149.0.7827.200 Mobile Safari/537.36 (compatible; GoogleOther)"
66.249.79.231 - - [01/Jul/2026:09:46:55 -0400] "GET /?b=product-244452058 HTTP/1.1" 200 0 "-" "Mozilla/5.0 (Linux; Android 6.0.1; Nexus 5X Build/MMB29P) AppleWebKit/537.36 (KHTML, like Gecko) Chrome/149.0.7827.200 Mobile Safari/537.36 (compatible; GoogleOther)"
188.241.144.215 - - [01/Jul/2026:09:47:25 -0400] "GET /favicon.ico HTTP/1.1" 404 1251 "https://booksfinders.com/?a5b813227796402.html" "Mozilla/5.0 (X11; Linux x86_64; rv:128.14) Gecko/20100101 Firefox/128.14"
54.39.203.4 - - [01/Jul/2026:09:47:37 -0400] "GET /items/P773417844/ HTTP/1.1" 200 0 "-" "Mozilla/5.0 (compatible; AhrefsBot/7.0; +http://ahrefs.com/robot/)"
216.73.217.13 - - [01/Jul/2026:09:47:39 -0400] "GET /wp-includes__db40bc3/l10n/class-wp-translations.php HTTP/1.1" 200 0 "-" "Mozilla/5.0 AppleWebKit/537.36 (KHTML, like Gecko; compatible; ClaudeBot/1.0; +claudebot@anthropic.com)"
66.249.79.233 - - [01/Jul/2026:09:47:47 -0400] "GET /items/A191823465/ HTTP/1.1" 200 0 "-" "Mozilla/5.0 (Linux; Android 6.0.1; Nexus 5X Build/MMB29P) AppleWebKit/537.36 (KHTML, like Gecko) Chrome/149.0.7827.200 Mobile Safari/537.36 (compatible; GoogleOther)"
185.191.171.14 - - [01/Jul/2026:09:47:48 -0400] "GET /items/P772378612/ HTTP/1.1" 200 0 "-" "Mozilla/5.0 (compatible; SemrushBot/7~bl; +http://www.semrush.com/bot.html)"
15.235.96.62 - - [01/Jul/2026:09:47:52 -0400] "GET /items/P773321871/ HTTP/1.1" 200 0 "-" "Mozilla/5.0 (compatible; AhrefsBot/7.0; +http://ahrefs.com/robot/)"
185.191.171.13 - - [01/Jul/2026:09:47:55 -0400] "GET /items/P773867488/ HTTP/1.1" 200 0 "-" "Mozilla/5.0 (compatible; SemrushBot/7~bl; +http://www.semrush.com/bot.html)"
185.191.171.19 - - [01/Jul/2026:09:48:04 -0400] "GET /items/P772457250/ HTTP/1.1" 200 0 "-" "Mozilla/5.0 (compatible; SemrushBot/7~bl; +http://www.semrush.com/bot.html)"
15.235.27.167 - - [01/Jul/2026:09:48:07 -0400] "GET /items/P773068471/ HTTP/1.1" 200 0 "-" "Mozilla/5.0 (compatible; AhrefsBot/7.0; +http://ahrefs.com/robot/)"
85.208.96.210 - - [01/Jul/2026:09:47:09 -0400] "GET /items/P772123458/ HTTP/1.1" 200 0 "-" "Mozilla/5.0 (compatible; SemrushBot/7~bl; +http://www.semrush.com/bot.html)"
85.208.96.202 - - [01/Jul/2026:09:47:10 -0400] "GET /items/P774166685/ HTTP/1.1" 200 0 "-" "Mozilla/5.0 (compatible; SemrushBot/7~bl; +http://www.semrush.com/bot.html)"
15.235.98.54 - - [01/Jul/2026:09:47:13 -0400] "GET /items/P773601125/ HTTP/1.1" 200 0 "-" "Mozilla/5.0 (compatible; AhrefsBot/7.0; +http://ahrefs.com/robot/)"
15.235.27.226 - - [01/Jul/2026:09:47:20 -0400] "GET /items/P773557465/ HTTP/1.1" 200 0 "-" "Mozilla/5.0 (compatible; AhrefsBot/7.0; +http://ahrefs.com/robot/)"
188.241.144.215 - - [01/Jul/2026:09:47:24 -0400] "GET /?a5b813227796402.html HTTP/1.1" 200 0 "-" "Mozilla/5.0 (X11; Linux x86_64; rv:128.14) Gecko/20100101 Firefox/128.14"
148.113.128.124 - - [01/Jul/2026:09:47:28 -0400] "GET /items/P773451561/ HTTP/1.1" 200 0 "-" "Mozilla/5.0 (compatible; AhrefsBot/7.0; +http://ahrefs.com/robot/)"
85.208.96.204 - - [01/Jul/2026:09:47:36 -0400] "GET /items/P772134452/ HTTP/1.1" 200 0 "-" "Mozilla/5.0 (compatible; SemrushBot/7~bl; +http://www.semrush.com/bot.html)"
148.113.128.126 - - [01/Jul/2026:09:47:41 -0400] "GET /items/P773326698/ HTTP/1.1" 200 0 "-" "Mozilla/5.0 (compatible; AhrefsBot/7.0; +http://ahrefs.com/robot/)"
216.73.217.13 - - [01/Jul/2026:09:47:43 -0400] "GET /wp-includes__db40bc3/sodium_compat/namespaced/ HTTP/1.1" 200 795 "-" "Mozilla/5.0 AppleWebKit/537.36 (KHTML, like Gecko; compatible; ClaudeBot/1.0; +claudebot@anthropic.com)"
54.39.0.103 - - [01/Jul/2026:09:48:17 -0400] "GET /items/P772898037/ HTTP/1.1" 200 0 "-" "Mozilla/5.0 (compatible; AhrefsBot/7.0; +http://ahrefs.com/robot/)"
216.73.217.13 - - [01/Jul/2026:09:48:21 -0400] "GET /wp-includes__db40bc3/sodium_compat/LICENSE HTTP/1.1" 200 860 "-" "Mozilla/5.0 AppleWebKit/537.36 (KHTML, like Gecko; compatible; ClaudeBot/1.0; +claudebot@anthropic.com)"
148.113.128.212 - - [01/Jul/2026:09:48:28 -0400] "GET /items/P772866767/ HTTP/1.1" 200 0 "-" "Mozilla/5.0 (compatible; AhrefsBot/7.0; +http://ahrefs.com/robot/)"
188.241.144.215 - - [01/Jul/2026:09:48:28 -0400] "GET /?a15703224628902.html HTTP/1.1" 200 0 "-" "Mozilla/5.0 (X11; Linux x86_64; rv:128.14) Gecko/20100101 Firefox/128.14"
216.73.217.13 - - [01/Jul/2026:09:48:29 -0400] "GET /wp-includes__db40bc3/js/crop/marqueeHoriz.gif HTTP/1.1" 200 277 "-" "Mozilla/5.0 AppleWebKit/537.36 (KHTML, like Gecko; compatible; ClaudeBot/1.0; +claudebot@anthropic.com)"
185.191.171.9 - - [01/Jul/2026:09:48:32 -0400] "GET /items/P771425581/ HTTP/1.1" 200 0 "-" "Mozilla/5.0 (compatible; SemrushBot/7~bl; +http://www.semrush.com/bot.html)"
54.39.136.60 - - [01/Jul/2026:09:48:34 -0400] "GET /items/P772765213/ HTTP/1.1" 200 0 "-" "Mozilla/5.0 (compatible; AhrefsBot/7.0; +http://ahrefs.com/robot/)"
51.161.65.40 - - [01/Jul/2026:09:48:40 -0400] "GET /items/P772445401/ HTTP/1.1" 200 0 "-" "Mozilla/5.0 (compatible; AhrefsBot/7.0; +http://ahrefs.com/robot/)"
54.39.136.93 - - [01/Jul/2026:09:48:53 -0400] "GET /items/P772372664/ HTTP/1.1" 200 0 "-" "Mozilla/5.0 (compatible; AhrefsBot/7.0; +http://ahrefs.com/robot/)"
216.73.217.13 - - [01/Jul/2026:09:49:03 -0400] "GET /wp-includes__db40bc3/class-wp-http-cookie.php HTTP/1.1" 200 0 "-" "Mozilla/5.0 AppleWebKit/537.36 (KHTML, like Gecko; compatible; ClaudeBot/1.0; +claudebot@anthropic.com)"
216.73.217.13 - - [01/Jul/2026:09:49:03 -0400] "GET /wp-includes__db40bc3/ms-load.php HTTP/1.1" 200 0 "-" "Mozilla/5.0 AppleWebKit/537.36 (KHTML, like Gecko; compatible; ClaudeBot/1.0; +claudebot@anthropic.com)"
216.73.217.13 - - [01/Jul/2026:09:49:03 -0400] "GET /wp-includes__db40bc3/feed-rss.php HTTP/1.1" 500 0 "-" "Mozilla/5.0 AppleWebKit/537.36 (KHTML, like Gecko; compatible; ClaudeBot/1.0; +claudebot@anthropic.com)"
216.73.217.13 - - [01/Jul/2026:09:49:03 -0400] "GET /wp-includes__db40bc3/class-walker-comment.php HTTP/1.1" 500 0 "-" "Mozilla/5.0 AppleWebKit/537.36 (KHTML, like Gecko; compatible; ClaudeBot/1.0; +claudebot@anthropic.com)"
216.73.217.13 - - [01/Jul/2026:09:48:09 -0400] "GET /wp-includes__db40bc3/js/crop/marqueeVert.gif HTTP/1.1" 200 293 "-" "Mozilla/5.0 AppleWebKit/537.36 (KHTML, like Gecko; compatible; ClaudeBot/1.0; +claudebot@anthropic.com)"
85.208.96.197 - - [01/Jul/2026:09:48:25 -0400] "GET /items/P772011092/ HTTP/1.1" 200 0 "-" "Mozilla/5.0 (compatible; SemrushBot/7~bl; +http://www.semrush.com/bot.html)"
188.241.144.215 - - [01/Jul/2026:09:48:29 -0400] "GET /favicon.ico HTTP/1.1" 404 1251 "https://booksfinders.com/?a15703224628902.html" "Mozilla/5.0 (X11; Linux x86_64; rv:128.14) Gecko/20100101 Firefox/128.14"
66.249.79.231 - - [01/Jul/2026:09:48:32 -0400] "GET /items/Z481090530/ HTTP/1.1" 200 0 "-" "Mozilla/5.0 (Linux; Android 6.0.1; Nexus 5X Build/MMB29P) AppleWebKit/537.36 (KHTML, like Gecko) Chrome/149.0.7827.200 Mobile Safari/537.36 (compatible; GoogleOther)"
185.191.171.10 - - [01/Jul/2026:09:48:46 -0400] "GET /items/P771916849/ HTTP/1.1" 200 0 "-" "Mozilla/5.0 (compatible; SemrushBot/7~bl; +http://www.semrush.com/bot.html)"
66.249.79.231 - - [01/Jul/2026:09:48:58 -0400] "GET /items/B323955787/ HTTP/1.1" 200 0 "-" "Mozilla/5.0 (Linux; Android 6.0.1; Nexus 5X Build/MMB29P) AppleWebKit/537.36 (KHTML, like Gecko) Chrome/149.0.7827.200 Mobile Safari/537.36 (compatible; GoogleOther)"
85.208.96.200 - - [01/Jul/2026:09:48:59 -0400] "GET /items/P772367805/ HTTP/1.1" 200 0 "-" "Mozilla/5.0 (compatible; SemrushBot/7~bl; +http://www.semrush.com/bot.html)"
188.241.144.215 - - [01/Jul/2026:09:49:02 -0400] "GET /?141633256147402.html HTTP/1.1" 200 0 "-" "Mozilla/5.0 (X11; Linux x86_64; rv:128.14) Gecko/20100101 Firefox/128.14"
15.235.96.248 - - [01/Jul/2026:09:49:02 -0400] "GET /items/P772228917/ HTTP/1.1" 200 0 "-" "Mozilla/5.0 (compatible; AhrefsBot/7.0; +http://ahrefs.com/robot/)"
216.73.217.13 - - [01/Jul/2026:09:49:03 -0400] "GET /wp-includes__db40bc3/class-wp-network.php HTTP/1.1" 200 0 "-" "Mozilla/5.0 AppleWebKit/537.36 (KHTML, like Gecko; compatible; ClaudeBot/1.0; +claudebot@anthropic.com)"
216.73.217.13 - - [01/Jul/2026:09:49:03 -0400] "GET /wp-includes__db40bc3/class-wp-comment.php HTTP/1.1" 200 0 "-" "Mozilla/5.0 AppleWebKit/537.36 (KHTML, like Gecko; compatible; ClaudeBot/1.0; +claudebot@anthropic.com)"
216.73.217.13 - - [01/Jul/2026:09:49:03 -0400] "GET /wp-includes__db40bc3/rss-functions.php HTTP/1.1" 200 0 "-" "Mozilla/5.0 AppleWebKit/537.36 (KHTML, like Gecko; compatible; ClaudeBot/1.0; +claudebot@anthropic.com)"
216.73.217.13 - - [01/Jul/2026:09:49:03 -0400] "GET /wp-includes__db40bc3/block-template.php HTTP/1.1" 200 0 "-" "Mozilla/5.0 AppleWebKit/537.36 (KHTML, like Gecko; compatible; ClaudeBot/1.0; +claudebot@anthropic.com)"
216.73.217.13 - - [01/Jul/2026:09:49:03 -0400] "GET /wp-includes__db40bc3/cron.php HTTP/1.1" 200 0 "-" "Mozilla/5.0 AppleWebKit/537.36 (KHTML, like Gecko; compatible; ClaudeBot/1.0; +claudebot@anthropic.com)"
216.73.217.13 - - [01/Jul/2026:09:49:04 -0400] "GET /wp-includes__db40bc3/theme.json HTTP/1.1" 200 9037 "-" "Mozilla/5.0 AppleWebKit/537.36 (KHTML, like Gecko; compatible; ClaudeBot/1.0; +claudebot@anthropic.com)"
216.73.217.13 - - [01/Jul/2026:09:49:04 -0400] "GET /wp-includes__db40bc3/class-wp-oembed-controller.php HTTP/1.1" 200 0 "-" "Mozilla/5.0 AppleWebKit/537.36 (KHTML, like Gecko; compatible; ClaudeBot/1.0; +claudebot@anthropic.com)"
216.73.217.13 - - [01/Jul/2026:09:49:04 -0400] "GET /wp-includes__db40bc3/html-api/ HTTP/1.1" 200 1462 "-" "Mozilla/5.0 AppleWebKit/537.36 (KHTML, like Gecko; compatible; ClaudeBot/1.0; +claudebot@anthropic.com)"
216.73.217.13 - - [01/Jul/2026:09:49:04 -0400] "GET /wp-includes__db40bc3/class-wp-post.php HTTP/1.1" 200 0 "-" "Mozilla/5.0 AppleWebKit/537.36 (KHTML, like Gecko; compatible; ClaudeBot/1.0; +claudebot@anthropic.com)"
216.73.217.13 - - [01/Jul/2026:09:49:04 -0400] "GET /wp-includes__db40bc3/block-patterns/query-grid-posts.php HTTP/1.1" 500 0 "-" "Mozilla/5.0 AppleWebKit/537.36 (KHTML, like Gecko; compatible; ClaudeBot/1.0; +claudebot@anthropic.com)"
216.73.217.13 - - [01/Jul/2026:09:49:05 -0400] "GET /wp-includes__db40bc3/theme-previews.php HTTP/1.1" 200 0 "-" "Mozilla/5.0 AppleWebKit/537.36 (KHTML, like Gecko; compatible; ClaudeBot/1.0; +claudebot@anthropic.com)"
216.73.217.13 - - [01/Jul/2026:09:49:05 -0400] "GET /wp-includes__db40bc3/class-feed.php HTTP/1.1" 500 0 "-" "Mozilla/5.0 AppleWebKit/537.36 (KHTML, like Gecko; compatible; ClaudeBot/1.0; +claudebot@anthropic.com)"
216.73.217.13 - - [01/Jul/2026:09:49:05 -0400] "GET /wp-includes__db40bc3/class-IXR.php HTTP/1.1" 200 6 "-" "Mozilla/5.0 AppleWebKit/537.36 (KHTML, like Gecko; compatible; ClaudeBot/1.0; +claudebot@anthropic.com)"
216.73.217.13 - - [01/Jul/2026:09:49:05 -0400] "GET /wp-includes__db40bc3/error_log HTTP/1.1" 403 1242 "-" "Mozilla/5.0 AppleWebKit/537.36 (KHTML, like Gecko; compatible; ClaudeBot/1.0; +claudebot@anthropic.com)"
216.73.217.13 - - [01/Jul/2026:09:49:06 -0400] "GET /wp-includes__db40bc3/class-oembed.php HTTP/1.1" 500 0 "-" "Mozilla/5.0 AppleWebKit/537.36 (KHTML, like Gecko; compatible; ClaudeBot/1.0; +claudebot@anthropic.com)"
216.73.217.13 - - [01/Jul/2026:09:49:06 -0400] "GET /wp-includes__db40bc3/style-engine.php HTTP/1.1" 200 0 "-" "Mozilla/5.0 AppleWebKit/537.36 (KHTML, like Gecko; compatible; ClaudeBot/1.0; +claudebot@anthropic.com)"
216.73.217.13 - - [01/Jul/2026:09:49:06 -0400] "GET /wp-includes__db40bc3/class-wpdb.php HTTP/1.1" 200 0 "-" "Mozilla/5.0 AppleWebKit/537.36 (KHTML, like Gecko; compatible; ClaudeBot/1.0; +claudebot@anthropic.com)"
216.73.217.13 - - [01/Jul/2026:09:49:06 -0400] "GET /wp-includes__db40bc3/capabilities.php HTTP/1.1" 200 0 "-" "Mozilla/5.0 AppleWebKit/537.36 (KHTML, like Gecko; compatible; ClaudeBot/1.0; +claudebot@anthropic.com)"
216.73.217.13 - - [01/Jul/2026:09:49:06 -0400] "GET /wp-includes__db40bc3/option.php HTTP/1.1" 200 0 "-" "Mozilla/5.0 AppleWebKit/537.36 (KHTML, like Gecko; compatible; ClaudeBot/1.0; +claudebot@anthropic.com)"
216.73.217.13 - - [01/Jul/2026:09:49:06 -0400] "GET /wp-includes__db40bc3/formatting.php HTTP/1.1" 200 0 "-" "Mozilla/5.0 AppleWebKit/537.36 (KHTML, like Gecko; compatible; ClaudeBot/1.0; +claudebot@anthropic.com)"
216.73.217.13 - - [01/Jul/2026:09:49:07 -0400] "GET /wp-includes__db40bc3/rewrite.php HTTP/1.1" 200 0 "-" "Mozilla/5.0 AppleWebKit/537.36 (KHTML, like Gecko; compatible; ClaudeBot/1.0; +claudebot@anthropic.com)"
216.73.217.13 - - [01/Jul/2026:09:49:07 -0400] "GET /wp-includes__db40bc3/block-patterns/query-medium-posts.php HTTP/1.1" 500 0 "-" "Mozilla/5.0 AppleWebKit/537.36 (KHTML, like Gecko; compatible; ClaudeBot/1.0; +claudebot@anthropic.com)"
216.73.217.13 - - [01/Jul/2026:09:49:07 -0400] "GET /wp-includes__db40bc3/class-wp-object-cache.php HTTP/1.1" 200 0 "-" "Mozilla/5.0 AppleWebKit/537.36 (KHTML, like Gecko; compatible; ClaudeBot/1.0; +claudebot@anthropic.com)"
216.73.217.13 - - [01/Jul/2026:09:49:07 -0400] "GET /wp-includes__db40bc3/compat.php HTTP/1.1" 500 0 "-" "Mozilla/5.0 AppleWebKit/537.36 (KHTML, like Gecko; compatible; ClaudeBot/1.0; +claudebot@anthropic.com)"
216.73.217.13 - - [01/Jul/2026:09:49:07 -0400] "GET /wp-includes__db40bc3/embed-template.php HTTP/1.1" 500 0 "-" "Mozilla/5.0 AppleWebKit/537.36 (KHTML, like Gecko; compatible; ClaudeBot/1.0; +claudebot@anthropic.com)"
51.161.65.27 - - [01/Jul/2026:09:49:10 -0400] "GET /items/P772093314/ HTTP/1.1" 200 0 "-" "Mozilla/5.0 (compatible; AhrefsBot/7.0; +http://ahrefs.com/robot/)"
85.208.96.206 - - [01/Jul/2026:09:49:12 -0400] "GET /items/P774275685/ HTTP/1.1" 200 0 "-" "Mozilla/5.0 (compatible; SemrushBot/7~bl; +http://www.semrush.com/bot.html)"
216.73.217.13 - - [01/Jul/2026:09:49:12 -0400] "GET /wp-includes__db40bc3/class-wp.php HTTP/1.1" 200 0 "-" "Mozilla/5.0 AppleWebKit/537.36 (KHTML, like Gecko; compatible; ClaudeBot/1.0; +claudebot@anthropic.com)"
216.73.217.13 - - [01/Jul/2026:09:49:17 -0400] "GET /wp-includes__db40bc3/cache-compat.php HTTP/1.1" 200 0 "-" "Mozilla/5.0 AppleWebKit/537.36 (KHTML, like Gecko; compatible; ClaudeBot/1.0; +claudebot@anthropic.com)"
216.73.217.13 - - [01/Jul/2026:09:49:03 -0400] "GET /wp-includes__db40bc3/class-simplepie.php HTTP/1.1" 500 0 "-" "Mozilla/5.0 AppleWebKit/537.36 (KHTML, like Gecko; compatible; ClaudeBot/1.0; +claudebot@anthropic.com)"
216.73.217.13 - - [01/Jul/2026:09:49:03 -0400] "GET /wp-includes__db40bc3/speculative-loading.php HTTP/1.1" 200 0 "-" "Mozilla/5.0 AppleWebKit/537.36 (KHTML, like Gecko; compatible; ClaudeBot/1.0; +claudebot@anthropic.com)"
216.73.217.13 - - [01/Jul/2026:09:49:03 -0400] "GET /wp-includes__db40bc3/bookmark.php HTTP/1.1" 200 0 "-" "Mozilla/5.0 AppleWebKit/537.36 (KHTML, like Gecko; compatible; ClaudeBot/1.0; +claudebot@anthropic.com)"
216.73.217.13 - - [01/Jul/2026:09:49:04 -0400] "GET /wp-includes__db40bc3/ms-network.php HTTP/1.1" 200 0 "-" "Mozilla/5.0 AppleWebKit/537.36 (KHTML, like Gecko; compatible; ClaudeBot/1.0; +claudebot@anthropic.com)"
216.73.217.13 - - [01/Jul/2026:09:49:04 -0400] "GET /wp-includes__db40bc3/class-wp-block-parser.php HTTP/1.1" 200 0 "-" "Mozilla/5.0 AppleWebKit/537.36 (KHTML, like Gecko; compatible; ClaudeBot/1.0; +claudebot@anthropic.com)"
216.73.217.13 - - [01/Jul/2026:09:49:04 -0400] "GET /wp-includes__db40bc3/block-patterns/query-small-posts.php HTTP/1.1" 500 0 "-" "Mozilla/5.0 AppleWebKit/537.36 (KHTML, like Gecko; compatible; ClaudeBot/1.0; +claudebot@anthropic.com)"
216.73.217.13 - - [01/Jul/2026:09:49:04 -0400] "GET /wp-includes__db40bc3/Text/Diff/ HTTP/1.1" 200 717 "-" "Mozilla/5.0 AppleWebKit/537.36 (KHTML, like Gecko; compatible; ClaudeBot/1.0; +claudebot@anthropic.com)"
216.73.217.13 - - [01/Jul/2026:09:49:05 -0400] "GET /wp-includes__db40bc3/class-wp-embed.php HTTP/1.1" 200 0 "-" "Mozilla/5.0 AppleWebKit/537.36 (KHTML, like Gecko; compatible; ClaudeBot/1.0; +claudebot@anthropic.com)"
216.73.217.13 - - [01/Jul/2026:09:49:05 -0400] "GET /wp-includes__db40bc3/css/ HTTP/1.1" 200 1965 "-" "Mozilla/5.0 AppleWebKit/537.36 (KHTML, like Gecko; compatible; ClaudeBot/1.0; +claudebot@anthropic.com)"
216.73.217.13 - - [01/Jul/2026:09:49:05 -0400] "GET /wp-includes__db40bc3/class-wp-text-diff-renderer-inline.php HTTP/1.1" 500 0 "-" "Mozilla/5.0 AppleWebKit/537.36 (KHTML, like Gecko; compatible; ClaudeBot/1.0; +claudebot@anthropic.com)"
216.73.217.13 - - [01/Jul/2026:09:49:05 -0400] "GET /wp-includes__db40bc3/deprecated.php HTTP/1.1" 200 0 "-" "Mozilla/5.0 AppleWebKit/537.36 (KHTML, like Gecko; compatible; ClaudeBot/1.0; +claudebot@anthropic.com)"
216.73.217.13 - - [01/Jul/2026:09:49:06 -0400] "GET /wp-includes__db40bc3/admin-bar.php HTTP/1.1" 200 0 "-" "Mozilla/5.0 AppleWebKit/537.36 (KHTML, like Gecko; compatible; ClaudeBot/1.0; +claudebot@anthropic.com)"
216.73.217.13 - - [01/Jul/2026:09:49:06 -0400] "GET /wp-includes__db40bc3/comment-template.php HTTP/1.1" 200 0 "-" "Mozilla/5.0 AppleWebKit/537.36 (KHTML, like Gecko; compatible; ClaudeBot/1.0; +claudebot@anthropic.com)"
216.73.217.13 - - [01/Jul/2026:09:49:06 -0400] "GET /wp-includes__db40bc3/class-wp-theme.php HTTP/1.1" 200 0 "-" "Mozilla/5.0 AppleWebKit/537.36 (KHTML, like Gecko; compatible; ClaudeBot/1.0; +claudebot@anthropic.com)"
216.73.217.13 - - [01/Jul/2026:09:49:06 -0400] "GET /wp-includes__db40bc3/rest-api.php HTTP/1.1" 200 0 "-" "Mozilla/5.0 AppleWebKit/537.36 (KHTML, like Gecko; compatible; ClaudeBot/1.0; +claudebot@anthropic.com)"
216.73.217.13 - - [01/Jul/2026:09:49:06 -0400] "GET /wp-includes__db40bc3/meta.php HTTP/1.1" 500 0 "-" "Mozilla/5.0 AppleWebKit/537.36 (KHTML, like Gecko; compatible; ClaudeBot/1.0; +claudebot@anthropic.com)"
216.73.217.13 - - [01/Jul/2026:09:49:07 -0400] "GET /wp-includes__db40bc3/abilities.php HTTP/1.1" 200 0 "-" "Mozilla/5.0 AppleWebKit/537.36 (KHTML, like Gecko; compatible; ClaudeBot/1.0; +claudebot@anthropic.com)"
216.73.217.13 - - [01/Jul/2026:09:49:22 -0400] "GET /wp-includes__db40bc3/default-widgets.php HTTP/1.1" 200 6 "-" "Mozilla/5.0 AppleWebKit/537.36 (KHTML, like Gecko; compatible; ClaudeBot/1.0; +claudebot@anthropic.com)"
85.208.96.206 - - [01/Jul/2026:09:49:19 -0400] "GET /items/P773335982/ HTTP/1.1" 200 0 "-" "Mozilla/5.0 (compatible; SemrushBot/7~bl; +http://www.semrush.com/bot.html)"
185.191.171.9 - - [01/Jul/2026:09:49:21 -0400] "GET /items/P773839025/ HTTP/1.1" 200 0 "-" "Mozilla/5.0 (compatible; SemrushBot/7~bl; +http://www.semrush.com/bot.html)"
51.222.168.64 - - [01/Jul/2026:09:49:23 -0400] "GET /items/P772081550/ HTTP/1.1" 200 0 "-" "Mozilla/5.0 (compatible; AhrefsBot/7.0; +http://ahrefs.com/robot/)"
185.191.171.15 - - [01/Jul/2026:09:49:24 -0400] "GET /items/P774391398/ HTTP/1.1" 200 0 "-" "Mozilla/5.0 (compatible; SemrushBot/7~bl; +http://www.semrush.com/bot.html)"
167.114.139.122 - - [01/Jul/2026:09:49:31 -0400] "GET /items/P772073787/ HTTP/1.1" 200 0 "-" "Mozilla/5.0 (compatible; AhrefsBot/7.0; +http://ahrefs.com/robot/)"
216.73.217.13 - - [01/Jul/2026:09:49:33 -0400] "GET /items/P772515809/ HTTP/1.1" 200 0 "-" "Mozilla/5.0 AppleWebKit/537.36 (KHTML, like Gecko; compatible; ClaudeBot/1.0; +claudebot@anthropic.com)"
216.73.217.13 - - [01/Jul/2026:09:49:38 -0400] "GET /items/P772276926/ HTTP/1.1" 200 0 "-" "Mozilla/5.0 AppleWebKit/537.36 (KHTML, like Gecko; compatible; ClaudeBot/1.0; +claudebot@anthropic.com)"
142.44.225.71 - - [01/Jul/2026:09:49:40 -0400] "GET /items/P771906995/ HTTP/1.1" 200 0 "-" "Mozilla/5.0 (compatible; AhrefsBot/7.0; +http://ahrefs.com/robot/)"
216.73.217.13 - - [01/Jul/2026:09:49:43 -0400] "GET /items/P773907335/ HTTP/1.1" 200 0 "-" "Mozilla/5.0 AppleWebKit/537.36 (KHTML, like Gecko; compatible; ClaudeBot/1.0; +claudebot@anthropic.com)"
54.39.136.34 - - [01/Jul/2026:09:49:49 -0400] "GET /items/P771838451/ HTTP/1.1" 200 0 "-" "Mozilla/5.0 (compatible; AhrefsBot/7.0; +http://ahrefs.com/robot/)"
216.73.217.13 - - [01/Jul/2026:09:49:54 -0400] "GET /items/P772955862/ HTTP/1.1" 200 0 "-" "Mozilla/5.0 AppleWebKit/537.36 (KHTML, like Gecko; compatible; ClaudeBot/1.0; +claudebot@anthropic.com)"
216.73.217.13 - - [01/Jul/2026:09:49:59 -0400] "GET /items/P773828627/ HTTP/1.1" 200 0 "-" "Mozilla/5.0 AppleWebKit/537.36 (KHTML, like Gecko; compatible; ClaudeBot/1.0; +claudebot@anthropic.com)"
85.208.96.211 - - [01/Jul/2026:09:50:01 -0400] "GET /items/P771001917/ HTTP/1.1" 200 0 "-" "Mozilla/5.0 (compatible; SemrushBot/7~bl; +http://www.semrush.com/bot.html)"
185.191.171.19 - - [01/Jul/2026:09:50:02 -0400] "GET /items/P772485826/ HTTP/1.1" 200 0 "-" "Mozilla/5.0 (compatible; SemrushBot/7~bl; +http://www.semrush.com/bot.html)"
216.73.217.13 - - [01/Jul/2026:09:50:04 -0400] "GET /items/P771373074/ HTTP/1.1" 200 0 "-" "Mozilla/5.0 AppleWebKit/537.36 (KHTML, like Gecko; compatible; ClaudeBot/1.0; +claudebot@anthropic.com)"
142.44.228.50 - - [01/Jul/2026:09:50:08 -0400] "GET /items/P771388816/ HTTP/1.1" 200 0 "-" "Mozilla/5.0 (compatible; AhrefsBot/7.0; +http://ahrefs.com/robot/)"
216.73.217.13 - - [01/Jul/2026:09:50:09 -0400] "GET /items/P771045137/ HTTP/1.1" 200 0 "-" "Mozilla/5.0 AppleWebKit/537.36 (KHTML, like Gecko; compatible; ClaudeBot/1.0; +claudebot@anthropic.com)"
