102.129.223.92 - - [01/Jul/2026:16:08:49 -0400] "GET /officepoint/ HTTP/1.1" 403 1242 "https://thebinarysouls.com/" "Mozilla/5.0 (Macintosh; Intel Mac OS X 10_15_7) AppleWebKit/537.36 (KHTML, like Gecko) Chrome/143.0.0.0 Safari/537.36"
102.129.223.92 - - [01/Jul/2026:16:08:50 -0400] "GET /wp-blog-header.php HTTP/1.1" 500 1062 "https://thebinarysouls.com/" "Mozilla/5.0 (Macintosh; Intel Mac OS X 10_15_7) AppleWebKit/537.36 (KHTML, like Gecko) Chrome/143.0.0.0 Safari/537.36"
4.224.49.76 - - [01/Jul/2026:16:08:36 -0400] "GET /gifclass.php HTTP/1.1" 404 1251 "-" "Mozilla/5.0 (Windows NT 10.0; Win64; x64) AppleWebKit/537.36 (KHTML, like Gecko) Chrome/120.0.0.0 Safari/537.36"
102.129.223.92 - - [01/Jul/2026:16:08:37 -0400] "GET /booksfinders.com/ HTTP/1.1" 200 0 "https://thebinarysouls.com/" "Mozilla/5.0 (Macintosh; Intel Mac OS X 10_15_7) AppleWebKit/537.36 (KHTML, like Gecko) Chrome/143.0.0.0 Safari/537.36"
102.129.223.92 - - [01/Jul/2026:16:08:40 -0400] "GET /wp-login.php HTTP/1.1" 500 1062 "https://thebinarysouls.com/" "Mozilla/5.0 (Macintosh; Intel Mac OS X 10_15_7) AppleWebKit/537.36 (KHTML, like Gecko) Chrome/143.0.0.0 Safari/537.36"
102.129.223.92 - - [01/Jul/2026:16:08:41 -0400] "GET /emanplastic/ HTTP/1.1" 200 12152 "https://thebinarysouls.com/" "Mozilla/5.0 (Macintosh; Intel Mac OS X 10_15_7) AppleWebKit/537.36 (KHTML, like Gecko) Chrome/143.0.0.0 Safari/537.36"
102.129.223.92 - - [01/Jul/2026:16:08:47 -0400] "GET /wp-comments-post.php HTTP/1.1" 405 0 "https://thebinarysouls.com/" "Mozilla/5.0 (Macintosh; Intel Mac OS X 10_15_7) AppleWebKit/537.36 (KHTML, like Gecko) Chrome/143.0.0.0 Safari/537.36"
102.129.223.92 - - [01/Jul/2026:16:08:51 -0400] "GET /wp-activate.php HTTP/1.1" 500 1062 "https://thebinarysouls.com/" "Mozilla/5.0 (Macintosh; Intel Mac OS X 10_15_7) AppleWebKit/537.36 (KHTML, like Gecko) Chrome/143.0.0.0 Safari/537.36"
102.129.223.92 - - [01/Jul/2026:16:08:52 -0400] "GET /primaagencies.net/ HTTP/1.1" 200 0 "https://thebinarysouls.com/" "Mozilla/5.0 (Macintosh; Intel Mac OS X 10_15_7) AppleWebKit/537.36 (KHTML, like Gecko) Chrome/143.0.0.0 Safari/537.36"
198.54.120.156 - - [01/Jul/2026:16:09:06 -0400] "GET / HTTP/1.1" 200 11479 "-" "Mozilla/5.0 (Windows NT 10.0; Win64; x64; rv:122.0) Gecko/20100101 Firefox/122.0"
198.54.120.156 - - [01/Jul/2026:16:09:07 -0400] "GET /lazysleep HTTP/1.1" 301 795 "-" "Mozilla/5.0 (Windows NT 10.0; Win64; x64; rv:122.0) Gecko/20100101 Firefox/122.0"
198.54.120.156 - - [01/Jul/2026:16:09:07 -0400] "GET /lazysleep/ HTTP/1.1" 403 1242 "-" "Mozilla/5.0 (Windows NT 10.0; Win64; x64; rv:122.0) Gecko/20100101 Firefox/122.0"
198.54.120.156 - - [01/Jul/2026:16:09:07 -0400] "GET /pashtoo HTTP/1.1" 301 795 "-" "Mozilla/5.0 (Windows NT 10.0; Win64; x64; rv:122.0) Gecko/20100101 Firefox/122.0"
198.54.120.156 - - [01/Jul/2026:16:09:07 -0400] "GET /pashtoo/ HTTP/1.1" 403 1242 "-" "Mozilla/5.0 (Windows NT 10.0; Win64; x64; rv:122.0) Gecko/20100101 Firefox/122.0"
198.54.120.156 - - [01/Jul/2026:16:09:08 -0400] "GET /officepoint HTTP/1.1" 301 795 "-" "Mozilla/5.0 (Windows NT 10.0; Win64; x64; rv:122.0) Gecko/20100101 Firefox/122.0"
198.54.120.156 - - [01/Jul/2026:16:09:08 -0400] "GET /officepoint/ HTTP/1.1" 403 1242 "-" "Mozilla/5.0 (Windows NT 10.0; Win64; x64; rv:122.0) Gecko/20100101 Firefox/122.0"
102.129.223.92 - - [01/Jul/2026:16:09:14 -0400] "GET /HTML.zip HTTP/1.1" 200 6128680 "https://thebinarysouls.com/" "Mozilla/5.0 (Macintosh; Intel Mac OS X 10_15_7) AppleWebKit/537.36 (KHTML, like Gecko) Chrome/143.0.0.0 Safari/537.36"
102.129.223.92 - - [01/Jul/2026:16:09:33 -0400] "GET /hereweads.zip HTTP/1.1" 200 451 "https://thebinarysouls.com/" "Mozilla/5.0 (Macintosh; Intel Mac OS X 10_15_7) AppleWebKit/537.36 (KHTML, like Gecko) Chrome/143.0.0.0 Safari/537.36"
102.129.223.92 - - [01/Jul/2026:16:09:33 -0400] "GET /wp-admin/ HTTP/1.1" 500 1062 "https://thebinarysouls.com/" "Mozilla/5.0 (Macintosh; Intel Mac OS X 10_15_7) AppleWebKit/537.36 (KHTML, like Gecko) Chrome/143.0.0.0 Safari/537.36"
102.129.223.92 - - [01/Jul/2026:16:09:51 -0400] "GET /wp-content/ HTTP/1.1" 200 0 "https://thebinarysouls.com/" "Mozilla/5.0 (Macintosh; Intel Mac OS X 10_15_7) AppleWebKit/537.36 (KHTML, like Gecko) Chrome/143.0.0.0 Safari/537.36"
102.129.223.92 - - [01/Jul/2026:16:09:52 -0400] "GET /error_log HTTP/1.1" 403 1242 "https://thebinarysouls.com/" "Mozilla/5.0 (Macintosh; Intel Mac OS X 10_15_7) AppleWebKit/537.36 (KHTML, like Gecko) Chrome/143.0.0.0 Safari/537.36"
102.129.223.92 - - [01/Jul/2026:16:09:52 -0400] "GET /wp-includes/ HTTP/1.1" 200 10163 "https://thebinarysouls.com/" "Mozilla/5.0 (Macintosh; Intel Mac OS X 10_15_7) AppleWebKit/537.36 (KHTML, like Gecko) Chrome/143.0.0.0 Safari/537.36"
102.129.223.92 - - [01/Jul/2026:16:10:10 -0400] "GET /admin.php HTTP/1.1" 404 0 "https://thebinarysouls.com/" "Mozilla/5.0 (Macintosh; Intel Mac OS X 10_15_7) AppleWebKit/537.36 (KHTML, like Gecko) Chrome/143.0.0.0 Safari/537.36"
102.129.223.92 - - [01/Jul/2026:16:10:27 -0400] "GET /ai1wm-backups.zip HTTP/1.1" 200 14669252 "https://thebinarysouls.com/" "Mozilla/5.0 (Macintosh; Intel Mac OS X 10_15_7) AppleWebKit/537.36 (KHTML, like Gecko) Chrome/143.0.0.0 Safari/537.36"
51.91.156.252 - - [01/Jul/2026:16:12:24 -0400] "GET /Boa/Process/info.php HTTP/1.1" 404 1251 "-" "Mozilla/5.0 (Windows NT 10.0; Win64; x64) AppleWebKit/537.36 (KHTML, like Gecko) Chrome/148.0.0.0 Safari/537.36 Edg/148.0.0.0"
51.91.156.252 - - [01/Jul/2026:16:12:24 -0400] "GET /favicon.ico HTTP/1.1" 404 1251 "https://thebinarysouls.com/Boa/ip_files/141.php" "Mozilla/5.0 (Windows NT 10.0; Win64; x64) AppleWebKit/537.36 (KHTML, like Gecko) Chrome/147.0.0.0 Safari/537.36"
51.91.156.252 - - [01/Jul/2026:16:12:25 -0400] "GET /favicon.ico HTTP/1.1" 404 1251 "https://thebinarysouls.com/Boa/Process/info.php" "Mozilla/5.0 (Windows NT 10.0; Win64; x64) AppleWebKit/537.36 (KHTML, like Gecko) Chrome/148.0.0.0 Safari/537.36 Edg/148.0.0.0"
82.102.17.183 - - [01/Jul/2026:16:12:26 -0400] "GET /Boa/ip_files/14.php HTTP/1.1" 404 1251 "-" "Mozilla/5.0 (Macintosh; Intel Mac OS X 10_15_7) AppleWebKit/537.36 (KHTML, like Gecko) Chrome/142.0.0.0 Safari/537.36"
82.102.17.183 - - [01/Jul/2026:16:12:26 -0400] "GET /favicon.ico HTTP/1.1" 404 1251 "https://thebinarysouls.com/Boa/ip_files/14.php" "Mozilla/5.0 (Macintosh; Intel Mac OS X 10_15_7) AppleWebKit/537.36 (KHTML, like Gecko) Chrome/142.0.0.0 Safari/537.36"
82.102.17.183 - - [01/Jul/2026:16:12:26 -0400] "GET /Boa/ip_files/210.php HTTP/1.1" 404 1251 "-" "Mozilla/5.0 (Windows NT 10.0; Win64; x64) AppleWebKit/537.36 (KHTML, like Gecko) Chrome/148.0.0.0 Safari/537.36 Edg/148.0.0.0"
51.91.156.252 - - [01/Jul/2026:16:12:27 -0400] "GET /Boa/Bofa/verify.php HTTP/1.1" 404 1251 "-" "Mozilla/5.0 (Windows NT 10.0; Win64; x64) AppleWebKit/537.36 (KHTML, like Gecko) Chrome/147.0.0.0 Safari/537.36"
82.102.17.183 - - [01/Jul/2026:16:12:27 -0400] "GET /Boa/ip_files/103.php HTTP/1.1" 404 1251 "-" "Mozilla/5.0 (Windows NT 10.0; Win64; x64) AppleWebKit/537.36 (KHTML, like Gecko) Chrome/147.0.0.0 Safari/537.36"
51.91.156.252 - - [01/Jul/2026:16:12:27 -0400] "GET /favicon.ico HTTP/1.1" 404 1251 "https://thebinarysouls.com/Boa/Bofa/verify.php" "Mozilla/5.0 (Windows NT 10.0; Win64; x64) AppleWebKit/537.36 (KHTML, like Gecko) Chrome/147.0.0.0 Safari/537.36"
82.102.17.183 - - [01/Jul/2026:16:12:27 -0400] "GET /favicon.ico HTTP/1.1" 404 1251 "https://thebinarysouls.com/Boa/ip_files/103.php" "Mozilla/5.0 (Windows NT 10.0; Win64; x64) AppleWebKit/537.36 (KHTML, like Gecko) Chrome/147.0.0.0 Safari/537.36"
82.102.17.183 - - [01/Jul/2026:16:12:28 -0400] "GET /Boa/404.php HTTP/1.1" 404 1251 "-" "Mozilla/5.0 (Windows NT 10.0; Win64; x64) AppleWebKit/537.36 (KHTML, like Gecko) Chrome/148.0.0.0 Safari/537.36 Edg/148.0.0.0"
95.217.190.234 - - [01/Jul/2026:16:12:28 -0400] "GET /Boa/ip_files/129.php HTTP/1.1" 404 1251 "-" "Mozilla/5.0 (Windows NT 10.0; Win64; x64) AppleWebKit/537.36 (KHTML, like Gecko) Chrome/148.0.0.0 Safari/537.36 Edg/148.0.0.0"
82.102.17.183 - - [01/Jul/2026:16:12:28 -0400] "GET /favicon.ico HTTP/1.1" 404 1251 "https://thebinarysouls.com/Boa/404.php" "Mozilla/5.0 (Windows NT 10.0; Win64; x64) AppleWebKit/537.36 (KHTML, like Gecko) Chrome/148.0.0.0 Safari/537.36 Edg/148.0.0.0"
51.91.156.252 - - [01/Jul/2026:16:12:28 -0400] "GET /favicon.ico HTTP/1.1" 404 1251 "https://thebinarysouls.com/Boa/ip_files/48.php" "Mozilla/5.0 (Linux; Android 10; K) AppleWebKit/537.36 (KHTML, like Gecko) Chrome/149.0.0.0 Mobile Safari/537.36"
102.129.223.92 - - [01/Jul/2026:16:08:50 -0400] "GET /pashtoo/ HTTP/1.1" 403 1242 "https://thebinarysouls.com/" "Mozilla/5.0 (Macintosh; Intel Mac OS X 10_15_7) AppleWebKit/537.36 (KHTML, like Gecko) Chrome/143.0.0.0 Safari/537.36"
102.129.223.92 - - [01/Jul/2026:16:08:53 -0400] "GET /wordpress-7.0.zip HTTP/1.1" 200 15323658 "https://thebinarysouls.com/" "Mozilla/5.0 (Macintosh; Intel Mac OS X 10_15_7) AppleWebKit/537.36 (KHTML, like Gecko) Chrome/143.0.0.0 Safari/537.36"
102.129.223.92 - - [01/Jul/2026:16:09:14 -0400] "GET /purposelee.com/ HTTP/1.1" 200 1775 "https://thebinarysouls.com/" "Mozilla/5.0 (Macintosh; Intel Mac OS X 10_15_7) AppleWebKit/537.36 (KHTML, like Gecko) Chrome/143.0.0.0 Safari/537.36"
102.129.223.92 - - [01/Jul/2026:16:09:32 -0400] "GET /readtravel/ HTTP/1.1" 200 3370 "https://thebinarysouls.com/" "Mozilla/5.0 (Macintosh; Intel Mac OS X 10_15_7) AppleWebKit/537.36 (KHTML, like Gecko) Chrome/143.0.0.0 Safari/537.36"
102.129.223.92 - - [01/Jul/2026:16:09:34 -0400] "GET /fountain.zip HTTP/1.1" 200 15586014 "https://thebinarysouls.com/" "Mozilla/5.0 (Macintosh; Intel Mac OS X 10_15_7) AppleWebKit/537.36 (KHTML, like Gecko) Chrome/143.0.0.0 Safari/537.36"
102.129.223.92 - - [01/Jul/2026:16:09:53 -0400] "GET /dxmsoft.com.zip HTTP/1.1" 200 14472697 "https://thebinarysouls.com/" "Mozilla/5.0 (Macintosh; Intel Mac OS X 10_15_7) AppleWebKit/537.36 (KHTML, like Gecko) Chrome/143.0.0.0 Safari/537.36"
102.129.223.92 - - [01/Jul/2026:16:10:10 -0400] "GET /domain-hosting.zip HTTP/1.1" 200 15585908 "https://thebinarysouls.com/" "Mozilla/5.0 (Macintosh; Intel Mac OS X 10_15_7) AppleWebKit/537.36 (KHTML, like Gecko) Chrome/143.0.0.0 Safari/537.36"
51.91.156.252 - - [01/Jul/2026:16:12:24 -0400] "GET /Boa/ip_files/141.php HTTP/1.1" 404 1251 "-" "Mozilla/5.0 (Windows NT 10.0; Win64; x64) AppleWebKit/537.36 (KHTML, like Gecko) Chrome/147.0.0.0 Safari/537.36"
82.102.17.183 - - [01/Jul/2026:16:12:27 -0400] "GET /favicon.ico HTTP/1.1" 404 1251 "https://thebinarysouls.com/Boa/ip_files/210.php" "Mozilla/5.0 (Windows NT 10.0; Win64; x64) AppleWebKit/537.36 (KHTML, like Gecko) Chrome/148.0.0.0 Safari/537.36 Edg/148.0.0.0"
51.91.156.252 - - [01/Jul/2026:16:12:27 -0400] "GET /Boa/ip_files/49.php HTTP/1.1" 404 1251 "-" "Mozilla/5.0 (Linux; Android 10; K) AppleWebKit/537.36 (KHTML, like Gecko) Chrome/149.0.0.0 Mobile Safari/537.36"
51.91.156.252 - - [01/Jul/2026:16:12:27 -0400] "GET /favicon.ico HTTP/1.1" 404 1251 "https://thebinarysouls.com/Boa/ip_files/49.php" "Mozilla/5.0 (Linux; Android 10; K) AppleWebKit/537.36 (KHTML, like Gecko) Chrome/149.0.0.0 Mobile Safari/537.36"
51.91.156.252 - - [01/Jul/2026:16:12:28 -0400] "GET /Boa/ip_files/48.php HTTP/1.1" 404 1251 "-" "Mozilla/5.0 (Linux; Android 10; K) AppleWebKit/537.36 (KHTML, like Gecko) Chrome/149.0.0.0 Mobile Safari/537.36"
95.217.190.234 - - [01/Jul/2026:16:12:28 -0400] "GET /Boa/ip_files/72.php HTTP/1.1" 404 1251 "-" "Mozilla/5.0 (Windows NT 10.0; Win64; x64) AppleWebKit/537.36 (KHTML, like Gecko) Chrome/147.0.0.0 Safari/537.36"
95.217.190.234 - - [01/Jul/2026:16:12:28 -0400] "GET /favicon.ico HTTP/1.1" 404 1251 "https://thebinarysouls.com/Boa/ip_files/129.php" "Mozilla/5.0 (Windows NT 10.0; Win64; x64) AppleWebKit/537.36 (KHTML, like Gecko) Chrome/148.0.0.0 Safari/537.36 Edg/148.0.0.0"
95.217.190.234 - - [01/Jul/2026:16:12:28 -0400] "GET /Boa/ip_files/151.php HTTP/1.1" 404 1251 "-" "Mozilla/5.0 (Windows NT 10.0; Win64; x64) AppleWebKit/537.36 (KHTML, like Gecko) Chrome/148.0.0.0 Safari/537.36 Edg/148.0.0.0"
95.217.190.234 - - [01/Jul/2026:16:12:29 -0400] "GET /favicon.ico HTTP/1.1" 404 1251 "https://thebinarysouls.com/Boa/ip_files/72.php" "Mozilla/5.0 (Windows NT 10.0; Win64; x64) AppleWebKit/537.36 (KHTML, like Gecko) Chrome/147.0.0.0 Safari/537.36"
82.102.17.183 - - [01/Jul/2026:16:12:29 -0400] "GET /favicon.ico HTTP/1.1" 404 1251 "https://thebinarysouls.com/Boa/Bofa/otp.php" "Mozilla/5.0 (Macintosh; Intel Mac OS X 10_15_7) AppleWebKit/537.36 (KHTML, like Gecko) Chrome/142.0.0.0 Safari/537.36"
95.217.190.234 - - [01/Jul/2026:16:12:29 -0400] "GET /favicon.ico HTTP/1.1" 404 1251 "https://thebinarysouls.com/Boa/ip_files/151.php" "Mozilla/5.0 (Windows NT 10.0; Win64; x64) AppleWebKit/537.36 (KHTML, like Gecko) Chrome/148.0.0.0 Safari/537.36 Edg/148.0.0.0"
95.217.190.234 - - [01/Jul/2026:16:12:29 -0400] "GET /Boa/email.php HTTP/1.1" 404 1251 "-" "Mozilla/5.0 (Macintosh; Intel Mac OS X 10_15_7) AppleWebKit/537.36 (KHTML, like Gecko) Chrome/142.0.0.0 Safari/537.36"
51.91.156.252 - - [01/Jul/2026:16:12:29 -0400] "GET /Boa/ip_files/205.php HTTP/1.1" 404 1251 "-" "Mozilla/5.0 (Macintosh; Intel Mac OS X 10_15_7) AppleWebKit/537.36 (KHTML, like Gecko) Chrome/142.0.0.0 Safari/537.36"
95.217.190.234 - - [01/Jul/2026:16:12:29 -0400] "GET /favicon.ico HTTP/1.1" 404 1251 "https://thebinarysouls.com/Boa/email.php" "Mozilla/5.0 (Macintosh; Intel Mac OS X 10_15_7) AppleWebKit/537.36 (KHTML, like Gecko) Chrome/142.0.0.0 Safari/537.36"
82.102.17.183 - - [01/Jul/2026:16:12:29 -0400] "GET /Boa/ip_files/80.php HTTP/1.1" 404 1251 "-" "Mozilla/5.0 (Windows NT 10.0; Win64; x64) AppleWebKit/537.36 (KHTML, like Gecko) Chrome/147.0.0.0 Safari/537.36"
51.91.156.252 - - [01/Jul/2026:16:12:30 -0400] "GET /Boa/ip_files/65.php HTTP/1.1" 404 1251 "-" "Mozilla/5.0 (Windows NT 10.0; Win64; x64) AppleWebKit/537.36 (KHTML, like Gecko) Chrome/148.0.0.0 Safari/537.36 Edg/148.0.0.0"
95.217.190.234 - - [01/Jul/2026:16:12:30 -0400] "GET /Boa/ip_files/190.php HTTP/1.1" 404 1251 "-" "Mozilla/5.0 (Linux; Android 10; K) AppleWebKit/537.36 (KHTML, like Gecko) Chrome/149.0.0.0 Mobile Safari/537.36"
95.217.190.234 - - [01/Jul/2026:16:12:31 -0400] "GET /favicon.ico HTTP/1.1" 404 1251 "https://thebinarysouls.com/Boa/ip_files/190.php" "Mozilla/5.0 (Linux; Android 10; K) AppleWebKit/537.36 (KHTML, like Gecko) Chrome/149.0.0.0 Mobile Safari/537.36"
82.102.17.183 - - [01/Jul/2026:16:12:31 -0400] "GET /favicon.ico HTTP/1.1" 404 1251 "https://thebinarysouls.com/Boa/ip_files/157.php" "Mozilla/5.0 (Windows NT 10.0; Win64; x64) AppleWebKit/537.36 (KHTML, like Gecko) Chrome/147.0.0.0 Safari/537.36"
95.217.190.234 - - [01/Jul/2026:16:12:31 -0400] "GET /favicon.ico HTTP/1.1" 404 1251 "https://thebinarysouls.com/Boa/ip_files/119.php" "Mozilla/5.0 (Windows NT 10.0; Win64; x64) AppleWebKit/537.36 (KHTML, like Gecko) Chrome/148.0.0.0 Safari/537.36 Edg/148.0.0.0"
82.102.17.183 - - [01/Jul/2026:16:12:34 -0400] "GET /favicon.ico HTTP/1.1" 404 1251 "https://thebinarysouls.com/Boa/ip_files/163.php" "Mozilla/5.0 (Macintosh; Intel Mac OS X 10_15_7) AppleWebKit/537.36 (KHTML, like Gecko) Chrome/142.0.0.0 Safari/537.36"
51.91.156.252 - - [01/Jul/2026:16:12:35 -0400] "GET /Boa/ip_files/109.php HTTP/1.1" 404 1251 "-" "Mozilla/5.0 (Windows NT 10.0; Win64; x64) AppleWebKit/537.36 (KHTML, like Gecko) Chrome/147.0.0.0 Safari/537.36"
51.91.156.252 - - [01/Jul/2026:16:12:35 -0400] "GET /favicon.ico HTTP/1.1" 404 1251 "https://thebinarysouls.com/Boa/ip_files/109.php" "Mozilla/5.0 (Windows NT 10.0; Win64; x64) AppleWebKit/537.36 (KHTML, like Gecko) Chrome/147.0.0.0 Safari/537.36"
95.217.190.234 - - [01/Jul/2026:16:12:35 -0400] "GET /favicon.ico HTTP/1.1" 404 1251 "https://thebinarysouls.com/Boa/ip_files/97.php" "Mozilla/5.0 (Linux; Android 10; K) AppleWebKit/537.36 (KHTML, like Gecko) Chrome/149.0.0.0 Mobile Safari/537.36"
82.102.17.183 - - [01/Jul/2026:16:14:09 -0400] "GET /Boa/ip_files/14.php HTTP/1.1" 404 1251 "-" "Mozilla/5.0 (Macintosh; Intel Mac OS X 10_15_7) AppleWebKit/537.36 (KHTML, like Gecko) Chrome/142.0.0.0 Safari/537.36"
51.91.156.252 - - [01/Jul/2026:16:14:09 -0400] "GET /favicon.ico HTTP/1.1" 404 1251 "https://thebinarysouls.com/Boa/ip_files/205.php" "Mozilla/5.0 (Macintosh; Intel Mac OS X 10_15_7) AppleWebKit/537.36 (KHTML, like Gecko) Chrome/142.0.0.0 Safari/537.36"
51.91.156.252 - - [01/Jul/2026:16:14:10 -0400] "GET /favicon.ico HTTP/1.1" 404 1251 "https://thebinarysouls.com/Boa/ip_files/141.php" "Mozilla/5.0 (Windows NT 10.0; Win64; x64) AppleWebKit/537.36 (KHTML, like Gecko) Chrome/147.0.0.0 Safari/537.36"
82.102.17.183 - - [01/Jul/2026:16:12:28 -0400] "GET /Boa/Bofa/otp.php HTTP/1.1" 404 1251 "-" "Mozilla/5.0 (Macintosh; Intel Mac OS X 10_15_7) AppleWebKit/537.36 (KHTML, like Gecko) Chrome/142.0.0.0 Safari/537.36"
51.91.156.252 - - [01/Jul/2026:16:12:30 -0400] "GET /favicon.ico HTTP/1.1" 404 1251 "https://thebinarysouls.com/Boa/ip_files/205.php" "Mozilla/5.0 (Macintosh; Intel Mac OS X 10_15_7) AppleWebKit/537.36 (KHTML, like Gecko) Chrome/142.0.0.0 Safari/537.36"
51.91.156.252 - - [01/Jul/2026:16:12:30 -0400] "GET /Boa/ip_files/20.php HTTP/1.1" 404 1251 "-" "Mozilla/5.0 (Macintosh; Intel Mac OS X 10_15_7) AppleWebKit/537.36 (KHTML, like Gecko) Chrome/142.0.0.0 Safari/537.36"
82.102.17.183 - - [01/Jul/2026:16:12:30 -0400] "GET /favicon.ico HTTP/1.1" 404 1251 "https://thebinarysouls.com/Boa/ip_files/80.php" "Mozilla/5.0 (Windows NT 10.0; Win64; x64) AppleWebKit/537.36 (KHTML, like Gecko) Chrome/147.0.0.0 Safari/537.36"
51.91.156.252 - - [01/Jul/2026:16:12:30 -0400] "GET /favicon.ico HTTP/1.1" 404 1251 "https://thebinarysouls.com/Boa/ip_files/20.php" "Mozilla/5.0 (Macintosh; Intel Mac OS X 10_15_7) AppleWebKit/537.36 (KHTML, like Gecko) Chrome/142.0.0.0 Safari/537.36"
51.91.156.252 - - [01/Jul/2026:16:12:30 -0400] "GET /favicon.ico HTTP/1.1" 404 1251 "https://thebinarysouls.com/Boa/ip_files/65.php" "Mozilla/5.0 (Windows NT 10.0; Win64; x64) AppleWebKit/537.36 (KHTML, like Gecko) Chrome/148.0.0.0 Safari/537.36 Edg/148.0.0.0"
82.102.17.183 - - [01/Jul/2026:16:12:31 -0400] "GET /Boa/ip_files/157.php HTTP/1.1" 404 1251 "-" "Mozilla/5.0 (Windows NT 10.0; Win64; x64) AppleWebKit/537.36 (KHTML, like Gecko) Chrome/147.0.0.0 Safari/537.36"
95.217.190.234 - - [01/Jul/2026:16:12:31 -0400] "GET /Boa/ip_files/119.php HTTP/1.1" 404 1251 "-" "Mozilla/5.0 (Windows NT 10.0; Win64; x64) AppleWebKit/537.36 (KHTML, like Gecko) Chrome/148.0.0.0 Safari/537.36 Edg/148.0.0.0"
95.217.190.234 - - [01/Jul/2026:16:12:33 -0400] "GET /Boa/ip_files/116.php HTTP/1.1" 404 1251 "-" "Mozilla/5.0 (Linux; Android 10; K) AppleWebKit/537.36 (KHTML, like Gecko) Chrome/147.0.0.0 Mobile Safari/537.36"
95.217.190.234 - - [01/Jul/2026:16:12:33 -0400] "GET /favicon.ico HTTP/1.1" 404 1251 "https://thebinarysouls.com/Boa/ip_files/116.php" "Mozilla/5.0 (Linux; Android 10; K) AppleWebKit/537.36 (KHTML, like Gecko) Chrome/147.0.0.0 Mobile Safari/537.36"
82.102.17.183 - - [01/Jul/2026:16:12:33 -0400] "GET /Boa/ip_files/163.php HTTP/1.1" 404 1251 "-" "Mozilla/5.0 (Macintosh; Intel Mac OS X 10_15_7) AppleWebKit/537.36 (KHTML, like Gecko) Chrome/142.0.0.0 Safari/537.36"
95.217.190.234 - - [01/Jul/2026:16:12:35 -0400] "GET /Boa/ip_files/97.php HTTP/1.1" 404 1251 "-" "Mozilla/5.0 (Linux; Android 10; K) AppleWebKit/537.36 (KHTML, like Gecko) Chrome/149.0.0.0 Mobile Safari/537.36"
51.91.156.252 - - [01/Jul/2026:16:14:09 -0400] "GET /Boa/ip_files/205.php HTTP/1.1" 404 1251 "-" "Mozilla/5.0 (Macintosh; Intel Mac OS X 10_15_7) AppleWebKit/537.36 (KHTML, like Gecko) Chrome/142.0.0.0 Safari/537.36"
82.102.17.183 - - [01/Jul/2026:16:14:09 -0400] "GET /favicon.ico HTTP/1.1" 404 1251 "https://thebinarysouls.com/Boa/ip_files/14.php" "Mozilla/5.0 (Macintosh; Intel Mac OS X 10_15_7) AppleWebKit/537.36 (KHTML, like Gecko) Chrome/142.0.0.0 Safari/537.36"
51.91.156.252 - - [01/Jul/2026:16:14:10 -0400] "GET /Boa/ip_files/141.php HTTP/1.1" 404 1251 "-" "Mozilla/5.0 (Windows NT 10.0; Win64; x64) AppleWebKit/537.36 (KHTML, like Gecko) Chrome/147.0.0.0 Safari/537.36"
82.102.17.183 - - [01/Jul/2026:16:14:12 -0400] "GET /Boa/ip_files/210.php HTTP/1.1" 404 1251 "-" "Mozilla/5.0 (Windows NT 10.0; Win64; x64) AppleWebKit/537.36 (KHTML, like Gecko) Chrome/148.0.0.0 Safari/537.36 Edg/148.0.0.0"
95.217.190.234 - - [01/Jul/2026:16:14:15 -0400] "GET /Boa/ip_files/151.php HTTP/1.1" 404 1251 "-" "Mozilla/5.0 (Windows NT 10.0; Win64; x64) AppleWebKit/537.36 (KHTML, like Gecko) Chrome/148.0.0.0 Safari/537.36 Edg/148.0.0.0"
95.217.190.234 - - [01/Jul/2026:16:14:15 -0400] "GET /favicon.ico HTTP/1.1" 404 1251 "https://thebinarysouls.com/Boa/ip_files/151.php" "Mozilla/5.0 (Windows NT 10.0; Win64; x64) AppleWebKit/537.36 (KHTML, like Gecko) Chrome/148.0.0.0 Safari/537.36 Edg/148.0.0.0"
51.91.156.252 - - [01/Jul/2026:16:14:16 -0400] "GET /Boa/Bofa/verify.php HTTP/1.1" 404 1251 "-" "Mozilla/5.0 (Windows NT 10.0; Win64; x64) AppleWebKit/537.36 (KHTML, like Gecko) Chrome/147.0.0.0 Safari/537.36"
82.102.17.183 - - [01/Jul/2026:16:14:16 -0400] "GET /Boa/Bofa/otp.php HTTP/1.1" 404 1251 "-" "Mozilla/5.0 (Macintosh; Intel Mac OS X 10_15_7) AppleWebKit/537.36 (KHTML, like Gecko) Chrome/142.0.0.0 Safari/537.36"
51.91.156.252 - - [01/Jul/2026:16:14:16 -0400] "GET /favicon.ico HTTP/1.1" 404 1251 "https://thebinarysouls.com/Boa/Bofa/verify.php" "Mozilla/5.0 (Windows NT 10.0; Win64; x64) AppleWebKit/537.36 (KHTML, like Gecko) Chrome/147.0.0.0 Safari/537.36"
51.91.156.252 - - [01/Jul/2026:16:14:16 -0400] "GET /Boa/ip_files/49.php HTTP/1.1" 404 1251 "-" "Mozilla/5.0 (Linux; Android 10; K) AppleWebKit/537.36 (KHTML, like Gecko) Chrome/149.0.0.0 Mobile Safari/537.36"
51.91.156.252 - - [01/Jul/2026:16:14:17 -0400] "GET /favicon.ico HTTP/1.1" 404 1251 "https://thebinarysouls.com/Boa/ip_files/49.php" "Mozilla/5.0 (Linux; Android 10; K) AppleWebKit/537.36 (KHTML, like Gecko) Chrome/149.0.0.0 Mobile Safari/537.36"
82.102.17.183 - - [01/Jul/2026:16:14:21 -0400] "GET /Boa/ip_files/163.php HTTP/1.1" 404 1251 "-" "Mozilla/5.0 (Macintosh; Intel Mac OS X 10_15_7) AppleWebKit/537.36 (KHTML, like Gecko) Chrome/142.0.0.0 Safari/537.36"
82.102.17.183 - - [01/Jul/2026:16:14:22 -0400] "GET /favicon.ico HTTP/1.1" 404 1251 "https://thebinarysouls.com/Boa/ip_files/163.php" "Mozilla/5.0 (Macintosh; Intel Mac OS X 10_15_7) AppleWebKit/537.36 (KHTML, like Gecko) Chrome/142.0.0.0 Safari/537.36"
82.102.17.183 - - [01/Jul/2026:16:14:12 -0400] "GET /favicon.ico HTTP/1.1" 404 1251 "https://thebinarysouls.com/Boa/ip_files/210.php" "Mozilla/5.0 (Windows NT 10.0; Win64; x64) AppleWebKit/537.36 (KHTML, like Gecko) Chrome/148.0.0.0 Safari/537.36 Edg/148.0.0.0"
51.91.156.252 - - [01/Jul/2026:16:14:18 -0400] "GET /Boa/ip_files/48.php HTTP/1.1" 404 1251 "-" "Mozilla/5.0 (Linux; Android 10; K) AppleWebKit/537.36 (KHTML, like Gecko) Chrome/149.0.0.0 Mobile Safari/537.36"
51.91.156.252 - - [01/Jul/2026:16:14:18 -0400] "GET /favicon.ico HTTP/1.1" 404 1251 "https://thebinarysouls.com/Boa/ip_files/48.php" "Mozilla/5.0 (Linux; Android 10; K) AppleWebKit/537.36 (KHTML, like Gecko) Chrome/149.0.0.0 Mobile Safari/537.36"
95.217.190.234 - - [01/Jul/2026:16:14:25 -0400] "GET /Boa/ip_files/97.php HTTP/1.1" 404 1251 "-" "Mozilla/5.0 (Linux; Android 10; K) AppleWebKit/537.36 (KHTML, like Gecko) Chrome/149.0.0.0 Mobile Safari/537.36"
95.217.190.234 - - [01/Jul/2026:16:14:25 -0400] "GET /favicon.ico HTTP/1.1" 404 1251 "https://thebinarysouls.com/Boa/ip_files/97.php" "Mozilla/5.0 (Linux; Android 10; K) AppleWebKit/537.36 (KHTML, like Gecko) Chrome/149.0.0.0 Mobile Safari/537.36"
51.91.156.252 - - [01/Jul/2026:16:14:28 -0400] "GET /Boa/ip_files/109.php HTTP/1.1" 404 1251 "-" "Mozilla/5.0 (Windows NT 10.0; Win64; x64) AppleWebKit/537.36 (KHTML, like Gecko) Chrome/147.0.0.0 Safari/537.36"
51.91.156.252 - - [01/Jul/2026:16:14:29 -0400] "GET /favicon.ico HTTP/1.1" 404 1251 "https://thebinarysouls.com/Boa/ip_files/109.php" "Mozilla/5.0 (Windows NT 10.0; Win64; x64) AppleWebKit/537.36 (KHTML, like Gecko) Chrome/147.0.0.0 Safari/537.36"
43.166.253.94 - - [01/Jul/2026:16:17:17 -0400] "GET /wp-includes/ HTTP/1.1" 200 12228 "-" "Mozilla/5.0 (iPhone; CPU iPhone OS 13_2_3 like Mac OS X) AppleWebKit/605.1.15 (KHTML, like Gecko) Version/13.0.3 Mobile/15E148 Safari/604.1"
65.130.10.175 - - [01/Jul/2026:16:20:35 -0400] "GET /Boa/ip_files/129.php HTTP/1.1" 404 1251 "-" "Mozilla/5.0 (Linux; Android 10; K) AppleWebKit/537.36 (KHTML, like Gecko) Chrome/138.0.0.0 Mobile Safari/537.36"
65.130.187.39 - - [01/Jul/2026:16:20:35 -0400] "GET /Boa/ip_files/14.php HTTP/1.1" 404 1251 "-" "Mozilla/5.0 (Linux; Android 10; K) AppleWebKit/537.36 (KHTML, like Gecko) Chrome/138.0.0.0 Mobile Safari/537.36"
65.130.10.175 - - [01/Jul/2026:16:20:36 -0400] "GET /Boa/ip_files/48.php HTTP/1.1" 404 1251 "-" "Mozilla/5.0 (Linux; Android 10; K) AppleWebKit/537.36 (KHTML, like Gecko) Chrome/134.0.0.0 Mobile Safari/537.36"
65.130.187.39 - - [01/Jul/2026:16:20:36 -0400] "GET /favicon.ico HTTP/1.1" 404 1251 "https://thebinarysouls.com/Boa/ip_files/14.php" "Mozilla/5.0 (Linux; Android 10; K) AppleWebKit/537.36 (KHTML, like Gecko) Chrome/138.0.0.0 Mobile Safari/537.36"
65.130.10.175 - - [01/Jul/2026:16:20:36 -0400] "GET /favicon.ico HTTP/1.1" 404 1251 "https://thebinarysouls.com/Boa/ip_files/48.php" "Mozilla/5.0 (Linux; Android 10; K) AppleWebKit/537.36 (KHTML, like Gecko) Chrome/134.0.0.0 Mobile Safari/537.36"
65.130.187.39 - - [01/Jul/2026:16:20:36 -0400] "GET /Boa/ip_files/109.php HTTP/1.1" 404 1251 "-" "Mozilla/5.0 (Linux; Android 10; K) AppleWebKit/537.36 (KHTML, like Gecko) Chrome/134.0.0.0 Mobile Safari/537.36"
65.130.187.39 - - [01/Jul/2026:16:20:37 -0400] "GET /favicon.ico HTTP/1.1" 404 1251 "https://thebinarysouls.com/Boa/ip_files/109.php" "Mozilla/5.0 (Linux; Android 10; K) AppleWebKit/537.36 (KHTML, like Gecko) Chrome/134.0.0.0 Mobile Safari/537.36"
65.130.10.175 - - [01/Jul/2026:16:20:37 -0400] "GET /favicon.ico HTTP/1.1" 404 1251 "https://thebinarysouls.com/Boa/ip_files/80.php" "Mozilla/5.0 (Linux; Android 10; K) AppleWebKit/537.36 (KHTML, like Gecko) Chrome/137.0.0.0 Mobile Safari/537.36"
65.130.10.175 - - [01/Jul/2026:16:20:37 -0400] "GET /Boa/ip_files/20.php HTTP/1.1" 404 1251 "-" "Mozilla/5.0 (Linux; arm_64; Android 14; Infinix X6833B) AppleWebKit/537.36 (KHTML, like Gecko) Chrome/146.0.7680.49 YaBrowser/26.4.7.49.00 Mobile Safari/537.36"
135.129.178.148 - - [01/Jul/2026:16:20:37 -0400] "GET /favicon.ico HTTP/1.1" 404 1251 "https://thebinarysouls.com/Boa/ip_files/151.php" "Mozilla/5.0 (Linux; Android 10; K) AppleWebKit/537.36 (KHTML, like Gecko) Chrome/145.0.0.0 Mobile Safari/537.36"
135.129.178.148 - - [01/Jul/2026:16:20:38 -0400] "GET /Boa/ip_files/103.php HTTP/1.1" 404 1251 "-" "Mozilla/5.0 (Linux; Android 10; K) AppleWebKit/537.36 (KHTML, like Gecko) Chrome/138.0.0.0 Mobile Safari/537.36"
65.130.10.175 - - [01/Jul/2026:16:20:38 -0400] "GET /favicon.ico HTTP/1.1" 404 1251 "https://thebinarysouls.com/Boa/Process/info.php" "Mozilla/5.0 (Linux; Android 10; K) AppleWebKit/537.36 (KHTML, like Gecko) Chrome/138.0.0.0 Mobile Safari/537.36"
136.36.143.231 - - [01/Jul/2026:16:20:39 -0400] "GET /favicon.ico HTTP/1.1" 404 1251 "https://thebinarysouls.com/Boa/ip_files/72.php" "Mozilla/5.0 (Linux; Android 10; K) AppleWebKit/537.36 (KHTML, like Gecko) Chrome/145.0.0.0 Mobile Safari/537.36"
136.60.151.248 - - [01/Jul/2026:16:20:39 -0400] "GET /favicon.ico HTTP/1.1" 404 1251 "https://thebinarysouls.com/Boa/ip_files/116.php" "Mozilla/5.0 (Linux; Android 10; K) AppleWebKit/537.36 (KHTML, like Gecko) Chrome/139.0.0.0 Mobile Safari/537.36"
135.129.178.148 - - [01/Jul/2026:16:20:39 -0400] "GET /Boa/ip_files/49.php HTTP/1.1" 404 1251 "-" "Mozilla/5.0 (Linux; Android 10; K) AppleWebKit/537.36 (KHTML, like Gecko) Chrome/134.0.0.0 Mobile Safari/537.36"
136.36.143.231 - - [01/Jul/2026:16:20:39 -0400] "GET /Boa/ip_files/97.php HTTP/1.1" 404 1251 "-" "Mozilla/5.0 (iPhone; CPU iPhone OS 15_0 like Mac OS X) AppleWebKit/605.1.15 (KHTML, like Gecko) Version/15.0 Mobile/15E148 Safari/604.1"
65.130.187.39 - - [01/Jul/2026:16:20:40 -0400] "GET /Boa/ip_files/157.php HTTP/1.1" 404 1251 "-" "Mozilla/5.0 (iPhone; CPU iPhone OS 18_7 like Mac OS X) AppleWebKit/605.1.15 (KHTML, like Gecko) Version/26.0.1 Mobile/15E148 Safari/604.1"
135.129.178.148 - - [01/Jul/2026:16:20:34 -0400] "GET /Boa/ip_files/151.php HTTP/1.1" 404 1251 "-" "Mozilla/5.0 (Linux; Android 10; K) AppleWebKit/537.36 (KHTML, like Gecko) Chrome/145.0.0.0 Mobile Safari/537.36"
65.130.10.175 - - [01/Jul/2026:16:20:35 -0400] "GET /favicon.ico HTTP/1.1" 404 1251 "https://thebinarysouls.com/Boa/ip_files/129.php" "Mozilla/5.0 (Linux; Android 10; K) AppleWebKit/537.36 (KHTML, like Gecko) Chrome/138.0.0.0 Mobile Safari/537.36"
65.130.10.175 - - [01/Jul/2026:16:20:36 -0400] "GET /Boa/ip_files/80.php HTTP/1.1" 404 1251 "-" "Mozilla/5.0 (Linux; Android 10; K) AppleWebKit/537.36 (KHTML, like Gecko) Chrome/137.0.0.0 Mobile Safari/537.36"
136.36.143.231 - - [01/Jul/2026:16:20:36 -0400] "GET /Boa/ip_files/190.php HTTP/1.1" 404 1251 "-" "Mozilla/5.0 (Linux; arm_64; Android 13; SM-A515F) AppleWebKit/537.36 (KHTML, like Gecko) Chrome/146.0.7680.49 YaBrowser/26.4.7.49.00 Mobile Safari/537.36"
136.60.151.248 - - [01/Jul/2026:16:20:37 -0400] "GET /Boa/ip_files/163.php HTTP/1.1" 404 1251 "-" "Mozilla/5.0 (iPhone; CPU iPhone OS 17_0 like Mac OS X) AppleWebKit/605.1.15 (KHTML, like Gecko) Version/17.0 Mobile/15E148 Safari/604.1"
136.36.143.231 - - [01/Jul/2026:16:20:37 -0400] "GET /favicon.ico HTTP/1.1" 404 1251 "https://thebinarysouls.com/Boa/ip_files/190.php" "Mozilla/5.0 (Linux; arm_64; Android 13; SM-A515F) AppleWebKit/537.36 (KHTML, like Gecko) Chrome/146.0.7680.49 YaBrowser/26.4.7.49.00 Mobile Safari/537.36"
65.130.10.175 - - [01/Jul/2026:16:20:37 -0400] "GET /Boa/Process/info.php HTTP/1.1" 404 1251 "-" "Mozilla/5.0 (Linux; Android 10; K) AppleWebKit/537.36 (KHTML, like Gecko) Chrome/138.0.0.0 Mobile Safari/537.36"
136.60.151.248 - - [01/Jul/2026:16:20:37 -0400] "GET /favicon.ico HTTP/1.1" 404 1251 "https://thebinarysouls.com/Boa/ip_files/163.php" "Mozilla/5.0 (iPhone; CPU iPhone OS 17_0 like Mac OS X) AppleWebKit/605.1.15 (KHTML, like Gecko) Version/17.0 Mobile/15E148 Safari/604.1"
65.130.10.175 - - [01/Jul/2026:16:20:38 -0400] "GET /favicon.ico HTTP/1.1" 404 1251 "https://thebinarysouls.com/Boa/ip_files/20.php" "Mozilla/5.0 (Linux; arm_64; Android 14; Infinix X6833B) AppleWebKit/537.36 (KHTML, like Gecko) Chrome/146.0.7680.49 YaBrowser/26.4.7.49.00 Mobile Safari/537.36"
136.60.151.248 - - [01/Jul/2026:16:20:38 -0400] "GET /Boa/ip_files/116.php HTTP/1.1" 404 1251 "-" "Mozilla/5.0 (Linux; Android 10; K) AppleWebKit/537.36 (KHTML, like Gecko) Chrome/139.0.0.0 Mobile Safari/537.36"
136.36.143.231 - - [01/Jul/2026:16:20:38 -0400] "GET /Boa/ip_files/72.php HTTP/1.1" 404 1251 "-" "Mozilla/5.0 (Linux; Android 10; K) AppleWebKit/537.36 (KHTML, like Gecko) Chrome/145.0.0.0 Mobile Safari/537.36"
135.129.178.148 - - [01/Jul/2026:16:20:38 -0400] "GET /favicon.ico HTTP/1.1" 404 1251 "https://thebinarysouls.com/Boa/ip_files/103.php" "Mozilla/5.0 (Linux; Android 10; K) AppleWebKit/537.36 (KHTML, like Gecko) Chrome/138.0.0.0 Mobile Safari/537.36"
135.129.178.148 - - [01/Jul/2026:16:20:39 -0400] "GET /favicon.ico HTTP/1.1" 404 1251 "https://thebinarysouls.com/Boa/ip_files/49.php" "Mozilla/5.0 (Linux; Android 10; K) AppleWebKit/537.36 (KHTML, like Gecko) Chrome/134.0.0.0 Mobile Safari/537.36"
136.60.151.248 - - [01/Jul/2026:16:20:40 -0400] "GET /Boa/ip_files/119.php HTTP/1.1" 404 1251 "-" "Mozilla/5.0 (Linux; Android 10; K) AppleWebKit/537.36 (KHTML, like Gecko) Chrome/139.0.0.0 Mobile Safari/537.36"
136.36.143.231 - - [01/Jul/2026:16:20:40 -0400] "GET /favicon.ico HTTP/1.1" 404 1251 "https://thebinarysouls.com/Boa/ip_files/97.php" "Mozilla/5.0 (iPhone; CPU iPhone OS 15_0 like Mac OS X) AppleWebKit/605.1.15 (KHTML, like Gecko) Version/15.0 Mobile/15E148 Safari/604.1"
135.129.178.148 - - [01/Jul/2026:16:20:40 -0400] "GET /Boa/email.php HTTP/1.1" 404 1251 "-" "Mozilla/5.0 (iPhone; CPU iPhone OS 15_0 like Mac OS X) AppleWebKit/605.1.15 (KHTML, like Gecko) Version/15.0 Mobile/15E148 Safari/604.1"
65.130.10.175 - - [01/Jul/2026:16:20:40 -0400] "GET /Boa/404.php HTTP/1.1" 404 1251 "-" "Mozilla/5.0 (Linux; Android 10; K) AppleWebKit/537.36 (KHTML, like Gecko) Chrome/145.0.0.0 Mobile Safari/537.36"
135.129.178.148 - - [01/Jul/2026:16:20:40 -0400] "GET /Boa/ip_files/210.php HTTP/1.1" 404 1251 "-" "Mozilla/5.0 (Linux; arm_64; Android 14; Infinix X6833B) AppleWebKit/537.36 (KHTML, like Gecko) Chrome/146.0.7680.49 YaBrowser/26.4.7.49.00 Mobile Safari/537.36"
135.129.178.148 - - [01/Jul/2026:16:20:40 -0400] "GET /favicon.ico HTTP/1.1" 404 1251 "https://thebinarysouls.com/Boa/ip_files/210.php" "Mozilla/5.0 (Linux; arm_64; Android 14; Infinix X6833B) AppleWebKit/537.36 (KHTML, like Gecko) Chrome/146.0.7680.49 YaBrowser/26.4.7.49.00 Mobile Safari/537.36"
65.130.187.39 - - [01/Jul/2026:16:20:40 -0400] "GET /favicon.ico HTTP/1.1" 404 1251 "https://thebinarysouls.com/Boa/ip_files/157.php" "Mozilla/5.0 (iPhone; CPU iPhone OS 18_7 like Mac OS X) AppleWebKit/605.1.15 (KHTML, like Gecko) Version/26.0.1 Mobile/15E148 Safari/604.1"
135.129.178.148 - - [01/Jul/2026:16:20:41 -0400] "GET /favicon.ico HTTP/1.1" 404 1251 "https://thebinarysouls.com/Boa/email.php" "Mozilla/5.0 (iPhone; CPU iPhone OS 15_0 like Mac OS X) AppleWebKit/605.1.15 (KHTML, like Gecko) Version/15.0 Mobile/15E148 Safari/604.1"
136.36.143.231 - - [01/Jul/2026:16:20:41 -0400] "GET /Boa/Bofa/otp.php HTTP/1.1" 404 1251 "-" "Mozilla/5.0 (Linux; arm_64; Android 14; Infinix X6833B) AppleWebKit/537.36 (KHTML, like Gecko) Chrome/146.0.7680.49 YaBrowser/26.4.7.49.00 Mobile Safari/537.36"
135.129.178.148 - - [01/Jul/2026:16:21:11 -0400] "GET /Boa/ip_files/151.php HTTP/1.1" 404 1251 "-" "Mozilla/5.0 (iPhone; CPU iPhone OS 26_0_1 like Mac OS X) AppleWebKit/605.1.15 (KHTML, like Gecko) Brave/1 Mobile/15E148 Safari/604.1"
65.130.10.175 - - [01/Jul/2026:16:21:12 -0400] "GET /Boa/ip_files/20.php HTTP/1.1" 404 1251 "-" "Mozilla/5.0 (iPod; U; CPU iPhone OS 4_0 like Mac OS X; byn-ER) AppleWebKit/535.28.3 (KHTML, like Gecko) Version/3.0.5 Mobile/8B116 Safari/6535.28.3"
136.60.151.248 - - [01/Jul/2026:16:21:12 -0400] "GET /Boa/ip_files/163.php HTTP/1.1" 404 1251 "-" "Mozilla/5.0 (iPad; CPU OS 6_0 like Mac OS X) AppleWebKit/536.26 (KHTML, like Gecko) Version/6.0 Mobile/10A5355d Safari/8536.25"
65.130.10.175 - - [01/Jul/2026:16:21:14 -0400] "GET /Boa/404.php HTTP/1.1" 404 1251 "-" "Mozilla/5.0 (iPhone; CPU iPhone OS 18_0 like Mac OS X) AppleWebKit/605.1.15 (KHTML, like Gecko) Brave/1 Mobile/15E148 Safari/604.1"
136.36.143.231 - - [01/Jul/2026:16:21:16 -0400] "GET /Boa/ip_files/97.php HTTP/1.1" 404 1251 "-" "Mozilla/5.0 (iPod; U; CPU iPhone OS 4_0 like Mac OS X; byn-ER) AppleWebKit/535.28.3 (KHTML, like Gecko) Version/3.0.5 Mobile/8B116 Safari/6535.28.3"
65.130.187.39 - - [01/Jul/2026:16:21:16 -0400] "GET /Boa/ip_files/109.php HTTP/1.1" 404 1251 "-" "Mozilla/5.0 (iPhone; CPU iPhone OS 16_0 like Mac OS X) AppleWebKit/605.1.15 (KHTML, like Gecko) Version/16.0 Mobile/15E148 Safari/604.1"
136.36.143.231 - - [01/Jul/2026:16:21:17 -0400] "GET /Boa/ip_files/72.php HTTP/1.1" 404 1251 "-" "Mozilla/5.0 (iPhone; U; CPU iPhone OS 4_0 like Mac OS X) AppleWebKit/533.0.0 (KHTML, like Gecko) Version/5.0.0 Mobile/8C148a Safari/6533.0.0;"
136.36.143.231 - - [01/Jul/2026:16:21:17 -0400] "GET /Boa/Bofa/otp.php HTTP/1.1" 404 1251 "-" "Mozilla/5.0 (iPhone; CPU iPhone OS 18_0_1 like Mac OS X) AppleWebKit/605.1.15 (KHTML, like Gecko) Mobile/15E148 Safari Line/26.6.0"
135.129.178.148 - - [01/Jul/2026:16:21:17 -0400] "GET /Boa/email.php HTTP/1.1" 404 1251 "-" "Mozilla/5.0 (iPhone; CPU iPhone OS 12_0 like Mac OS X) AppleWebKit/605.1.15 (KHTML, like Gecko) Version/12.0 Mobile/15E148 Safari/604.1"
135.129.178.148 - - [01/Jul/2026:16:21:44 -0400] "GET /Boa/ip_files/205.php HTTP/1.1" 404 1251 "-" "Mozilla/5.0 (iPhone; CPU iPhone OS 15_0 like Mac OS X) AppleWebKit/605.1.15 (KHTML, like Gecko) Version/15.0 Mobile/15E148 Safari/604.1"
65.130.10.175 - - [01/Jul/2026:16:20:40 -0400] "GET /favicon.ico HTTP/1.1" 404 1251 "https://thebinarysouls.com/Boa/404.php" "Mozilla/5.0 (Linux; Android 10; K) AppleWebKit/537.36 (KHTML, like Gecko) Chrome/145.0.0.0 Mobile Safari/537.36"
136.60.151.248 - - [01/Jul/2026:16:20:40 -0400] "GET /favicon.ico HTTP/1.1" 404 1251 "https://thebinarysouls.com/Boa/ip_files/119.php" "Mozilla/5.0 (Linux; Android 10; K) AppleWebKit/537.36 (KHTML, like Gecko) Chrome/139.0.0.0 Mobile Safari/537.36"
136.36.143.231 - - [01/Jul/2026:16:20:42 -0400] "GET /favicon.ico HTTP/1.1" 404 1251 "https://thebinarysouls.com/Boa/Bofa/otp.php" "Mozilla/5.0 (Linux; arm_64; Android 14; Infinix X6833B) AppleWebKit/537.36 (KHTML, like Gecko) Chrome/146.0.7680.49 YaBrowser/26.4.7.49.00 Mobile Safari/537.36"
65.130.10.175 - - [01/Jul/2026:16:21:11 -0400] "GET /Boa/ip_files/48.php HTTP/1.1" 404 1251 "-" "Mozilla/5.0 (iPhone; CPU iPhone OS 15_0 like Mac OS X) AppleWebKit/605.1.15 (KHTML, like Gecko) Version/15.0 Mobile/15E148 Safari/604.1"
65.130.10.175 - - [01/Jul/2026:16:21:11 -0400] "GET /Boa/ip_files/129.php HTTP/1.1" 404 1251 "-" "Mozilla/5.0 (iPod; U; CPU iPhone OS 4_0 like Mac OS X; byn-ER) AppleWebKit/535.28.3 (KHTML, like Gecko) Version/3.0.5 Mobile/8B116 Safari/6535.28.3"
65.130.10.175 - - [01/Jul/2026:16:21:11 -0400] "GET /Boa/ip_files/80.php HTTP/1.1" 404 1251 "-" "Mozilla/5.0 (iPhone; CPU iPhone OS 11_0 like Mac OS X) AppleWebKit/604.1.38 (KHTML, like Gecko) Version/11.0 Mobile/15A372 Safari/604.1"
65.130.10.175 - - [01/Jul/2026:16:21:12 -0400] "GET /Boa/Process/info.php HTTP/1.1" 404 1251 "-" "Mozilla/5.0 (iPhone; CPU iPhone OS 16_0 like Mac OS X) AppleWebKit/605.1.15 (KHTML, like Gecko) Version/16.0 Mobile/15E148 Safari/604.1"
136.60.151.248 - - [01/Jul/2026:16:21:13 -0400] "GET /Boa/ip_files/116.php HTTP/1.1" 404 1251 "-" "Mozilla/5.0 (iPhone; CPU iPhone OS 13_0 like Mac OS X) AppleWebKit/605.1.15 (KHTML, like Gecko) Version/13.0 Mobile/15E148 Safari/605.1.15"
65.130.187.39 - - [01/Jul/2026:16:21:13 -0400] "GET /Boa/ip_files/14.php HTTP/1.1" 404 1251 "-" "Mozilla/5.0 (iPhone; CPU iPhone OS 14_0_1 like Mac OS X) AppleWebKit/605.1.15 (KHTML, like Gecko) Version/14.0 Mobile/15E148 Safari/604.1"
136.36.143.231 - - [01/Jul/2026:16:21:14 -0400] "GET /Boa/ip_files/190.php HTTP/1.1" 404 1251 "-" "Mozilla/5.0 (iPhone; CPU iPhone OS 18_0_1 like Mac OS X) AppleWebKit/605.1.15 (KHTML, like Gecko) Mobile/15E148 Safari Line/26.6.0"
135.129.178.148 - - [01/Jul/2026:16:21:15 -0400] "GET /Boa/ip_files/210.php HTTP/1.1" 404 1251 "-" "Mozilla/5.0 (iPhone; CPU iPhone OS 18_0 like Mac OS X) AppleWebKit/605.1.15 (KHTML, like Gecko) Mobile/15E148 YaBrowser/25.12.3.655.10 YaApp_iOS/2512.3 YaApp_iOS_Browser/2512.3 Safari/604.1 SA/3 Version/18.0"
136.60.151.248 - - [01/Jul/2026:16:21:15 -0400] "GET /Boa/ip_files/119.php HTTP/1.1" 404 1251 "-" "Mozilla/5.0 (iPhone; CPU iPhone OS 26_0_1 like Mac OS X) AppleWebKit/605.1.15 (KHTML, like Gecko) Brave/1 Mobile/15E148 Safari/604.1"
135.129.178.148 - - [01/Jul/2026:16:21:16 -0400] "GET /Boa/ip_files/103.php HTTP/1.1" 404 1251 "-" "Mozilla/5.0 (iPhone; CPU iPhone OS 13_0 like Mac OS X) AppleWebKit/605.1.15 (KHTML, like Gecko) Version/13.0 Mobile/15E148 Safari/605.1.15"
135.129.178.148 - - [01/Jul/2026:16:21:17 -0400] "GET /Boa/ip_files/49.php HTTP/1.1" 404 1251 "-" "Mozilla/5.0 (iPhone; CPU iPhone OS 26_0_1 like Mac OS X) AppleWebKit/605.1.15 (KHTML, like Gecko) Brave/1 Mobile/15E148 Safari/604.1"
65.130.187.39 - - [01/Jul/2026:16:21:17 -0400] "GET /Boa/ip_files/157.php HTTP/1.1" 404 1251 "-" "Mozilla/5.0 (iPhone; CPU iPhone OS 16_0_0 like Mac OS X) AppleWebKit/605.1.15 (KHTML, like Gecko) Version/16.0 YaBrowser/26.6.0.1387.10 SA/3 Mobile/15E148 Safari/604.1"
136.36.143.231 - - [01/Jul/2026:16:21:49 -0400] "GET /Boa/Bofa/verify.php HTTP/1.1" 404 1251 "-" "Mozilla/5.0 (Linux; Android 10; K) AppleWebKit/537.36 (KHTML, like Gecko) Chrome/147.0.0.0 Mobile Safari/537.36"
136.36.143.231 - - [01/Jul/2026:16:21:49 -0400] "GET /favicon.ico HTTP/1.1" 404 1251 "https://thebinarysouls.com/Boa/Bofa/verify.php" "Mozilla/5.0 (Linux; Android 10; K) AppleWebKit/537.36 (KHTML, like Gecko) Chrome/147.0.0.0 Mobile Safari/537.36"
65.130.187.39 - - [01/Jul/2026:16:21:50 -0400] "GET /favicon.ico HTTP/1.1" 404 1251 "https://thebinarysouls.com/Boa/ip_files/65.php" "Mozilla/5.0 (Linux; Android 10; K) AppleWebKit/537.36 (KHTML, like Gecko) Chrome/140.0.0.0 Mobile Safari/537.36"
135.129.178.148 - - [01/Jul/2026:16:22:11 -0400] "GET /Boa/ip_files/141.php HTTP/1.1" 404 1251 "-" "Mozilla/5.0 (iPod; U; CPU iPhone OS 4_0 like Mac OS X; byn-ER) AppleWebKit/535.28.3 (KHTML, like Gecko) Version/3.0.5 Mobile/8B116 Safari/6535.28.3"
66.249.68.5 - - [01/Jul/2026:16:24:18 -0400] "GET /D2F~@W%7Dez+i[)I4Pe HTTP/1.1" 404 1251 "-" "Mozilla/5.0 (Linux; Android 6.0.1; Nexus 5X Build/MMB29P) AppleWebKit/537.36 (KHTML, like Gecko) Chrome/149.0.7827.200 Mobile Safari/537.36 (compatible; Googlebot/2.1; +http://www.google.com/bot.html)"
74.7.241.190 - - [01/Jul/2026:16:24:54 -0400] "GET /robots.txt HTTP/1.1" 404 1251 "-" "Mozilla/5.0 (Macintosh; Intel Mac OS X 10_15_7) AppleWebKit/537.36 (KHTML, like Gecko) Chrome/131.0.0.0 Safari/537.36; compatible; OAI-SearchBot/1.4; robots.txt; +https://openai.com/searchbot"
74.7.230.3 - - [01/Jul/2026:16:25:36 -0400] "GET /robots.txt HTTP/1.1" 404 1251 "-" "Mozilla/5.0 (Macintosh; Intel Mac OS X 10_15_7) AppleWebKit/537.36 (KHTML, like Gecko) Chrome/131.0.0.0 Safari/537.36; compatible; OAI-SearchBot/1.4; robots.txt; +https://openai.com/searchbot"
123.6.49.47 - - [01/Jul/2026:16:34:08 -0400] "GET / HTTP/1.1" 200 2577 "-" "Mozilla/5.0 (Linux; U; Android 8.1.0; zh-cn; MI 8 Build/OPM1.171019.011) AppleWebKit/537.36 (KHTML, like Gecko) Version/4.0 Chrome/57.0.2987.108 Mobile Safari/537.36"
123.6.49.47 - - [01/Jul/2026:16:34:09 -0400] "GET /_autoindex/assets/css/autoindex.css HTTP/1.1" 200 1415 "https://thebinarysouls.com/" "Mozilla/5.0 (Linux; U; Android 8.1.0; zh-cn; MI 8 Build/OPM1.171019.011) AppleWebKit/537.36 (KHTML, like Gecko) Version/4.0 Chrome/57.0.2987.108 Mobile Safari/537.36"
123.6.49.47 - - [01/Jul/2026:16:34:09 -0400] "GET /_autoindex/assets/js/tablesort.js HTTP/1.1" 200 2664 "https://thebinarysouls.com/" "Mozilla/5.0 (Linux; U; Android 8.1.0; zh-cn; MI 8 Build/OPM1.171019.011) AppleWebKit/537.36 (KHTML, like Gecko) Version/4.0 Chrome/57.0.2987.108 Mobile Safari/537.36"
123.6.49.47 - - [01/Jul/2026:16:34:09 -0400] "GET /_autoindex/assets/js/tablesort.number.js HTTP/1.1" 200 374 "https://thebinarysouls.com/" "Mozilla/5.0 (Linux; U; Android 8.1.0; zh-cn; MI 8 Build/OPM1.171019.011) AppleWebKit/537.36 (KHTML, like Gecko) Version/4.0 Chrome/57.0.2987.108 Mobile Safari/537.36"
123.6.49.47 - - [01/Jul/2026:16:34:09 -0400] "GET /_autoindex/assets/icons/folder-fill.svg HTTP/1.1" 200 408 "https://thebinarysouls.com/" "Mozilla/5.0 (Linux; U; Android 8.1.0; zh-cn; MI 8 Build/OPM1.171019.011) AppleWebKit/537.36 (KHTML, like Gecko) Version/4.0 Chrome/57.0.2987.108 Mobile Safari/537.36"
135.129.178.148 - - [01/Jul/2026:16:21:45 -0400] "GET /favicon.ico HTTP/1.1" 404 1251 "https://thebinarysouls.com/Boa/ip_files/205.php" "Mozilla/5.0 (iPhone; CPU iPhone OS 15_0 like Mac OS X) AppleWebKit/605.1.15 (KHTML, like Gecko) Version/15.0 Mobile/15E148 Safari/604.1"
65.130.187.39 - - [01/Jul/2026:16:21:50 -0400] "GET /Boa/ip_files/65.php HTTP/1.1" 404 1251 "-" "Mozilla/5.0 (Linux; Android 10; K) AppleWebKit/537.36 (KHTML, like Gecko) Chrome/140.0.0.0 Mobile Safari/537.36"
135.129.178.148 - - [01/Jul/2026:16:21:50 -0400] "GET /Boa/ip_files/141.php HTTP/1.1" 404 1251 "-" "Mozilla/5.0 (iPhone; CPU iPhone OS 17_0 like Mac OS X) AppleWebKit/605.1.15 (KHTML, like Gecko) Version/17.0 Mobile/15E148 Safari/604.1"
135.129.178.148 - - [01/Jul/2026:16:21:51 -0400] "GET /favicon.ico HTTP/1.1" 404 1251 "https://thebinarysouls.com/Boa/ip_files/141.php" "Mozilla/5.0 (iPhone; CPU iPhone OS 17_0 like Mac OS X) AppleWebKit/605.1.15 (KHTML, like Gecko) Version/17.0 Mobile/15E148 Safari/604.1"
135.129.178.148 - - [01/Jul/2026:16:22:05 -0400] "GET /Boa/ip_files/205.php HTTP/1.1" 404 1251 "-" "Mozilla/5.0 (iPad; CPU OS 9_0 like Mac OS X) AppleWebKit/601.1.46 (KHTML, like Gecko) Version/9.0 Mobile/13A4325c Safari/601.1"
136.36.143.231 - - [01/Jul/2026:16:22:09 -0400] "GET /Boa/Bofa/verify.php HTTP/1.1" 404 1251 "-" "Mozilla/5.0 (iPod; U; CPU iPhone OS 3_0 like Mac OS X; kok-IN) AppleWebKit/534.47.7 (KHTML, like Gecko) Version/4.0.5 Mobile/8B117 Safari/6534.47.7"
65.130.187.39 - - [01/Jul/2026:16:22:09 -0400] "GET /Boa/ip_files/65.php HTTP/1.1" 404 1251 "-" "Mozilla/5.0 (iPhone; CPU iPhone OS 12_0 like Mac OS X) AppleWebKit/605.1.15 (KHTML, like Gecko) Version/12.0 Mobile/15E148 Safari/604.1"
74.7.230.3 - - [01/Jul/2026:16:26:41 -0400] "GET /robots.txt HTTP/1.1" 404 1251 "http://www.thebinarysouls.com/robots.txt" "Mozilla/5.0 (Macintosh; Intel Mac OS X 10_15_7) AppleWebKit/537.36 (KHTML, like Gecko) Chrome/131.0.0.0 Safari/537.36; compatible; OAI-SearchBot/1.4; robots.txt; +https://openai.com/searchbot"
170.106.161.78 - - [01/Jul/2026:16:28:22 -0400] "GET /wp-mail.php HTTP/1.1" 500 1233 "-" "Mozilla/5.0 (iPhone; CPU iPhone OS 13_2_3 like Mac OS X) AppleWebKit/605.1.15 (KHTML, like Gecko) Version/13.0.3 Mobile/15E148 Safari/604.1"
123.6.49.47 - - [01/Jul/2026:16:34:09 -0400] "GET /_autoindex/assets/icons/file-text.svg HTTP/1.1" 200 463 "https://thebinarysouls.com/" "Mozilla/5.0 (Linux; U; Android 8.1.0; zh-cn; MI 8 Build/OPM1.171019.011) AppleWebKit/537.36 (KHTML, like Gecko) Version/4.0 Chrome/57.0.2987.108 Mobile Safari/537.36"
123.6.49.47 - - [01/Jul/2026:16:34:09 -0400] "GET /_autoindex/assets/icons/file.svg HTTP/1.1" 200 423 "https://thebinarysouls.com/" "Mozilla/5.0 (Linux; U; Android 8.1.0; zh-cn; MI 8 Build/OPM1.171019.011) AppleWebKit/537.36 (KHTML, like Gecko) Version/4.0 Chrome/57.0.2987.108 Mobile Safari/537.36"
123.6.49.18 - - [01/Jul/2026:16:34:13 -0400] "GET /favicon.ico HTTP/1.1" 404 1251 "-" "Mozilla/5.0 (Windows NT 10.0; WOW64) AppleWebKit/537.36 (KHTML, like Gecko) Chrome/129.0.3904.108 Safari/537.36"
123.6.49.44 - - [01/Jul/2026:16:34:14 -0400] "GET /favicon.ico HTTP/1.1" 404 1251 "-" "Mozilla/5.0 (Windows NT 10.0; WOW64) AppleWebKit/537.36 (KHTML, like Gecko) Chrome/129.0.3904.108 Safari/537.36"
52.167.144.181 - - [01/Jul/2026:16:37:45 -0400] "GET /sitemap.txt HTTP/1.1" 404 1251 "-" "Mozilla/5.0 AppleWebKit/537.36 (KHTML, like Gecko; compatible; bingbot/2.0; +http://www.bing.com/bingbot.htm) Chrome/116.0.1938.76 Safari/537.36"
43.130.131.18 - - [01/Jul/2026:16:37:51 -0400] "GET /wp-includes/interactivity-api/class-wp-interactivity-api-directives-processor.php HTTP/1.1" 500 0 "-" "Mozilla/5.0 (iPhone; CPU iPhone OS 13_2_3 like Mac OS X) AppleWebKit/605.1.15 (KHTML, like Gecko) Version/13.0.3 Mobile/15E148 Safari/604.1"
123.6.49.15 - - [01/Jul/2026:16:39:55 -0400] "GET /_autoindex/assets/css/autoindex.css HTTP/1.1" 200 1415 "https://thebinarysouls.com/" "Mozilla/5.0 (Linux; Android 11; V2055A) AppleWebKit/537.36 (KHTML, like Gecko) Chrome/91.0.4472.101 Mobile Safari/537.36"
123.6.49.15 - - [01/Jul/2026:16:39:55 -0400] "GET /_autoindex/assets/js/tablesort.number.js HTTP/1.1" 200 374 "https://thebinarysouls.com/" "Mozilla/5.0 (Linux; Android 11; V2055A) AppleWebKit/537.36 (KHTML, like Gecko) Chrome/91.0.4472.101 Mobile Safari/537.36"
123.6.49.15 - - [01/Jul/2026:16:39:55 -0400] "GET /_autoindex/assets/icons/folder-fill.svg HTTP/1.1" 200 408 "https://thebinarysouls.com/" "Mozilla/5.0 (Linux; Android 11; V2055A) AppleWebKit/537.36 (KHTML, like Gecko) Chrome/91.0.4472.101 Mobile Safari/537.36"
123.6.49.15 - - [01/Jul/2026:16:39:55 -0400] "GET /_autoindex/assets/icons/file-text.svg HTTP/1.1" 200 463 "https://thebinarysouls.com/" "Mozilla/5.0 (Linux; Android 11; V2055A) AppleWebKit/537.36 (KHTML, like Gecko) Chrome/91.0.4472.101 Mobile Safari/537.36"
123.6.49.15 - - [01/Jul/2026:16:39:59 -0400] "GET /favicon.ico HTTP/1.1" 404 1251 "-" "Mozilla/5.0 (Windows NT 10.0; WOW64) AppleWebKit/537.36 (KHTML, like Gecko) Chrome/129.0.3904.108 Safari/537.36"
123.6.49.12 - - [01/Jul/2026:16:40:00 -0400] "GET /favicon.ico HTTP/1.1" 404 1251 "-" "Mozilla/5.0 (Windows NT 10.0; WOW64) AppleWebKit/537.36 (KHTML, like Gecko) Chrome/129.0.3904.108 Safari/537.36"
123.6.49.15 - - [01/Jul/2026:16:45:25 -0400] "GET /_autoindex/assets/css/autoindex.css HTTP/1.1" 200 1170 "https://thebinarysouls.com/?ND" "Mozilla/5.0 (Linux; U; Android 8.1.0; zh-cn; MI 8 Build/OPM1.171019.011) AppleWebKit/537.36 (KHTML, like Gecko) Version/4.0 Chrome/57.0.2987.108 Mobile Safari/537.36"
123.6.49.15 - - [01/Jul/2026:16:45:25 -0400] "GET /_autoindex/assets/js/tablesort.number.js HTTP/1.1" 200 322 "https://thebinarysouls.com/?ND" "Mozilla/5.0 (Linux; U; Android 8.1.0; zh-cn; MI 8 Build/OPM1.171019.011) AppleWebKit/537.36 (KHTML, like Gecko) Version/4.0 Chrome/57.0.2987.108 Mobile Safari/537.36"
123.6.49.15 - - [01/Jul/2026:16:45:26 -0400] "GET /_autoindex/assets/icons/file.svg HTTP/1.1" 200 354 "https://thebinarysouls.com/?ND" "Mozilla/5.0 (Linux; U; Android 8.1.0; zh-cn; MI 8 Build/OPM1.171019.011) AppleWebKit/537.36 (KHTML, like Gecko) Version/4.0 Chrome/57.0.2987.108 Mobile Safari/537.36"
123.6.49.15 - - [01/Jul/2026:16:45:27 -0400] "GET /_autoindex/assets/icons/file-text.svg HTTP/1.1" 200 394 "https://thebinarysouls.com/?ND" "Mozilla/5.0 (Linux; U; Android 8.1.0; zh-cn; MI 8 Build/OPM1.171019.011) AppleWebKit/537.36 (KHTML, like Gecko) Version/4.0 Chrome/57.0.2987.108 Mobile Safari/537.36"
162.62.213.165 - - [01/Jul/2026:16:46:38 -0400] "GET /wp-includes/sodium_compat/autoload-php7.php HTTP/1.1" 200 0 "-" "Mozilla/5.0 (iPhone; CPU iPhone OS 13_2_3 like Mac OS X) AppleWebKit/605.1.15 (KHTML, like Gecko) Version/13.0.3 Mobile/15E148 Safari/604.1"
27.115.124.118 - - [01/Jul/2026:16:50:34 -0400] "GET /wp-includes/ HTTP/1.1" 200 12231 "-" "Mozilla/5.0 (Linux; Android 11; CPH2185) AppleWebKit/537.36 (KHTML, like Gecko) Chrome/91.0.4472.101 Mobile Safari/537.36"
