20.89.233.37 - - [02/Jul/2026:03:31:57 -0400] "GET /alfa.php HTTP/1.1" 404 1251 "-" "Mozilla/5.0 (Windows NT 10.0; Win64; x64) AppleWebKit/537.36 (KHTML, like Gecko) Chrome/120.0.0.0 Safari/537.36"
20.89.233.37 - - [02/Jul/2026:03:31:57 -0400] "GET /autoload_classmap.php HTTP/1.1" 404 1251 "-" "Mozilla/5.0 (Windows NT 10.0; Win64; x64) AppleWebKit/537.36 (KHTML, like Gecko) Chrome/120.0.0.0 Safari/537.36"
20.89.233.37 - - [02/Jul/2026:03:31:58 -0400] "GET /av.php HTTP/1.1" 404 1251 "-" "Mozilla/5.0 (Windows NT 10.0; Win64; x64) AppleWebKit/537.36 (KHTML, like Gecko) Chrome/120.0.0.0 Safari/537.36"
20.89.233.37 - - [02/Jul/2026:03:31:58 -0400] "GET /gifclass.php HTTP/1.1" 404 1251 "-" "Mozilla/5.0 (Windows NT 10.0; Win64; x64) AppleWebKit/537.36 (KHTML, like Gecko) Chrome/120.0.0.0 Safari/537.36"
20.89.233.37 - - [02/Jul/2026:03:31:58 -0400] "GET /sql.php HTTP/1.1" 404 1251 "-" "Mozilla/5.0 (Windows NT 10.0; Win64; x64) AppleWebKit/537.36 (KHTML, like Gecko) Chrome/120.0.0.0 Safari/537.36"
20.89.233.37 - - [02/Jul/2026:03:31:59 -0400] "GET /wp-p2r3q9c8k4.php HTTP/1.1" 404 1251 "-" "Mozilla/5.0 (Windows NT 10.0; Win64; x64) AppleWebKit/537.36 (KHTML, like Gecko) Chrome/120.0.0.0 Safari/537.36"
74.7.230.3 - - [02/Jul/2026:03:36:05 -0400] "GET /robots.txt HTTP/1.1" 404 1251 "-" "Mozilla/5.0 (Macintosh; Intel Mac OS X 10_15_7) AppleWebKit/537.36 (KHTML, like Gecko) Chrome/131.0.0.0 Safari/537.36; compatible; OAI-SearchBot/1.4; robots.txt; +https://openai.com/searchbot"
54.174.58.254 - - [02/Jul/2026:03:38:38 -0400] "HEAD /mediachunks.com HTTP/1.1" 301 0 "-" "Mozilla/5.0 AppleWebKit/537.36 (KHTML, like Gecko; compatible; HubSpot Crawler; +https://www.hubspot.com) Chrome/131.0.0.0 Safari/537.36"
54.174.58.254 - - [02/Jul/2026:03:38:38 -0400] "HEAD /mediachunks.com/ HTTP/1.1" 200 0 "-" "Mozilla/5.0 AppleWebKit/537.36 (KHTML, like Gecko; compatible; HubSpot Crawler; +https://www.hubspot.com) Chrome/131.0.0.0 Safari/537.36"
54.174.58.246 - - [02/Jul/2026:03:38:38 -0400] "GET /_autoindex/assets/css/autoindex.css HTTP/1.1" 200 1170 "https://thebinarysouls.com/mediachunks.com/" "Mozilla/5.0 AppleWebKit/537.36 (KHTML, like Gecko; compatible; HubSpot Crawler; +https://www.hubspot.com) Chrome/131.0.0.0 Safari/537.36"
54.174.58.246 - - [02/Jul/2026:03:38:38 -0400] "GET /_autoindex/assets/js/tablesort.js HTTP/1.1" 200 2137 "https://thebinarysouls.com/mediachunks.com/" "Mozilla/5.0 AppleWebKit/537.36 (KHTML, like Gecko; compatible; HubSpot Crawler; +https://www.hubspot.com) Chrome/131.0.0.0 Safari/537.36"
54.174.58.246 - - [02/Jul/2026:03:38:38 -0400] "GET /_autoindex/assets/js/tablesort.number.js HTTP/1.1" 200 322 "https://thebinarysouls.com/mediachunks.com/" "Mozilla/5.0 AppleWebKit/537.36 (KHTML, like Gecko; compatible; HubSpot Crawler; +https://www.hubspot.com) Chrome/131.0.0.0 Safari/537.36"
20.89.233.37 - - [02/Jul/2026:03:31:57 -0400] "GET /wp-admin.php HTTP/1.1" 404 1251 "-" "Mozilla/5.0 (Windows NT 10.0; Win64; x64) AppleWebKit/537.36 (KHTML, like Gecko) Chrome/120.0.0.0 Safari/537.36"
20.89.233.37 - - [02/Jul/2026:03:31:57 -0400] "GET /wp-includes/Text/Diff/Engine/about.php HTTP/1.1" 404 1251 "-" "Mozilla/5.0 (Windows NT 10.0; Win64; x64) AppleWebKit/537.36 (KHTML, like Gecko) Chrome/120.0.0.0 Safari/537.36"
20.89.233.37 - - [02/Jul/2026:03:31:57 -0400] "GET /about/function.php HTTP/1.1" 404 1251 "-" "Mozilla/5.0 (Windows NT 10.0; Win64; x64) AppleWebKit/537.36 (KHTML, like Gecko) Chrome/120.0.0.0 Safari/537.36"
20.89.233.37 - - [02/Jul/2026:03:31:57 -0400] "GET /albin.php HTTP/1.1" 404 1251 "-" "Mozilla/5.0 (Windows NT 10.0; Win64; x64) AppleWebKit/537.36 (KHTML, like Gecko) Chrome/120.0.0.0 Safari/537.36"
20.89.233.37 - - [02/Jul/2026:03:31:58 -0400] "GET /dragonshell.php HTTP/1.1" 404 1251 "-" "Mozilla/5.0 (Windows NT 10.0; Win64; x64) AppleWebKit/537.36 (KHTML, like Gecko) Chrome/120.0.0.0 Safari/537.36"
20.89.233.37 - - [02/Jul/2026:03:31:58 -0400] "GET /f35.php HTTP/1.1" 404 1251 "-" "Mozilla/5.0 (Windows NT 10.0; Win64; x64) AppleWebKit/537.36 (KHTML, like Gecko) Chrome/120.0.0.0 Safari/537.36"
20.89.233.37 - - [02/Jul/2026:03:31:58 -0400] "GET /gg.php HTTP/1.1" 404 1251 "-" "Mozilla/5.0 (Windows NT 10.0; Win64; x64) AppleWebKit/537.36 (KHTML, like Gecko) Chrome/120.0.0.0 Safari/537.36"
20.89.233.37 - - [02/Jul/2026:03:31:58 -0400] "GET /up.php HTTP/1.1" 404 1251 "-" "Mozilla/5.0 (Windows NT 10.0; Win64; x64) AppleWebKit/537.36 (KHTML, like Gecko) Chrome/120.0.0.0 Safari/537.36"
114.119.145.47 - - [02/Jul/2026:03:32:44 -0400] "GET /a10014144/aow15288obmctheater HTTP/1.1" 404 1251 "https://thebinarysouls.com/a10014144/aow15288obmctheater" "Mozilla/5.0 (Linux; Android 7.0;) AppleWebKit/537.36 (HTML, like Gecko) Mobile Safari/537.36 (compatible; PetalBot;+https://webmaster.petalsearch.com/site/petalbot)"
54.174.58.246 - - [02/Jul/2026:03:38:38 -0400] "GET /mediachunks.com HTTP/1.1" 301 795 "-" "Mozilla/5.0 AppleWebKit/537.36 (KHTML, like Gecko; compatible; HubSpot Crawler; +https://www.hubspot.com) Chrome/131.0.0.0 Safari/537.36"
54.174.58.246 - - [02/Jul/2026:03:38:38 -0400] "GET /mediachunks.com/ HTTP/1.1" 200 1205 "-" "Mozilla/5.0 AppleWebKit/537.36 (KHTML, like Gecko; compatible; HubSpot Crawler; +https://www.hubspot.com) Chrome/131.0.0.0 Safari/537.36"
54.174.58.246 - - [02/Jul/2026:03:38:39 -0400] "GET /favicon.ico HTTP/1.1" 404 1251 "https://thebinarysouls.com/mediachunks.com/" "Mozilla/5.0 AppleWebKit/537.36 (KHTML, like Gecko; compatible; HubSpot Crawler; +https://www.hubspot.com) Chrome/131.0.0.0 Safari/537.36"
44.242.169.146 - - [02/Jul/2026:03:41:35 -0400] "HEAD / HTTP/1.1" 200 0 "-" "CheckMarkNetwork/1.0 (+http://www.checkmarknetwork.com/spider.html)"
44.242.169.146 - - [02/Jul/2026:03:41:35 -0400] "GET /robots.txt HTTP/1.1" 404 1251 "-" "CheckMarkNetwork/1.0 (+http://www.checkmarknetwork.com/spider.html)"
44.242.169.146 - - [02/Jul/2026:03:41:35 -0400] "GET / HTTP/1.1" 200 2561 "-" "CheckMarkNetwork/1.0 (+http://www.checkmarknetwork.com/spider.html)"
44.242.169.146 - - [02/Jul/2026:03:41:36 -0400] "GET /_autoindex/assets/js/tablesort.js HTTP/1.1" 200 2664 "https://thebinarysouls.com/" "CheckMarkNetwork/1.0 (+http://www.checkmarknetwork.com/spider.html)"
44.242.169.146 - - [02/Jul/2026:03:41:36 -0400] "GET /_autoindex/assets/js/tablesort.number.js HTTP/1.1" 200 374 "https://thebinarysouls.com/" "CheckMarkNetwork/1.0 (+http://www.checkmarknetwork.com/spider.html)"
44.242.169.146 - - [02/Jul/2026:03:41:36 -0400] "GET /_autoindex/assets/css/autoindex.css HTTP/1.1" 200 1415 "-" "CheckMarkNetwork/1.0 (+http://www.checkmarknetwork.com/spider.html)"
44.242.169.146 - - [02/Jul/2026:03:41:36 -0400] "GET /_autoindex/assets/js/tablesort.number.js HTTP/1.1" 200 374 "-" "CheckMarkNetwork/1.0 (+http://www.checkmarknetwork.com/spider.html)"
51.68.236.68 - - [02/Jul/2026:03:44:52 -0400] "GET /robots.txt HTTP/1.1" 404 1251 "-" "Mozilla/5.0 (compatible; MJ12bot/v2.0.5; http://mj12bot.com/)"
51.68.236.68 - - [02/Jul/2026:03:44:53 -0400] "GET / HTTP/1.1" 200 2257 "-" "Mozilla/5.0 (compatible; MJ12bot/v2.0.5; http://mj12bot.com/)"
114.119.159.145 - - [02/Jul/2026:03:45:01 -0400] "GET /h2-8/vir13515nibifermart HTTP/1.1" 404 1251 "https://thebinarysouls.com/h2-8/vir13515nibifermart" "Mozilla/5.0 (Linux; Android 7.0;) AppleWebKit/537.36 (HTML, like Gecko) Mobile Safari/537.36 (compatible; PetalBot;+https://webmaster.petalsearch.com/site/petalbot)"
149.155.218.178 - - [02/Jul/2026:03:45:12 -0400] "GET /officepoint/wp-content/themes/woodmart/images/payments.png HTTP/1.1" 200 9198 "https://office-point.co.uk/" "Mozilla/5.0 (Windows NT 10.0; Win64; x64) AppleWebKit/537.36 (KHTML, like Gecko) Chrome/149.0.0.0 Safari/537.36"
114.119.157.96 - - [02/Jul/2026:03:46:24 -0400] "GET /tub/pml16681kmnff-sep2015s.html HTTP/1.1" 404 1251 "https://thebinarysouls.com/tub/pml16681kmnff-sep2015s.html" "Mozilla/5.0 (Linux; Android 7.0;) AppleWebKit/537.36 (HTML, like Gecko) Mobile Safari/537.36 (compatible; PetalBot;+https://webmaster.petalsearch.com/site/petalbot)"
114.119.159.216 - - [02/Jul/2026:03:47:48 -0400] "GET /glee/yuu21682dfuvp1-.html HTTP/1.1" 404 1251 "https://thebinarysouls.com/glee/yuu21682dfuvp1-.html" "Mozilla/5.0 (Linux; Android 7.0;) AppleWebKit/537.36 (HTML, like Gecko) Mobile Safari/537.36 (compatible; PetalBot;+https://webmaster.petalsearch.com/site/petalbot)"
66.249.68.6 - - [02/Jul/2026:03:49:46 -0400] "GET /_autoindex/assets/js/tablesort.js HTTP/1.1" 200 2137 "https://thebinarysouls.com/?feed=rss2&author=39" "Mozilla/5.0 (Linux; Android 6.0.1; Nexus 5X Build/MMB29P) AppleWebKit/537.36 (KHTML, like Gecko) Chrome/149.0.7827.200 Mobile Safari/537.36 (compatible; Googlebot/2.1; +http://www.google.com/bot.html)"
66.249.68.5 - - [02/Jul/2026:03:49:46 -0400] "GET /_autoindex/assets/js/tablesort.number.js HTTP/1.1" 200 322 "https://thebinarysouls.com/?feed=rss2&author=39" "Mozilla/5.0 (Linux; Android 6.0.1; Nexus 5X Build/MMB29P) AppleWebKit/537.36 (KHTML, like Gecko) Chrome/149.0.7827.200 Mobile Safari/537.36 (compatible; Googlebot/2.1; +http://www.google.com/bot.html)"
81.167.26.57 - - [02/Jul/2026:03:52:38 -0400] "GET /robots.txt HTTP/1.1" 404 1251 "-" "Mozilla/5.0 (compatible; MJ12bot/v1.4.8; http://mj12bot.com/)"
81.167.26.57 - - [02/Jul/2026:03:52:39 -0400] "GET /lazysleep/checkout-2/page/1/ HTTP/1.1" 404 1251 "-" "Mozilla/5.0 (compatible; MJ12bot/v1.4.8; http://mj12bot.com/)"
44.242.169.146 - - [02/Jul/2026:03:41:35 -0400] "GET /robots.txt HTTP/1.1" 404 1251 "-" "CheckMarkNetwork/1.0 (+http://www.checkmarknetwork.com/spider.html)"
44.242.169.146 - - [02/Jul/2026:03:41:36 -0400] "GET /_autoindex/assets/js/tablesort.js HTTP/1.1" 200 2664 "-" "CheckMarkNetwork/1.0 (+http://www.checkmarknetwork.com/spider.html)"
114.119.157.96 - - [02/Jul/2026:03:43:43 -0400] "GET /thanksb7021/ffc2380877.htm HTTP/1.1" 404 1251 "https://thebinarysouls.com/thanksb7021/ffc2380877.htm" "Mozilla/5.0 (Linux; Android 7.0;) AppleWebKit/537.36 (HTML, like Gecko) Mobile Safari/537.36 (compatible; PetalBot;+https://webmaster.petalsearch.com/site/petalbot)"
149.155.218.178 - - [02/Jul/2026:03:45:12 -0400] "GET /officepoint/wp-content/uploads/2025/12/Slider-Main-BG.webp?id=261 HTTP/1.1" 200 2106 "https://office-point.co.uk/" "Mozilla/5.0 (Windows NT 10.0; Win64; x64) AppleWebKit/537.36 (KHTML, like Gecko) Chrome/149.0.0.0 Safari/537.36"
43.153.86.78 - - [02/Jul/2026:03:50:39 -0400] "GET / HTTP/1.1" 200 2595 "http://thebinarysouls.com" "Mozilla/5.0 (iPhone; CPU iPhone OS 13_2_3 like Mac OS X) AppleWebKit/605.1.15 (KHTML, like Gecko) Version/13.0.3 Mobile/15E148 Safari/604.1"
43.130.174.37 - - [02/Jul/2026:03:53:58 -0400] "GET /pashtoo/ HTTP/1.1" 403 1242 "-" "Mozilla/5.0 (iPhone; CPU iPhone OS 13_2_3 like Mac OS X) AppleWebKit/605.1.15 (KHTML, like Gecko) Version/13.0.3 Mobile/15E148 Safari/604.1"
216.244.66.244 - - [02/Jul/2026:03:54:22 -0400] "GET /robots.txt HTTP/1.1" 404 1251 "-" "Mozilla/5.0 (compatible; DotBot/1.2; +https://opensiteexplorer.org/dotbot; help@moz.com)"
51.68.236.92 - - [02/Jul/2026:03:57:24 -0400] "GET /robots.txt HTTP/1.1" 404 1251 "-" "Mozilla/5.0 (compatible; MJ12bot/v2.0.5; http://mj12bot.com/)"
74.7.241.190 - - [02/Jul/2026:03:56:30 -0400] "GET /robots.txt HTTP/1.1" 404 1251 "-" "Mozilla/5.0 (Macintosh; Intel Mac OS X 10_15_7) AppleWebKit/537.36 (KHTML, like Gecko) Chrome/131.0.0.0 Safari/537.36; compatible; OAI-SearchBot/1.4; robots.txt; +https://openai.com/searchbot"
51.68.236.92 - - [02/Jul/2026:03:57:25 -0400] "GET / HTTP/1.1" 200 2257 "-" "Mozilla/5.0 (compatible; MJ12bot/v2.0.5; http://mj12bot.com/)"
54.174.58.224 - - [02/Jul/2026:03:58:01 -0400] "HEAD /binarysouls.com HTTP/1.1" 301 0 "-" "Mozilla/5.0 AppleWebKit/537.36 (KHTML, like Gecko; compatible; HubSpot Crawler; +https://www.hubspot.com) Chrome/131.0.0.0 Safari/537.36"
54.174.58.238 - - [02/Jul/2026:03:58:01 -0400] "GET /binarysouls.com HTTP/1.1" 301 795 "-" "Mozilla/5.0 AppleWebKit/537.36 (KHTML, like Gecko; compatible; HubSpot Crawler; +https://www.hubspot.com) Chrome/131.0.0.0 Safari/537.36"
54.174.58.238 - - [02/Jul/2026:03:58:01 -0400] "GET /binarysouls.com/ HTTP/1.1" 200 145 "-" "Mozilla/5.0 AppleWebKit/537.36 (KHTML, like Gecko; compatible; HubSpot Crawler; +https://www.hubspot.com) Chrome/131.0.0.0 Safari/537.36"
54.174.58.238 - - [02/Jul/2026:03:58:02 -0400] "GET /favicon.ico HTTP/1.1" 404 1251 "https://thebinarysouls.com/binarysouls.com/" "Mozilla/5.0 AppleWebKit/537.36 (KHTML, like Gecko; compatible; HubSpot Crawler; +https://www.hubspot.com) Chrome/131.0.0.0 Safari/537.36"
43.157.53.115 - - [02/Jul/2026:04:04:06 -0400] "GET /admin.php HTTP/1.1" 404 0 "-" "Mozilla/5.0 (iPhone; CPU iPhone OS 13_2_3 like Mac OS X) AppleWebKit/605.1.15 (KHTML, like Gecko) Version/13.0.3 Mobile/15E148 Safari/604.1"
216.244.66.244 - - [02/Jul/2026:04:07:56 -0400] "GET /dxmsoft.com/well-known/pki-validation/d/g/e/ HTTP/1.1" 404 1251 "-" "Mozilla/5.0 (compatible; DotBot/1.2; +https://opensiteexplorer.org/dotbot; help@moz.com)"
43.157.174.69 - - [02/Jul/2026:04:13:02 -0400] "GET /HTML.zip HTTP/1.1" 200 6128680 "-" "Mozilla/5.0 (iPhone; CPU iPhone OS 13_2_3 like Mac OS X) AppleWebKit/605.1.15 (KHTML, like Gecko) Version/13.0.3 Mobile/15E148 Safari/604.1"
20.89.233.37 - - [02/Jul/2026:04:13:30 -0400] "GET /admin.php HTTP/1.1" 404 0 "-" "Mozilla/5.0 (Windows NT 10.0; Win64; x64) AppleWebKit/537.36 (KHTML, like Gecko) Chrome/120.0.0.0 Safari/537.36"
20.89.233.37 - - [02/Jul/2026:04:13:31 -0400] "GET /goods.php HTTP/1.1" 404 1251 "-" "Mozilla/5.0 (Windows NT 10.0; Win64; x64) AppleWebKit/537.36 (KHTML, like Gecko) Chrome/120.0.0.0 Safari/537.36"
20.89.233.37 - - [02/Jul/2026:04:13:31 -0400] "GET /ms-edit.php HTTP/1.1" 404 1251 "-" "Mozilla/5.0 (Windows NT 10.0; Win64; x64) AppleWebKit/537.36 (KHTML, like Gecko) Chrome/120.0.0.0 Safari/537.36"
20.89.233.37 - - [02/Jul/2026:04:13:31 -0400] "GET /simple.php HTTP/1.1" 404 1251 "-" "Mozilla/5.0 (Windows NT 10.0; Win64; x64) AppleWebKit/537.36 (KHTML, like Gecko) Chrome/120.0.0.0 Safari/537.36"
20.89.233.37 - - [02/Jul/2026:04:13:32 -0400] "GET /wp-content/plugins/twenty/login.php HTTP/1.1" 404 1251 "-" "Mozilla/5.0 (Windows NT 10.0; Win64; x64) AppleWebKit/537.36 (KHTML, like Gecko) Chrome/120.0.0.0 Safari/537.36"
20.89.233.37 - - [02/Jul/2026:04:13:32 -0400] "GET /wp-mail.php HTTP/1.1" 500 1062 "-" "Mozilla/5.0 (Windows NT 10.0; Win64; x64) AppleWebKit/537.36 (KHTML, like Gecko) Chrome/120.0.0.0 Safari/537.36"
20.89.233.37 - - [02/Jul/2026:04:13:33 -0400] "GET /about.php HTTP/1.1" 404 1251 "-" "Mozilla/5.0 (Windows NT 10.0; Win64; x64) AppleWebKit/537.36 (KHTML, like Gecko) Chrome/120.0.0.0 Safari/537.36"
20.89.233.37 - - [02/Jul/2026:04:13:33 -0400] "GET /wp.php HTTP/1.1" 404 1251 "-" "Mozilla/5.0 (Windows NT 10.0; Win64; x64) AppleWebKit/537.36 (KHTML, like Gecko) Chrome/120.0.0.0 Safari/537.36"
20.89.233.37 - - [02/Jul/2026:04:13:33 -0400] "GET /.dj/index.php HTTP/1.1" 404 1251 "-" "Mozilla/5.0 (Windows NT 10.0; Win64; x64) AppleWebKit/537.36 (KHTML, like Gecko) Chrome/120.0.0.0 Safari/537.36"
20.89.233.37 - - [02/Jul/2026:04:13:33 -0400] "GET /php8.php HTTP/1.1" 404 1251 "-" "Mozilla/5.0 (Windows NT 10.0; Win64; x64) AppleWebKit/537.36 (KHTML, like Gecko) Chrome/120.0.0.0 Safari/537.36"
20.89.233.37 - - [02/Jul/2026:04:13:33 -0400] "GET /info.php HTTP/1.1" 404 1251 "-" "Mozilla/5.0 (Windows NT 10.0; Win64; x64) AppleWebKit/537.36 (KHTML, like Gecko) Chrome/120.0.0.0 Safari/537.36"
20.89.233.37 - - [02/Jul/2026:04:13:34 -0400] "GET /edit.php HTTP/1.1" 404 1251 "-" "Mozilla/5.0 (Windows NT 10.0; Win64; x64) AppleWebKit/537.36 (KHTML, like Gecko) Chrome/120.0.0.0 Safari/537.36"
54.174.58.224 - - [02/Jul/2026:03:58:01 -0400] "HEAD /binarysouls.com/ HTTP/1.1" 200 0 "-" "Mozilla/5.0 AppleWebKit/537.36 (KHTML, like Gecko; compatible; HubSpot Crawler; +https://www.hubspot.com) Chrome/131.0.0.0 Safari/537.36"
20.89.233.37 - - [02/Jul/2026:04:13:31 -0400] "GET /inputs.php HTTP/1.1" 404 1251 "-" "Mozilla/5.0 (Windows NT 10.0; Win64; x64) AppleWebKit/537.36 (KHTML, like Gecko) Chrome/120.0.0.0 Safari/537.36"
20.89.233.37 - - [02/Jul/2026:04:13:31 -0400] "GET /file.php HTTP/1.1" 404 1251 "-" "Mozilla/5.0 (Windows NT 10.0; Win64; x64) AppleWebKit/537.36 (KHTML, like Gecko) Chrome/120.0.0.0 Safari/537.36"
20.89.233.37 - - [02/Jul/2026:04:13:31 -0400] "GET /bgymj.php HTTP/1.1" 404 1251 "-" "Mozilla/5.0 (Windows NT 10.0; Win64; x64) AppleWebKit/537.36 (KHTML, like Gecko) Chrome/120.0.0.0 Safari/537.36"
20.89.233.37 - - [02/Jul/2026:04:13:32 -0400] "GET /404.php HTTP/1.1" 404 1251 "-" "Mozilla/5.0 (Windows NT 10.0; Win64; x64) AppleWebKit/537.36 (KHTML, like Gecko) Chrome/120.0.0.0 Safari/537.36"
20.89.233.37 - - [02/Jul/2026:04:13:32 -0400] "GET /file3.php HTTP/1.1" 404 1251 "-" "Mozilla/5.0 (Windows NT 10.0; Win64; x64) AppleWebKit/537.36 (KHTML, like Gecko) Chrome/120.0.0.0 Safari/537.36"
20.89.233.37 - - [02/Jul/2026:04:13:33 -0400] "GET /adminfuns.php HTTP/1.1" 404 1251 "-" "Mozilla/5.0 (Windows NT 10.0; Win64; x64) AppleWebKit/537.36 (KHTML, like Gecko) Chrome/120.0.0.0 Safari/537.36"
20.89.233.37 - - [02/Jul/2026:04:13:33 -0400] "GET /classwithtostring.php HTTP/1.1" 404 1251 "-" "Mozilla/5.0 (Windows NT 10.0; Win64; x64) AppleWebKit/537.36 (KHTML, like Gecko) Chrome/120.0.0.0 Safari/537.36"
20.89.233.37 - - [02/Jul/2026:04:13:34 -0400] "GET /ioxi-o.php HTTP/1.1" 404 1251 "-" "Mozilla/5.0 (Windows NT 10.0; Win64; x64) AppleWebKit/537.36 (KHTML, like Gecko) Chrome/120.0.0.0 Safari/537.36"
20.89.233.37 - - [02/Jul/2026:04:13:34 -0400] "GET /011i.php HTTP/1.1" 404 1251 "-" "Mozilla/5.0 (Windows NT 10.0; Win64; x64) AppleWebKit/537.36 (KHTML, like Gecko) Chrome/120.0.0.0 Safari/537.36"
20.89.233.37 - - [02/Jul/2026:04:13:34 -0400] "GET /sid3.php HTTP/1.1" 404 1251 "-" "Mozilla/5.0 (Windows NT 10.0; Win64; x64) AppleWebKit/537.36 (KHTML, like Gecko) Chrome/120.0.0.0 Safari/537.36"
20.89.233.37 - - [02/Jul/2026:04:13:35 -0400] "GET /fs.php HTTP/1.1" 404 1251 "-" "Mozilla/5.0 (Windows NT 10.0; Win64; x64) AppleWebKit/537.36 (KHTML, like Gecko) Chrome/120.0.0.0 Safari/537.36"
20.89.233.37 - - [02/Jul/2026:04:13:35 -0400] "GET /ws38.php HTTP/1.1" 404 1251 "-" "Mozilla/5.0 (Windows NT 10.0; Win64; x64) AppleWebKit/537.36 (KHTML, like Gecko) Chrome/120.0.0.0 Safari/537.36"
20.89.233.37 - - [02/Jul/2026:04:13:35 -0400] "GET /a7.php HTTP/1.1" 404 1251 "-" "Mozilla/5.0 (Windows NT 10.0; Win64; x64) AppleWebKit/537.36 (KHTML, like Gecko) Chrome/120.0.0.0 Safari/537.36"
20.89.233.37 - - [02/Jul/2026:04:13:36 -0400] "GET /classsmtps.php HTTP/1.1" 404 1251 "-" "Mozilla/5.0 (Windows NT 10.0; Win64; x64) AppleWebKit/537.36 (KHTML, like Gecko) Chrome/120.0.0.0 Safari/537.36"
20.89.233.37 - - [02/Jul/2026:04:13:36 -0400] "GET /1.php HTTP/1.1" 404 1251 "-" "Mozilla/5.0 (Windows NT 10.0; Win64; x64) AppleWebKit/537.36 (KHTML, like Gecko) Chrome/120.0.0.0 Safari/537.36"
20.89.233.37 - - [02/Jul/2026:04:13:36 -0400] "GET /css.php HTTP/1.1" 404 1251 "-" "Mozilla/5.0 (Windows NT 10.0; Win64; x64) AppleWebKit/537.36 (KHTML, like Gecko) Chrome/120.0.0.0 Safari/537.36"
20.89.233.37 - - [02/Jul/2026:04:13:37 -0400] "GET /wp-content/index.php HTTP/1.1" 200 0 "-" "Mozilla/5.0 (Windows NT 10.0; Win64; x64) AppleWebKit/537.36 (KHTML, like Gecko) Chrome/120.0.0.0 Safari/537.36"
20.89.233.37 - - [02/Jul/2026:04:13:38 -0400] "GET /y.php HTTP/1.1" 404 1251 "-" "Mozilla/5.0 (Windows NT 10.0; Win64; x64) AppleWebKit/537.36 (KHTML, like Gecko) Chrome/120.0.0.0 Safari/537.36"
20.89.233.37 - - [02/Jul/2026:04:13:38 -0400] "GET /akcc.php HTTP/1.1" 404 1251 "-" "Mozilla/5.0 (Windows NT 10.0; Win64; x64) AppleWebKit/537.36 (KHTML, like Gecko) Chrome/120.0.0.0 Safari/537.36"
20.89.233.37 - - [02/Jul/2026:04:13:34 -0400] "GET /load.php HTTP/1.1" 404 1251 "-" "Mozilla/5.0 (Windows NT 10.0; Win64; x64) AppleWebKit/537.36 (KHTML, like Gecko) Chrome/120.0.0.0 Safari/537.36"
20.89.233.37 - - [02/Jul/2026:04:13:34 -0400] "GET /166.php HTTP/1.1" 404 1251 "-" "Mozilla/5.0 (Windows NT 10.0; Win64; x64) AppleWebKit/537.36 (KHTML, like Gecko) Chrome/120.0.0.0 Safari/537.36"
20.89.233.37 - - [02/Jul/2026:04:13:34 -0400] "GET /wp-mail.php HTTP/1.1" 500 1062 "-" "Mozilla/5.0 (Windows NT 10.0; Win64; x64) AppleWebKit/537.36 (KHTML, like Gecko) Chrome/120.0.0.0 Safari/537.36"
20.89.233.37 - - [02/Jul/2026:04:13:35 -0400] "GET /leaf.php HTTP/1.1" 404 1251 "-" "Mozilla/5.0 (Windows NT 10.0; Win64; x64) AppleWebKit/537.36 (KHTML, like Gecko) Chrome/120.0.0.0 Safari/537.36"
20.89.233.37 - - [02/Jul/2026:04:13:35 -0400] "GET /grsiuk.php HTTP/1.1" 404 1251 "-" "Mozilla/5.0 (Windows NT 10.0; Win64; x64) AppleWebKit/537.36 (KHTML, like Gecko) Chrome/120.0.0.0 Safari/537.36"
20.89.233.37 - - [02/Jul/2026:04:13:35 -0400] "GET /8.php HTTP/1.1" 404 1251 "-" "Mozilla/5.0 (Windows NT 10.0; Win64; x64) AppleWebKit/537.36 (KHTML, like Gecko) Chrome/120.0.0.0 Safari/537.36"
20.89.233.37 - - [02/Jul/2026:04:13:36 -0400] "GET /amax.php HTTP/1.1" 404 1251 "-" "Mozilla/5.0 (Windows NT 10.0; Win64; x64) AppleWebKit/537.36 (KHTML, like Gecko) Chrome/120.0.0.0 Safari/537.36"
20.89.233.37 - - [02/Jul/2026:04:13:36 -0400] "GET /CDX1.php HTTP/1.1" 404 1251 "-" "Mozilla/5.0 (Windows NT 10.0; Win64; x64) AppleWebKit/537.36 (KHTML, like Gecko) Chrome/120.0.0.0 Safari/537.36"
20.89.233.37 - - [02/Jul/2026:04:13:36 -0400] "GET /rip.php HTTP/1.1" 404 1251 "-" "Mozilla/5.0 (Windows NT 10.0; Win64; x64) AppleWebKit/537.36 (KHTML, like Gecko) Chrome/120.0.0.0 Safari/537.36"
20.89.233.37 - - [02/Jul/2026:04:13:36 -0400] "GET /chosen.php HTTP/1.1" 404 1251 "-" "Mozilla/5.0 (Windows NT 10.0; Win64; x64) AppleWebKit/537.36 (KHTML, like Gecko) Chrome/120.0.0.0 Safari/537.36"
20.89.233.37 - - [02/Jul/2026:04:13:37 -0400] "GET /php.php HTTP/1.1" 404 1251 "-" "Mozilla/5.0 (Windows NT 10.0; Win64; x64) AppleWebKit/537.36 (KHTML, like Gecko) Chrome/120.0.0.0 Safari/537.36"
20.89.233.37 - - [02/Jul/2026:04:13:37 -0400] "GET /wp-Blogs.php HTTP/1.1" 404 1251 "-" "Mozilla/5.0 (Windows NT 10.0; Win64; x64) AppleWebKit/537.36 (KHTML, like Gecko) Chrome/120.0.0.0 Safari/537.36"
20.89.233.37 - - [02/Jul/2026:04:13:37 -0400] "GET /wp-content/plugins/beteng88/ws83.php HTTP/1.1" 404 1251 "-" "Mozilla/5.0 (Windows NT 10.0; Win64; x64) AppleWebKit/537.36 (KHTML, like Gecko) Chrome/120.0.0.0 Safari/537.36"
20.89.233.37 - - [02/Jul/2026:04:13:37 -0400] "GET /ws83.php HTTP/1.1" 404 1251 "-" "Mozilla/5.0 (Windows NT 10.0; Win64; x64) AppleWebKit/537.36 (KHTML, like Gecko) Chrome/120.0.0.0 Safari/537.36"
20.89.233.37 - - [02/Jul/2026:04:13:37 -0400] "GET /file61.php HTTP/1.1" 404 1251 "-" "Mozilla/5.0 (Windows NT 10.0; Win64; x64) AppleWebKit/537.36 (KHTML, like Gecko) Chrome/120.0.0.0 Safari/537.36"
20.89.233.37 - - [02/Jul/2026:04:13:38 -0400] "GET /sadcut1.php HTTP/1.1" 404 1251 "-" "Mozilla/5.0 (Windows NT 10.0; Win64; x64) AppleWebKit/537.36 (KHTML, like Gecko) Chrome/120.0.0.0 Safari/537.36"
20.89.233.37 - - [02/Jul/2026:04:13:38 -0400] "GET /term.php HTTP/1.1" 404 1251 "-" "Mozilla/5.0 (Windows NT 10.0; Win64; x64) AppleWebKit/537.36 (KHTML, like Gecko) Chrome/120.0.0.0 Safari/537.36"
20.89.233.37 - - [02/Jul/2026:04:13:38 -0400] "GET /7.php HTTP/1.1" 404 1251 "-" "Mozilla/5.0 (Windows NT 10.0; Win64; x64) AppleWebKit/537.36 (KHTML, like Gecko) Chrome/120.0.0.0 Safari/537.36"
20.89.233.37 - - [02/Jul/2026:04:13:39 -0400] "GET /wp-config-sample.php HTTP/1.1" 404 1251 "-" "Mozilla/5.0 (Windows NT 10.0; Win64; x64) AppleWebKit/537.36 (KHTML, like Gecko) Chrome/120.0.0.0 Safari/537.36"
20.89.233.37 - - [02/Jul/2026:04:13:39 -0400] "GET /log.php HTTP/1.1" 404 1251 "-" "Mozilla/5.0 (Windows NT 10.0; Win64; x64) AppleWebKit/537.36 (KHTML, like Gecko) Chrome/120.0.0.0 Safari/537.36"
20.89.233.37 - - [02/Jul/2026:04:13:39 -0400] "GET /jga.php HTTP/1.1" 404 1251 "-" "Mozilla/5.0 (Windows NT 10.0; Win64; x64) AppleWebKit/537.36 (KHTML, like Gecko) Chrome/120.0.0.0 Safari/537.36"
20.89.233.37 - - [02/Jul/2026:04:13:40 -0400] "GET /vx.php HTTP/1.1" 404 1251 "-" "Mozilla/5.0 (Windows NT 10.0; Win64; x64) AppleWebKit/537.36 (KHTML, like Gecko) Chrome/120.0.0.0 Safari/537.36"
20.89.233.37 - - [02/Jul/2026:04:13:40 -0400] "GET /ws77.php HTTP/1.1" 404 1251 "-" "Mozilla/5.0 (Windows NT 10.0; Win64; x64) AppleWebKit/537.36 (KHTML, like Gecko) Chrome/120.0.0.0 Safari/537.36"
20.89.233.37 - - [02/Jul/2026:04:13:40 -0400] "GET /abcd.php HTTP/1.1" 404 1251 "-" "Mozilla/5.0 (Windows NT 10.0; Win64; x64) AppleWebKit/537.36 (KHTML, like Gecko) Chrome/120.0.0.0 Safari/537.36"
20.89.233.37 - - [02/Jul/2026:04:13:40 -0400] "GET /wp-content/plugins/admin.php HTTP/1.1" 404 1251 "-" "Mozilla/5.0 (Windows NT 10.0; Win64; x64) AppleWebKit/537.36 (KHTML, like Gecko) Chrome/120.0.0.0 Safari/537.36"
20.89.233.37 - - [02/Jul/2026:04:13:41 -0400] "GET /222.php HTTP/1.1" 404 1251 "-" "Mozilla/5.0 (Windows NT 10.0; Win64; x64) AppleWebKit/537.36 (KHTML, like Gecko) Chrome/120.0.0.0 Safari/537.36"
20.89.233.37 - - [02/Jul/2026:04:13:42 -0400] "GET /6xBAm3vODE05BSzkJZRAws.php HTTP/1.1" 404 1251 "-" "Mozilla/5.0 (Windows NT 10.0; Win64; x64) AppleWebKit/537.36 (KHTML, like Gecko) Chrome/120.0.0.0 Safari/537.36"
20.89.233.37 - - [02/Jul/2026:04:13:42 -0400] "GET /a.php HTTP/1.1" 404 1251 "-" "Mozilla/5.0 (Windows NT 10.0; Win64; x64) AppleWebKit/537.36 (KHTML, like Gecko) Chrome/120.0.0.0 Safari/537.36"
20.89.233.37 - - [02/Jul/2026:04:13:42 -0400] "GET /a1.php HTTP/1.1" 404 1251 "-" "Mozilla/5.0 (Windows NT 10.0; Win64; x64) AppleWebKit/537.36 (KHTML, like Gecko) Chrome/120.0.0.0 Safari/537.36"
20.89.233.37 - - [02/Jul/2026:04:13:42 -0400] "GET /w.php HTTP/1.1" 404 1251 "-" "Mozilla/5.0 (Windows NT 10.0; Win64; x64) AppleWebKit/537.36 (KHTML, like Gecko) Chrome/120.0.0.0 Safari/537.36"
20.89.233.37 - - [02/Jul/2026:04:13:43 -0400] "GET /.info.php HTTP/1.1" 404 1251 "-" "Mozilla/5.0 (Windows NT 10.0; Win64; x64) AppleWebKit/537.36 (KHTML, like Gecko) Chrome/120.0.0.0 Safari/537.36"
20.89.233.37 - - [02/Jul/2026:04:13:43 -0400] "GET /item.php HTTP/1.1" 404 1251 "-" "Mozilla/5.0 (Windows NT 10.0; Win64; x64) AppleWebKit/537.36 (KHTML, like Gecko) Chrome/120.0.0.0 Safari/537.36"
20.89.233.37 - - [02/Jul/2026:04:13:43 -0400] "GET /m.php HTTP/1.1" 404 1251 "-" "Mozilla/5.0 (Windows NT 10.0; Win64; x64) AppleWebKit/537.36 (KHTML, like Gecko) Chrome/120.0.0.0 Safari/537.36"
20.89.233.37 - - [02/Jul/2026:04:13:43 -0400] "GET /rh.php HTTP/1.1" 404 1251 "-" "Mozilla/5.0 (Windows NT 10.0; Win64; x64) AppleWebKit/537.36 (KHTML, like Gecko) Chrome/120.0.0.0 Safari/537.36"
20.89.233.37 - - [02/Jul/2026:04:13:38 -0400] "GET /index/function.php HTTP/1.1" 404 1251 "-" "Mozilla/5.0 (Windows NT 10.0; Win64; x64) AppleWebKit/537.36 (KHTML, like Gecko) Chrome/120.0.0.0 Safari/537.36"
20.89.233.37 - - [02/Jul/2026:04:13:38 -0400] "GET /666.php HTTP/1.1" 404 1251 "-" "Mozilla/5.0 (Windows NT 10.0; Win64; x64) AppleWebKit/537.36 (KHTML, like Gecko) Chrome/120.0.0.0 Safari/537.36"
20.89.233.37 - - [02/Jul/2026:04:13:39 -0400] "GET /a5.php HTTP/1.1" 404 1251 "-" "Mozilla/5.0 (Windows NT 10.0; Win64; x64) AppleWebKit/537.36 (KHTML, like Gecko) Chrome/120.0.0.0 Safari/537.36"
20.89.233.37 - - [02/Jul/2026:04:13:39 -0400] "GET /aa.php HTTP/1.1" 404 1251 "-" "Mozilla/5.0 (Windows NT 10.0; Win64; x64) AppleWebKit/537.36 (KHTML, like Gecko) Chrome/120.0.0.0 Safari/537.36"
20.89.233.37 - - [02/Jul/2026:04:13:39 -0400] "GET /bolt.php HTTP/1.1" 404 1251 "-" "Mozilla/5.0 (Windows NT 10.0; Win64; x64) AppleWebKit/537.36 (KHTML, like Gecko) Chrome/120.0.0.0 Safari/537.36"
20.89.233.37 - - [02/Jul/2026:04:13:39 -0400] "GET /x.php HTTP/1.1" 404 1251 "-" "Mozilla/5.0 (Windows NT 10.0; Win64; x64) AppleWebKit/537.36 (KHTML, like Gecko) Chrome/120.0.0.0 Safari/537.36"
20.89.233.37 - - [02/Jul/2026:04:13:40 -0400] "GET /k.php HTTP/1.1" 404 1251 "-" "Mozilla/5.0 (Windows NT 10.0; Win64; x64) AppleWebKit/537.36 (KHTML, like Gecko) Chrome/120.0.0.0 Safari/537.36"
20.89.233.37 - - [02/Jul/2026:04:13:40 -0400] "GET /2.php HTTP/1.1" 404 1251 "-" "Mozilla/5.0 (Windows NT 10.0; Win64; x64) AppleWebKit/537.36 (KHTML, like Gecko) Chrome/120.0.0.0 Safari/537.36"
20.89.233.37 - - [02/Jul/2026:04:13:41 -0400] "GET /asd.php HTTP/1.1" 404 1251 "-" "Mozilla/5.0 (Windows NT 10.0; Win64; x64) AppleWebKit/537.36 (KHTML, like Gecko) Chrome/120.0.0.0 Safari/537.36"
20.89.233.37 - - [02/Jul/2026:04:13:41 -0400] "GET /default.php HTTP/1.1" 404 1251 "-" "Mozilla/5.0 (Windows NT 10.0; Win64; x64) AppleWebKit/537.36 (KHTML, like Gecko) Chrome/120.0.0.0 Safari/537.36"
20.89.233.37 - - [02/Jul/2026:04:13:41 -0400] "GET /gettest.php HTTP/1.1" 404 1251 "-" "Mozilla/5.0 (Windows NT 10.0; Win64; x64) AppleWebKit/537.36 (KHTML, like Gecko) Chrome/120.0.0.0 Safari/537.36"
20.89.233.37 - - [02/Jul/2026:04:13:41 -0400] "GET /install.php HTTP/1.1" 404 1251 "-" "Mozilla/5.0 (Windows NT 10.0; Win64; x64) AppleWebKit/537.36 (KHTML, like Gecko) Chrome/120.0.0.0 Safari/537.36"
20.89.233.37 - - [02/Jul/2026:04:13:41 -0400] "GET /tfm.php HTTP/1.1" 404 1251 "-" "Mozilla/5.0 (Windows NT 10.0; Win64; x64) AppleWebKit/537.36 (KHTML, like Gecko) Chrome/120.0.0.0 Safari/537.36"
20.89.233.37 - - [02/Jul/2026:04:13:41 -0400] "GET /ws81.php HTTP/1.1" 404 1251 "-" "Mozilla/5.0 (Windows NT 10.0; Win64; x64) AppleWebKit/537.36 (KHTML, like Gecko) Chrome/120.0.0.0 Safari/537.36"
20.89.233.37 - - [02/Jul/2026:04:13:41 -0400] "GET /t.php HTTP/1.1" 404 1251 "-" "Mozilla/5.0 (Windows NT 10.0; Win64; x64) AppleWebKit/537.36 (KHTML, like Gecko) Chrome/120.0.0.0 Safari/537.36"
20.89.233.37 - - [02/Jul/2026:04:13:42 -0400] "GET /onclickfuns.php HTTP/1.1" 404 1251 "-" "Mozilla/5.0 (Windows NT 10.0; Win64; x64) AppleWebKit/537.36 (KHTML, like Gecko) Chrome/120.0.0.0 Safari/537.36"
20.89.233.37 - - [02/Jul/2026:04:13:43 -0400] "GET /wp-content/plugins/index.php HTTP/1.1" 200 0 "-" "Mozilla/5.0 (Windows NT 10.0; Win64; x64) AppleWebKit/537.36 (KHTML, like Gecko) Chrome/120.0.0.0 Safari/537.36"
20.89.233.37 - - [02/Jul/2026:04:13:43 -0400] "GET /wp-good.php HTTP/1.1" 404 1251 "-" "Mozilla/5.0 (Windows NT 10.0; Win64; x64) AppleWebKit/537.36 (KHTML, like Gecko) Chrome/120.0.0.0 Safari/537.36"
20.89.233.37 - - [02/Jul/2026:04:13:43 -0400] "GET /config.php HTTP/1.1" 404 1251 "-" "Mozilla/5.0 (Windows NT 10.0; Win64; x64) AppleWebKit/537.36 (KHTML, like Gecko) Chrome/120.0.0.0 Safari/537.36"
52.5.232.250 - - [02/Jul/2026:04:14:06 -0400] "GET /testing/wp-content/uploads/2020/06/globe.svg) HTTP/1.1" 404 1251 "-" "Mozilla/5.0 AppleWebKit/537.36 (KHTML, like Gecko; compatible; Amazonbot/0.1; +https://developer.amazon.com/support/amazonbot) Chrome/119.0.6045.214 Safari/537.36"
114.119.159.145 - - [02/Jul/2026:04:26:18 -0400] "GET /css/styles.css HTTP/1.1" 404 1251 "https://thebinarysouls.com/css/" "Mozilla/5.0 (Linux; Android 7.0;) AppleWebKit/537.36 (HTML, like Gecko) Mobile Safari/537.36 (compatible; PetalBot;+https://webmaster.petalsearch.com/site/petalbot)"
35.226.74.100 - - [02/Jul/2026:04:16:08 -0400] "GET /robots.txt HTTP/1.1" 404 1251 "-" "Mozilla/5.0 AppleWebKit/537.36 (KHTML, like Gecko; compatible; SleepBot/1.0; +http://sleepbot.com/) Chrome/131.0.0.0 Safari/537.36"
43.133.69.37 - - [02/Jul/2026:04:23:49 -0400] "GET /hereweads.zip HTTP/1.1" 200 451 "-" "Mozilla/5.0 (iPhone; CPU iPhone OS 13_2_3 like Mac OS X) AppleWebKit/605.1.15 (KHTML, like Gecko) Version/13.0.3 Mobile/15E148 Safari/604.1"
114.119.159.145 - - [02/Jul/2026:04:27:33 -0400] "GET /9-9358567-/jlf10617klzqre-vida HTTP/1.1" 404 1251 "https://thebinarysouls.com/9-9358567-/jlf10617klzqre-vida" "Mozilla/5.0 (Linux; Android 7.0;) AppleWebKit/537.36 (HTML, like Gecko) Mobile Safari/537.36 (compatible; PetalBot;+https://webmaster.petalsearch.com/site/petalbot)"
54.174.58.254 - - [02/Jul/2026:04:38:00 -0400] "HEAD /purposelee.com HTTP/1.1" 301 0 "-" "Mozilla/5.0 AppleWebKit/537.36 (KHTML, like Gecko; compatible; HubSpot Crawler; +https://www.hubspot.com) Chrome/131.0.0.0 Safari/537.36"
54.174.58.239 - - [02/Jul/2026:04:38:01 -0400] "GET /_autoindex/assets/css/autoindex.css HTTP/1.1" 200 1170 "https://thebinarysouls.com/purposelee.com/" "Mozilla/5.0 AppleWebKit/537.36 (KHTML, like Gecko; compatible; HubSpot Crawler; +https://www.hubspot.com) Chrome/131.0.0.0 Safari/537.36"
54.174.58.239 - - [02/Jul/2026:04:38:01 -0400] "GET /favicon.ico HTTP/1.1" 404 1251 "https://thebinarysouls.com/purposelee.com/" "Mozilla/5.0 AppleWebKit/537.36 (KHTML, like Gecko; compatible; HubSpot Crawler; +https://www.hubspot.com) Chrome/131.0.0.0 Safari/537.36"
43.157.20.63 - - [02/Jul/2026:04:42:08 -0400] "GET /emanplastic/ HTTP/1.1" 200 15817 "-" "Mozilla/5.0 (iPhone; CPU iPhone OS 13_2_3 like Mac OS X) AppleWebKit/605.1.15 (KHTML, like Gecko) Version/13.0.3 Mobile/15E148 Safari/604.1"
146.103.115.7 - - [02/Jul/2026:04:44:01 -0400] "GET / HTTP/1.1" 200 2263 "http://THEBINARYSOULS.COM" "Mozilla/5.0 (Windows NT 10.0; Win64; x64) AppleWebKit/537.36 (KHTML, like Gecko) Chrome/99.0.4844.51 Safari/537.36"
114.119.157.96 - - [02/Jul/2026:04:46:04 -0400] "GET /sr5054/wgs12164gioxbelmo.htm HTTP/1.1" 404 1251 "https://thebinarysouls.com/sr5054/wgs12164gioxbelmo.htm" "Mozilla/5.0 (Linux; Android 7.0;) AppleWebKit/537.36 (HTML, like Gecko) Mobile Safari/537.36 (compatible; PetalBot;+https://webmaster.petalsearch.com/site/petalbot)"
108.137.138.203 - - [02/Jul/2026:04:47:07 -0400] "GET /images/backgrounds/bg-img-2.jpg HTTP/1.1" 404 1251 "-" "Mozilla/5.0 (X11; Linux x86_64) AppleWebKit/537.36 (KHTML, like Gecko) Chrome/123.0.0.0 Safari/537.36"
108.137.138.203 - - [02/Jul/2026:04:47:10 -0400] "GET /images/backgrounds/bg-img-4.jpg HTTP/1.1" 404 1251 "-" "Mozilla/5.0 (X11; Linux x86_64) AppleWebKit/537.36 (KHTML, like Gecko) Chrome/123.0.0.0 Safari/537.36"
54.174.58.254 - - [02/Jul/2026:04:38:00 -0400] "HEAD /purposelee.com/ HTTP/1.1" 200 0 "-" "Mozilla/5.0 AppleWebKit/537.36 (KHTML, like Gecko; compatible; HubSpot Crawler; +https://www.hubspot.com) Chrome/131.0.0.0 Safari/537.36"
54.174.58.239 - - [02/Jul/2026:04:38:00 -0400] "GET /purposelee.com HTTP/1.1" 301 795 "-" "Mozilla/5.0 AppleWebKit/537.36 (KHTML, like Gecko; compatible; HubSpot Crawler; +https://www.hubspot.com) Chrome/131.0.0.0 Safari/537.36"
54.174.58.239 - - [02/Jul/2026:04:38:00 -0400] "GET /purposelee.com/ HTTP/1.1" 200 1776 "-" "Mozilla/5.0 AppleWebKit/537.36 (KHTML, like Gecko; compatible; HubSpot Crawler; +https://www.hubspot.com) Chrome/131.0.0.0 Safari/537.36"
54.174.58.239 - - [02/Jul/2026:04:38:01 -0400] "GET /_autoindex/assets/js/tablesort.js HTTP/1.1" 200 2137 "https://thebinarysouls.com/purposelee.com/" "Mozilla/5.0 AppleWebKit/537.36 (KHTML, like Gecko; compatible; HubSpot Crawler; +https://www.hubspot.com) Chrome/131.0.0.0 Safari/537.36"
54.174.58.239 - - [02/Jul/2026:04:38:01 -0400] "GET /_autoindex/assets/js/tablesort.number.js HTTP/1.1" 200 322 "https://thebinarysouls.com/purposelee.com/" "Mozilla/5.0 AppleWebKit/537.36 (KHTML, like Gecko; compatible; HubSpot Crawler; +https://www.hubspot.com) Chrome/131.0.0.0 Safari/537.36"
43.165.197.116 - - [02/Jul/2026:04:39:44 -0400] "GET / HTTP/1.1" 200 2604 "http://www.thebinarysouls.com" "Mozilla/5.0 (iPhone; CPU iPhone OS 13_2_3 like Mac OS X) AppleWebKit/605.1.15 (KHTML, like Gecko) Version/13.0.3 Mobile/15E148 Safari/604.1"
66.249.68.6 - - [02/Jul/2026:04:41:24 -0400] "GET /6U/4!%7Bpc HTTP/1.1" 404 1251 "-" "Mozilla/5.0 (Linux; Android 6.0.1; Nexus 5X Build/MMB29P) AppleWebKit/537.36 (KHTML, like Gecko) Chrome/149.0.7827.200 Mobile Safari/537.36 (compatible; Googlebot/2.1; +http://www.google.com/bot.html)"
146.103.115.7 - - [02/Jul/2026:04:44:03 -0400] "GET /wp-login.php HTTP/1.1" 500 1062 "https://thebinarysouls.com/" "Mozilla/5.0 (Windows NT 6.3; Win64; x64) AppleWebKit/537.36 (KHTML, like Gecko) Chrome/103.0.0.0 Safari/537.36"
146.103.115.7 - - [02/Jul/2026:04:44:04 -0400] "GET /wp-login.php HTTP/1.1" 500 1062 "https://thebinarysouls.com/wp-login.php" "Mozilla/5.0 (Windows NT 6.3; Win64; x64) AppleWebKit/537.36 (KHTML, like Gecko) Chrome/103.0.0.0 Safari/537.36"
114.119.145.47 - - [02/Jul/2026:04:44:41 -0400] "GET /23wembley/wp-content/themes/twentytwentytwo/ HTTP/1.1" 404 1251 "https://www.thebinarysouls.com/23wembley/wp-content/themes/?ND" "Mozilla/5.0 (Linux; Android 7.0;) AppleWebKit/537.36 (HTML, like Gecko) Mobile Safari/537.36 (compatible; PetalBot;+https://webmaster.petalsearch.com/site/petalbot)"
108.137.138.203 - - [02/Jul/2026:04:47:07 -0400] "GET /images/backgrounds/bg-img-3.jpg HTTP/1.1" 404 1251 "-" "Mozilla/5.0 (X11; Linux x86_64) AppleWebKit/537.36 (KHTML, like Gecko) Chrome/123.0.0.0 Safari/537.36"
108.137.138.203 - - [02/Jul/2026:04:47:07 -0400] "GET /images/backgrounds/bg-img-1.jpg HTTP/1.1" 404 1251 "-" "Mozilla/5.0 (X11; Linux x86_64) AppleWebKit/537.36 (KHTML, like Gecko) Chrome/123.0.0.0 Safari/537.36"
108.137.138.203 - - [02/Jul/2026:04:47:14 -0400] "GET /images/backgrounds/bg-img-5.jpg HTTP/1.1" 404 1251 "-" "Mozilla/5.0 (X11; Linux x86_64) AppleWebKit/537.36 (KHTML, like Gecko) Chrome/123.0.0.0 Safari/537.36"
114.119.159.145 - - [02/Jul/2026:04:47:28 -0400] "GET /rld-/xvt14947dfuvs-16.html HTTP/1.1" 404 1251 "https://thebinarysouls.com/rld-/xvt14947dfuvs-16.html" "Mozilla/5.0 (Linux; Android 7.0;) AppleWebKit/537.36 (HTML, like Gecko) Mobile Safari/537.36 (compatible; PetalBot;+https://webmaster.petalsearch.com/site/petalbot)"
14.143.143.22 - - [02/Jul/2026:04:48:09 -0400] "GET /officepoint/wp-content/uploads/2026/01/List-Arrow.svg HTTP/1.1" 200 334 "https://office-point.co.uk/" "Mozilla/5.0 (Windows NT 10.0; Win64; x64) AppleWebKit/537.36 (KHTML, like Gecko) Chrome/149.0.0.0 Safari/537.36"
14.143.143.22 - - [02/Jul/2026:04:48:12 -0400] "GET /officepoint/wp-content/uploads/2026/01/Cart-btn-icon.svg HTTP/1.1" 200 532 "https://office-point.co.uk/" "Mozilla/5.0 (Windows NT 10.0; Win64; x64) AppleWebKit/537.36 (KHTML, like Gecko) Chrome/149.0.0.0 Safari/537.36"
114.119.159.216 - - [02/Jul/2026:04:48:51 -0400] "GET /postig/hfd22939vusf1865.html HTTP/1.1" 404 1251 "https://thebinarysouls.com/postig/hfd22939vusf1865.html" "Mozilla/5.0 (Linux; Android 8.0.0; SM-G955U Build/R16NW) AppleWebKit/537.36 (KHTML, like Gecko) Chrome/148.0.0.0 Mobile Safari/537.36"
114.119.143.225 - - [02/Jul/2026:04:50:15 -0400] "GET /ney/ork11896reck955.html HTTP/1.1" 404 1251 "https://thebinarysouls.com/ney/ork11896reck955.html" "Mozilla/5.0 (Linux; Android 7.0;) AppleWebKit/537.36 (HTML, like Gecko) Mobile Safari/537.36 (compatible; PetalBot;+https://webmaster.petalsearch.com/site/petalbot)"
43.167.245.18 - - [02/Jul/2026:04:51:44 -0400] "GET /purposelee.com/ HTTP/1.1" 200 2106 "-" "Mozilla/5.0 (iPhone; CPU iPhone OS 13_2_3 like Mac OS X) AppleWebKit/605.1.15 (KHTML, like Gecko) Version/13.0.3 Mobile/15E148 Safari/604.1"
114.119.159.216 - - [02/Jul/2026:04:54:27 -0400] "GET /gds004470/eha18152hrxfgoods-goods.htm HTTP/1.1" 404 1251 "https://thebinarysouls.com/gds004470/eha18152hrxfgoods-goods.htm" "Mozilla/5.0 (Linux; Android 7.0;) AppleWebKit/537.36 (HTML, like Gecko) Mobile Safari/537.36 (compatible; PetalBot;+https://webmaster.petalsearch.com/site/petalbot)"
74.7.241.190 - - [02/Jul/2026:04:57:04 -0400] "GET /robots.txt HTTP/1.1" 404 1251 "-" "Mozilla/5.0 (Macintosh; Intel Mac OS X 10_15_7) AppleWebKit/537.36 (KHTML, like Gecko) Chrome/131.0.0.0 Safari/537.36; compatible; OAI-SearchBot/1.4; robots.txt; +https://openai.com/searchbot"
114.119.159.145 - - [02/Jul/2026:04:57:37 -0400] "GET /fleming9d/ccb334411.htm HTTP/1.1" 404 1251 "https://thebinarysouls.com/fleming9d/ccb334411.htm" "Mozilla/5.0 (Linux; Android 7.0;) AppleWebKit/537.36 (HTML, like Gecko) Mobile Safari/537.36 (compatible; PetalBot;+https://webmaster.petalsearch.com/site/petalbot)"
114.119.159.216 - - [02/Jul/2026:04:58:44 -0400] "GET /g-loir/jvf27829pvyr187-01.html HTTP/1.1" 404 1251 "https://thebinarysouls.com/g-loir/jvf27829pvyr187-01.html" "Mozilla/5.0 (Linux; Android 7.0;) AppleWebKit/537.36 (HTML, like Gecko) Mobile Safari/537.36 (compatible; PetalBot;+https://webmaster.petalsearch.com/site/petalbot)"
114.119.159.216 - - [02/Jul/2026:05:00:11 -0400] "GET /el-an/avw9958apvwg-11100.html HTTP/1.1" 404 1251 "https://thebinarysouls.com/el-an/avw9958apvwg-11100.html" "Mozilla/5.0 (Linux; Android 7.0;) AppleWebKit/537.36 (HTML, like Gecko) Mobile Safari/537.36 (compatible; PetalBot;+https://webmaster.petalsearch.com/site/petalbot)"
114.119.145.47 - - [02/Jul/2026:05:01:33 -0400] "GET /b-pa/thp19779ydehfermart HTTP/1.1" 404 1251 "https://thebinarysouls.com/b-pa/thp19779ydehfermart" "Mozilla/5.0 (Linux; Android 7.0;) AppleWebKit/537.36 (HTML, like Gecko) Mobile Safari/537.36 (compatible; PetalBot;+https://webmaster.petalsearch.com/site/petalbot)"
43.157.43.147 - - [02/Jul/2026:05:02:52 -0400] "GET /wp-trackback.php HTTP/1.1" 500 1233 "-" "Mozilla/5.0 (iPhone; CPU iPhone OS 13_2_3 like Mac OS X) AppleWebKit/605.1.15 (KHTML, like Gecko) Version/13.0.3 Mobile/15E148 Safari/604.1"
14.143.143.22 - - [02/Jul/2026:04:48:08 -0400] "GET /officepoint/wp-content/themes/woodmart/images/payments.png HTTP/1.1" 200 9198 "https://office-point.co.uk/" "Mozilla/5.0 (Windows NT 10.0; Win64; x64) AppleWebKit/537.36 (KHTML, like Gecko) Chrome/149.0.0.0 Safari/537.36"
14.143.143.22 - - [02/Jul/2026:04:48:12 -0400] "GET /officepoint/wp-content/uploads/2026/01/Cursor-1.svg HTTP/1.1" 200 1066 "https://office-point.co.uk/" "Mozilla/5.0 (Windows NT 10.0; Win64; x64) AppleWebKit/537.36 (KHTML, like Gecko) Chrome/149.0.0.0 Safari/537.36"
74.7.230.3 - - [02/Jul/2026:04:50:26 -0400] "GET /robots.txt HTTP/1.1" 404 1251 "-" "Mozilla/5.0 (Macintosh; Intel Mac OS X 10_15_7) AppleWebKit/537.36 (KHTML, like Gecko) Chrome/131.0.0.0 Safari/537.36; compatible; OAI-SearchBot/1.4; robots.txt; +https://openai.com/searchbot"
114.119.144.38 - - [02/Jul/2026:04:51:40 -0400] "GET /mst/iee6586myel332.html HTTP/1.1" 404 1251 "https://thebinarysouls.com/mst/iee6586myel332.html" "Mozilla/5.0 (Linux; Android 7.0;) AppleWebKit/537.36 (HTML, like Gecko) Mobile Safari/537.36 (compatible; PetalBot;+https://webmaster.petalsearch.com/site/petalbot)"
144.217.135.140 - - [02/Jul/2026:04:52:19 -0400] "GET /buyhouse/wp-content/uploads/2024/10/Right-Arrow-Footer-new.svg HTTP/1.1" 404 1251 "https://quickpropertybuyers.co.uk/" "Mozilla/5.0 (compatible; Dataprovider.com)"
114.119.159.145 - - [02/Jul/2026:04:53:04 -0400] "GET /izuma/jtf14725rtkj51728.html HTTP/1.1" 404 1251 "https://thebinarysouls.com/izuma/jtf14725rtkj51728.html" "Mozilla/5.0 (Linux; Android 7.0;) AppleWebKit/537.36 (HTML, like Gecko) Mobile Safari/537.36 (compatible; PetalBot;+https://webmaster.petalsearch.com/site/petalbot)"
66.249.68.5 - - [02/Jul/2026:05:03:06 -0400] "GET /officepoint/wp-content/themes/woodmart/images/payments.png HTTP/1.1" 200 9198 "https://office-point.co.uk/" "Mozilla/5.0 (Linux; Android 6.0.1; Nexus 5X Build/MMB29P) AppleWebKit/537.36 (KHTML, like Gecko) Chrome/149.0.7827.200 Mobile Safari/537.36 (compatible; Googlebot/2.1; +http://www.google.com/bot.html)"
114.119.159.145 - - [02/Jul/2026:05:03:11 -0400] "GET /as-/hhd13085ihmzdiva-closet.htm HTTP/1.1" 404 1251 "https://thebinarysouls.com/as-/hhd13085ihmzdiva-closet.htm" "Mozilla/5.0 (Linux; Android 7.0;) AppleWebKit/537.36 (HTML, like Gecko) Mobile Safari/537.36 (compatible; PetalBot;+https://webmaster.petalsearch.com/site/petalbot)"
114.119.157.25 - - [02/Jul/2026:05:04:17 -0400] "GET /arabia8cbdf/cccd1025748.htm HTTP/1.1" 404 1251 "https://thebinarysouls.com/arabia8cbdf/cccd1025748.htm" "Mozilla/5.0 (Linux; Android 7.0;) AppleWebKit/537.36 (HTML, like Gecko) Mobile Safari/537.36 (compatible; PetalBot;+https://webmaster.petalsearch.com/site/petalbot)"
114.119.138.155 - - [02/Jul/2026:05:05:38 -0400] "GET /spoo/otk15536tucikts-web.htm HTTP/1.1" 404 1251 "https://thebinarysouls.com/spoo/otk15536tucikts-web.htm" "Mozilla/5.0 (Linux; Android 7.0;) AppleWebKit/537.36 (HTML, like Gecko) Mobile Safari/537.36 (compatible; PetalBot;+https://webmaster.petalsearch.com/site/petalbot)"
114.119.144.38 - - [02/Jul/2026:05:07:02 -0400] "GET /steru/qkm10234qlko-17.html HTTP/1.1" 404 1251 "https://thebinarysouls.com/steru/qkm10234qlko-17.html" "Mozilla/5.0 (Linux; Android 7.0;) AppleWebKit/537.36 (HTML, like Gecko) Mobile Safari/537.36 (compatible; PetalBot;+https://webmaster.petalsearch.com/site/petalbot)"
170.106.192.3 - - [02/Jul/2026:05:12:56 -0400] "GET /pashtoo/ HTTP/1.1" 403 1242 "-" "Mozilla/5.0 (iPhone; CPU iPhone OS 13_2_3 like Mac OS X) AppleWebKit/605.1.15 (KHTML, like Gecko) Version/13.0.3 Mobile/15E148 Safari/604.1"
114.119.159.216 - - [02/Jul/2026:05:08:25 -0400] "GET /mandatory33/bf1046240.htm HTTP/1.1" 404 1251 "https://thebinarysouls.com/mandatory33/bf1046240.htm" "Mozilla/5.0 (Linux; Android 7.0;) AppleWebKit/537.36 (HTML, like Gecko) Mobile Safari/537.36 (compatible; PetalBot;+https://webmaster.petalsearch.com/site/petalbot)"
114.119.157.96 - - [02/Jul/2026:05:09:49 -0400] "GET /55-/mti21930mftxsanzokumura HTTP/1.1" 404 1251 "https://thebinarysouls.com/55-/mti21930mftxsanzokumura" "Mozilla/5.0 (Linux; Android 7.0;) AppleWebKit/537.36 (HTML, like Gecko) Mobile Safari/537.36 (compatible; PetalBot;+https://webmaster.petalsearch.com/site/petalbot)"
114.119.157.25 - - [02/Jul/2026:05:11:12 -0400] "GET /rst3/mmi28222bzmjusco-18.html HTTP/1.1" 404 1251 "https://thebinarysouls.com/rst3/mmi28222bzmjusco-18.html" "Mozilla/5.0 (Linux; Android 7.0;) AppleWebKit/537.36 (HTML, like Gecko) Mobile Safari/537.36 (compatible; PetalBot;+https://webmaster.petalsearch.com/site/petalbot)"
114.119.138.155 - - [02/Jul/2026:05:15:00 -0400] "GET /8-1d6zg/ygu14766nggnasty-shop HTTP/1.1" 404 1251 "https://thebinarysouls.com/8-1d6zg/ygu14766nggnasty-shop" "Mozilla/5.0 (Linux; Android 7.0;) AppleWebKit/537.36 (HTML, like Gecko) Mobile Safari/537.36 (compatible; PetalBot;+https://webmaster.petalsearch.com/site/petalbot)"
157.125.235.107 - - [02/Jul/2026:05:19:49 -0400] "GET /officepoint/wp-content/uploads/2026/01/List-Arrow.svg HTTP/1.1" 200 334 "https://office-point.co.uk/" "Mozilla/5.0 (Windows NT 10.0; Win64; x64) AppleWebKit/537.36 (KHTML, like Gecko) Chrome/149.0.0.0 Safari/537.36"
157.125.235.107 - - [02/Jul/2026:05:19:49 -0400] "GET /officepoint/wp-content/themes/woodmart/images/payments.png HTTP/1.1" 200 9198 "https://office-point.co.uk/" "Mozilla/5.0 (Windows NT 10.0; Win64; x64) AppleWebKit/537.36 (KHTML, like Gecko) Chrome/149.0.0.0 Safari/537.36"
154.37.101.187 - - [02/Jul/2026:05:21:28 -0400] "GET /officepoint/wp-content/themes/woodmart/images/payments.png HTTP/1.1" 206 500 "https://office-point.co.uk/" "Mozilla/5.0 (Linux; Android 5.0; SM-G900P Build/LRX21T) AppleWebKit/537.36 (KHTML, like Gecko) Chrome/43.0.7266.1540 Mobile Safari/537.36"
47.128.55.74 - - [02/Jul/2026:05:21:38 -0400] "GET /robots.txt HTTP/1.1" 404 1251 "-" "Mozilla/5.0 (Linux; Android 5.0) AppleWebKit/537.36 (KHTML, like Gecko) Mobile Safari/537.36 (compatible; Bytespider; spider-feedback@bytedance.com)"
49.51.166.228 - - [02/Jul/2026:05:22:23 -0400] "GET /beta.zip HTTP/1.1" 200 10085336 "-" "Mozilla/5.0 (iPhone; CPU iPhone OS 13_2_3 like Mac OS X) AppleWebKit/605.1.15 (KHTML, like Gecko) Version/13.0.3 Mobile/15E148 Safari/604.1"
170.64.200.207 - - [02/Jul/2026:05:14:16 -0400] "GET /.git/config HTTP/1.1" 403 1242 "-" "Mozilla/5.0 (X11; Linux x86_64) AppleWebKit/537.36 (KHTML, like Gecko) Chrome/81.0.4044.129 Safari/537.36"
14.143.143.22 - - [02/Jul/2026:05:25:11 -0400] "GET /officepoint/wp-content/themes/woodmart/images/payments.png HTTP/1.1" 200 9198 "https://office-point.co.uk/" "Mozilla/5.0 (Windows NT 10.0; Win64; x64) AppleWebKit/537.36 (KHTML, like Gecko) Chrome/149.0.0.0 Safari/537.36"
14.143.143.22 - - [02/Jul/2026:05:25:15 -0400] "GET /officepoint/wp-content/uploads/2026/01/Cart-btn-icon.svg HTTP/1.1" 200 532 "https://office-point.co.uk/" "Mozilla/5.0 (Windows NT 10.0; Win64; x64) AppleWebKit/537.36 (KHTML, like Gecko) Chrome/149.0.0.0 Safari/537.36"
100.26.143.52 - - [02/Jul/2026:05:33:50 -0400] "GET /robots.txt HTTP/1.1" 404 1251 "-" "NVBot"
114.119.157.96 - - [02/Jul/2026:05:39:00 -0400] "GET /opiba/gmc3204mujvmavazi HTTP/1.1" 404 1251 "https://thebinarysouls.com/opiba/gmc3204mujvmavazi" "Mozilla/5.0 (Linux; Android 7.0;) AppleWebKit/537.36 (HTML, like Gecko) Mobile Safari/537.36 (compatible; PetalBot;+https://webmaster.petalsearch.com/site/petalbot)"
114.119.144.38 - - [02/Jul/2026:05:40:11 -0400] "GET /eca/mzi8566cwzz50807.html HTTP/1.1" 404 1251 "https://thebinarysouls.com/eca/mzi8566cwzz50807.html" "Mozilla/5.0 (Linux; Android 7.0;) AppleWebKit/537.36 (HTML, like Gecko) Mobile Safari/537.36 (compatible; PetalBot;+https://webmaster.petalsearch.com/site/petalbot)"
14.143.143.22 - - [02/Jul/2026:05:25:13 -0400] "GET /officepoint/wp-content/uploads/2026/01/List-Arrow.svg HTTP/1.1" 200 334 "https://office-point.co.uk/" "Mozilla/5.0 (Windows NT 10.0; Win64; x64) AppleWebKit/537.36 (KHTML, like Gecko) Chrome/149.0.0.0 Safari/537.36"
14.143.143.22 - - [02/Jul/2026:05:25:15 -0400] "GET /officepoint/wp-content/uploads/2026/01/Cursor-1.svg HTTP/1.1" 200 1066 "https://office-point.co.uk/" "Mozilla/5.0 (Windows NT 10.0; Win64; x64) AppleWebKit/537.36 (KHTML, like Gecko) Chrome/149.0.0.0 Safari/537.36"
43.153.107.22 - - [02/Jul/2026:05:32:04 -0400] "GET /Boa.zip HTTP/1.1" 200 1307872 "-" "Mozilla/5.0 (iPhone; CPU iPhone OS 13_2_3 like Mac OS X) AppleWebKit/605.1.15 (KHTML, like Gecko) Version/13.0.3 Mobile/15E148 Safari/604.1"
100.26.143.52 - - [02/Jul/2026:05:33:50 -0400] "GET /.well-known/tdmrep.json HTTP/1.1" 404 1251 "-" "NVBot"
43.159.149.216 - - [02/Jul/2026:05:41:38 -0400] "GET /wp-cron.php HTTP/1.1" 200 0 "-" "Mozilla/5.0 (iPhone; CPU iPhone OS 13_2_3 like Mac OS X) AppleWebKit/605.1.15 (KHTML, like Gecko) Version/13.0.3 Mobile/15E148 Safari/604.1"
123.6.49.47 - - [02/Jul/2026:05:45:00 -0400] "GET /_autoindex/assets/css/autoindex.css HTTP/1.1" 200 1170 "https://thebinarysouls.com/" "Mozilla/5.0 (Linux; U; Android 8.1.0; zh-cn; MI 8 Build/OPM1.171019.011) AppleWebKit/537.36 (KHTML, like Gecko) Version/4.0 Chrome/57.0.2987.108 Mobile Safari/537.36"
