PATH:
usr
/
local
/
apache
/
domlogs
/
thebhoeo
172.241.170.222 - - [01/Jul/2026:08:16:23 -0400] "GET / HTTP/1.1" 200 2188 "-" "Mozilla/5.0 (Windows NT 10.0; Win64; x64) AppleWebKit/537.36 (KHTML, like Gecko) Chrome/145.0.0.0 Safari/537.36"
172.241.170.222 - - [01/Jul/2026:08:16:23 -0400] "GET /binarysouls.com/ HTTP/1.1" 200 145 "-" "Mozilla/5.0 (Windows NT 10.0; Win64; x64) AppleWebKit/537.36 (KHTML, like Gecko) Chrome/145.0.0.0 Safari/537.36"
43.130.101.151 - - [01/Jul/2026:08:17:15 -0400] "GET /emporio-fx.com/?SD HTTP/1.1" 200 1299 "-" "Mozilla/5.0 (iPhone; CPU iPhone OS 13_2_3 like Mac OS X) AppleWebKit/605.1.15 (KHTML, like Gecko) Version/13.0.3 Mobile/15E148 Safari/604.1"
74.7.230.3 - - [01/Jul/2026:08:23:22 -0400] "GET /robots.txt HTTP/1.1" 404 1251 "-" "Mozilla/5.0 (Macintosh; Intel Mac OS X 10_15_7) AppleWebKit/537.36 (KHTML, like Gecko) Chrome/131.0.0.0 Safari/537.36; compatible; OAI-SearchBot/1.4; robots.txt; +https://openai.com/searchbot"
108.137.138.203 - - [01/Jul/2026:08:23:50 -0400] "GET /images/backgrounds/bg-img-5.jpg HTTP/1.1" 404 1251 "-" "Mozilla/5.0 (X11; Linux x86_64) AppleWebKit/537.36 (KHTML, like Gecko) Chrome/123.0.0.0 Safari/537.36"
108.137.138.203 - - [01/Jul/2026:08:23:56 -0400] "GET /images/backgrounds/bg-img-4.jpg HTTP/1.1" 404 1251 "-" "Mozilla/5.0 (X11; Linux x86_64) AppleWebKit/537.36 (KHTML, like Gecko) Chrome/123.0.0.0 Safari/537.36"
114.119.144.38 - - [01/Jul/2026:08:24:38 -0400] "GET /wp-sitemap-posts-page-1.xml HTTP/1.1" 404 1251 "https://thebinarysouls.com/wp-sitemap-posts-page-1.xml" "Mozilla/5.0 (Linux; Android 7.0;) AppleWebKit/537.36 (HTML, like Gecko) Mobile Safari/537.36 (compatible; PetalBot;+https://webmaster.petalsearch.com/site/petalbot)"
178.33.123.144 - - [01/Jul/2026:08:25:44 -0400] "GET /_autoindex/assets/js/tablesort.js HTTP/1.1" 200 2137 "https://thebinarysouls.com/" "Mozilla/5.0 (Windows NT 10.0; Win64; x64) AppleWebKit/537.36 (KHTML, like Gecko) Chrome/127.0.0.0 Safari/537.36 OPR/113.0.0.0"
178.33.123.144 - - [01/Jul/2026:08:25:44 -0400] "GET /_autoindex/assets/js/tablesort.number.js HTTP/1.1" 200 322 "https://thebinarysouls.com/" "Mozilla/5.0 (Windows NT 10.0; Win64; x64) AppleWebKit/537.36 (KHTML, like Gecko) Chrome/127.0.0.0 Safari/537.36 OPR/113.0.0.0"
43.153.54.14 - - [01/Jul/2026:08:27:13 -0400] "GET /emporio-fx.com/?NA HTTP/1.1" 200 1306 "-" "Mozilla/5.0 (iPhone; CPU iPhone OS 13_2_3 like Mac OS X) AppleWebKit/605.1.15 (KHTML, like Gecko) Version/13.0.3 Mobile/15E148 Safari/604.1"
216.73.216.236 - - [01/Jul/2026:08:31:17 -0400] "GET /robots.txt HTTP/1.1" 404 1251 "-" "Mozilla/5.0 (Macintosh; Intel Mac OS X 10_15_7) AppleWebKit/537.36 (KHTML, like Gecko) Chrome/131.0.0.0 Safari/537.36; ClaudeBot/1.0; +claudebot@anthropic.com)"
216.73.216.236 - - [01/Jul/2026:08:31:17 -0400] "GET /officepoint/wp-content/uploads/2026/01/List-Arrow.svg HTTP/1.1" 200 334 "https://office-point.co.uk/product/philips-silver-digital-dictation-starter-kit-dpm6700/" "Mozilla/5.0 (Macintosh; Intel Mac OS X 10_15_7) AppleWebKit/537.36 (KHTML, like Gecko) Chrome/131.0.0.0 Safari/537.36; ClaudeBot/1.0; +claudebot@anthropic.com)"
216.73.216.236 - - [01/Jul/2026:08:31:17 -0400] "GET /officepoint/wp-content/uploads/2026/01/Cursor-1.svg HTTP/1.1" 200 1066 "https://office-point.co.uk/product/philips-silver-digital-dictation-starter-kit-dpm6700/" "Mozilla/5.0 (Macintosh; Intel Mac OS X 10_15_7) AppleWebKit/537.36 (KHTML, like Gecko) Chrome/131.0.0.0 Safari/537.36; ClaudeBot/1.0; +claudebot@anthropic.com)"
216.73.216.236 - - [01/Jul/2026:08:31:17 -0400] "GET /officepoint/wp-content/uploads/2026/01/Cart-btn-icon.svg HTTP/1.1" 200 532 "https://office-point.co.uk/product/philips-silver-digital-dictation-starter-kit-dpm6700/" "Mozilla/5.0 (Macintosh; Intel Mac OS X 10_15_7) AppleWebKit/537.36 (KHTML, like Gecko) Chrome/131.0.0.0 Safari/537.36; ClaudeBot/1.0; +claudebot@anthropic.com)"
172.241.170.222 - - [01/Jul/2026:08:16:23 -0400] "GET /beatler.com/ HTTP/1.1" 404 0 "-" "Mozilla/5.0 (Windows NT 10.0; Win64; x64) AppleWebKit/537.36 (KHTML, like Gecko) Chrome/145.0.0.0 Safari/537.36"
172.241.170.222 - - [01/Jul/2026:08:16:24 -0400] "GET /_autoindex/assets/js/tablesort.js HTTP/1.1" 200 2137 "-" "Mozilla/5.0 (Windows NT 10.0; Win64; x64) AppleWebKit/537.36 (KHTML, like Gecko) Chrome/145.0.0.0 Safari/537.36"
172.241.170.222 - - [01/Jul/2026:08:16:24 -0400] "GET /_autoindex/assets/js/tablesort.number.js HTTP/1.1" 200 322 "-" "Mozilla/5.0 (Windows NT 10.0; Win64; x64) AppleWebKit/537.36 (KHTML, like Gecko) Chrome/145.0.0.0 Safari/537.36"
135.232.19.35 - - [01/Jul/2026:08:23:33 -0400] "GET /pashtoo/wp-content/uploads/2024/11/shape-2.svg HTTP/1.1" 200 201 "https://ribblesports.com/" "Mozilla/5.0 (Windows NT 10.0; Win64; x64) AppleWebKit/537.36 (KHTML, like Gecko) Chrome/142.0.7444.175 Safari/537.36"
108.137.138.203 - - [01/Jul/2026:08:23:55 -0400] "GET /images/backgrounds/bg-img-3.jpg HTTP/1.1" 404 1251 "-" "Mozilla/5.0 (X11; Linux x86_64) AppleWebKit/537.36 (KHTML, like Gecko) Chrome/123.0.0.0 Safari/537.36"
108.137.138.203 - - [01/Jul/2026:08:23:56 -0400] "GET /images/backgrounds/bg-img-2.jpg HTTP/1.1" 404 1251 "-" "Mozilla/5.0 (X11; Linux x86_64) AppleWebKit/537.36 (KHTML, like Gecko) Chrome/123.0.0.0 Safari/537.36"
178.33.123.144 - - [01/Jul/2026:08:25:44 -0400] "GET / HTTP/1.1" 200 2185 "-" "Mozilla/5.0 (Windows NT 10.0; Win64; x64) AppleWebKit/537.36 (KHTML, like Gecko) Chrome/127.0.0.0 Safari/537.36 OPR/113.0.0.0"
178.33.123.144 - - [01/Jul/2026:08:25:44 -0400] "GET /_autoindex/assets/css/autoindex.css HTTP/1.1" 200 1170 "https://thebinarysouls.com/" "Mozilla/5.0 (Windows NT 10.0; Win64; x64) AppleWebKit/537.36 (KHTML, like Gecko) Chrome/127.0.0.0 Safari/537.36 OPR/113.0.0.0"
178.33.123.144 - - [01/Jul/2026:08:25:45 -0400] "GET /favicon.ico HTTP/1.1" 404 1251 "https://thebinarysouls.com/" "Mozilla/5.0 (Windows NT 10.0; Win64; x64) AppleWebKit/537.36 (KHTML, like Gecko) Chrome/127.0.0.0 Safari/537.36 OPR/113.0.0.0"
216.73.216.236 - - [01/Jul/2026:08:31:17 -0400] "GET /robots.txt HTTP/1.1" 404 1251 "-" "Mozilla/5.0 (Macintosh; Intel Mac OS X 10_15_7) AppleWebKit/537.36 (KHTML, like Gecko) Chrome/131.0.0.0 Safari/537.36; ClaudeBot/1.0; +claudebot@anthropic.com)"
216.73.216.236 - - [01/Jul/2026:08:31:17 -0400] "GET /robots.txt HTTP/1.1" 404 1251 "-" "Mozilla/5.0 (Macintosh; Intel Mac OS X 10_15_7) AppleWebKit/537.36 (KHTML, like Gecko) Chrome/131.0.0.0 Safari/537.36; ClaudeBot/1.0; +claudebot@anthropic.com)"
216.73.216.236 - - [01/Jul/2026:08:31:17 -0400] "GET /robots.txt HTTP/1.1" 404 1251 "-" "Mozilla/5.0 (Macintosh; Intel Mac OS X 10_15_7) AppleWebKit/537.36 (KHTML, like Gecko) Chrome/131.0.0.0 Safari/537.36; ClaudeBot/1.0; +claudebot@anthropic.com)"
40.91.80.231 - - [01/Jul/2026:08:32:53 -0400] "GET / HTTP/1.1" 200 2545 "-" "Mozilla/5.0 (Windows NT 10.0; Win64; x64)"
40.91.80.231 - - [01/Jul/2026:08:32:58 -0400] "GET /beatler.com/ HTTP/1.1" 404 0 "-" "Mozilla/5.0 (Windows NT 10.0; Win64; x64)"
40.91.80.231 - - [01/Jul/2026:08:32:57 -0400] "GET /booksfinders.com/ HTTP/1.1" 200 0 "-" "Mozilla/5.0 (Windows NT 10.0; Win64; x64)"
40.91.80.231 - - [01/Jul/2026:08:33:00 -0400] "GET /emanplastic/ HTTP/1.1" 200 15817 "-" "Mozilla/5.0 (Windows NT 10.0; Win64; x64)"
40.91.80.231 - - [01/Jul/2026:08:33:00 -0400] "GET /emporio-fx.com/ HTTP/1.1" 200 1306 "-" "Mozilla/5.0 (Windows NT 10.0; Win64; x64)"
40.91.80.231 - - [01/Jul/2026:08:33:01 -0400] "GET /lazysleep/ HTTP/1.1" 403 1242 "-" "Mozilla/5.0 (Windows NT 10.0; Win64; x64)"
134.199.84.9 - - [01/Jul/2026:08:33:03 -0400] "GET /lazysleep/ HTTP/1.1" 403 1242 "-" "Mozilla/5.0 (Windows NT 10.0; Win64; x64)"
40.91.80.231 - - [01/Jul/2026:08:33:03 -0400] "GET /pashtoo/ HTTP/1.1" 403 1242 "-" "Mozilla/5.0 (Windows NT 10.0; Win64; x64)"
40.91.80.231 - - [01/Jul/2026:08:33:03 -0400] "GET /primaagencies.net/ HTTP/1.1" 200 0 "-" "Mozilla/5.0 (Windows NT 10.0; Win64; x64)"
216.73.216.236 - - [01/Jul/2026:08:31:17 -0400] "GET /officepoint/wp-content/themes/woodmart/images/payments.png HTTP/1.1" 200 9198 "https://office-point.co.uk/product/philips-silver-digital-dictation-starter-kit-dpm6700/" "Mozilla/5.0 (Macintosh; Intel Mac OS X 10_15_7) AppleWebKit/537.36 (KHTML, like Gecko) Chrome/131.0.0.0 Safari/537.36; ClaudeBot/1.0; +claudebot@anthropic.com)"
40.91.80.231 - - [01/Jul/2026:08:32:58 -0400] "GET /binarysouls.com/ HTTP/1.1" 200 145 "-" "Mozilla/5.0 (Windows NT 10.0; Win64; x64)"
40.91.80.231 - - [01/Jul/2026:08:33:02 -0400] "GET /mediachunks.com/ HTTP/1.1" 200 1436 "-" "Mozilla/5.0 (Windows NT 10.0; Win64; x64)"
40.91.80.231 - - [01/Jul/2026:08:33:02 -0400] "GET /mg.purposelee.com/ HTTP/1.1" 200 0 "-" "Mozilla/5.0 (Windows NT 10.0; Win64; x64)"
40.91.80.231 - - [01/Jul/2026:08:33:03 -0400] "GET /officepoint/ HTTP/1.1" 403 1242 "-" "Mozilla/5.0 (Windows NT 10.0; Win64; x64)"
40.91.80.231 - - [01/Jul/2026:08:33:03 -0400] "GET /purposelee.com/ HTTP/1.1" 200 2094 "-" "Mozilla/5.0 (Windows NT 10.0; Win64; x64)"
40.91.80.231 - - [01/Jul/2026:08:33:05 -0400] "GET /readtravel/ HTTP/1.1" 200 4238 "-" "Mozilla/5.0 (Windows NT 10.0; Win64; x64)"
40.91.80.231 - - [01/Jul/2026:08:33:06 -0400] "GET /wp-includes/ HTTP/1.1" 200 12283 "-" "Mozilla/5.0 (Windows NT 10.0; Win64; x64)"
40.91.80.231 - - [01/Jul/2026:08:33:06 -0400] "GET /error_log HTTP/1.1" 403 1242 "-" "Mozilla/5.0 (Windows NT 10.0; Win64; x64)"
40.91.80.231 - - [01/Jul/2026:08:33:06 -0400] "GET /wp-activate.php HTTP/1.1" 500 1233 "-" "Mozilla/5.0 (Windows NT 10.0; Win64; x64)"
150.109.46.88 - - [01/Jul/2026:08:36:26 -0400] "GET /?ND HTTP/1.1" 200 2581 "-" "Mozilla/5.0 (iPhone; CPU iPhone OS 13_2_3 like Mac OS X) AppleWebKit/605.1.15 (KHTML, like Gecko) Version/13.0.3 Mobile/15E148 Safari/604.1"
157.203.6.114 - - [01/Jul/2026:08:37:53 -0400] "GET /officepoint/wp-content/themes/woodmart/images/payments.png HTTP/1.1" 200 9198 "https://office-point.co.uk/" "Mozilla/5.0 (Windows NT 10.0; Win64; x64) AppleWebKit/537.36 (KHTML, like Gecko) Chrome/149.0.0.0 Safari/537.36"
157.203.6.114 - - [01/Jul/2026:08:37:53 -0400] "GET /officepoint/wp-content/uploads/2026/01/Cursor-1.svg HTTP/1.1" 200 1066 "https://office-point.co.uk/" "Mozilla/5.0 (Windows NT 10.0; Win64; x64) AppleWebKit/537.36 (KHTML, like Gecko) Chrome/149.0.0.0 Safari/537.36"
43.131.253.14 - - [01/Jul/2026:08:46:54 -0400] "GET /ai1wm-backups.zip HTTP/1.1" 200 9758027 "-" "Mozilla/5.0 (iPhone; CPU iPhone OS 13_2_3 like Mac OS X) AppleWebKit/605.1.15 (KHTML, like Gecko) Version/13.0.3 Mobile/15E148 Safari/604.1"
74.7.241.190 - - [01/Jul/2026:08:47:16 -0400] "GET /robots.txt HTTP/1.1" 404 1251 "http://thebinarysouls.com/robots.txt" "Mozilla/5.0 (Macintosh; Intel Mac OS X 10_15_7) AppleWebKit/537.36 (KHTML, like Gecko) Chrome/131.0.0.0 Safari/537.36; compatible; OAI-SearchBot/1.4; robots.txt; +https://openai.com/searchbot"
114.119.159.145 - - [01/Jul/2026:08:55:50 -0400] "GET /zal/ntj13273rtkja-jx40215.html HTTP/1.1" 404 1251 "https://thebinarysouls.com/zal/ntj13273rtkja-jx40215.html" "Mozilla/5.0 (Linux; Android 7.0;) AppleWebKit/537.36 (HTML, like Gecko) Mobile Safari/537.36 (compatible; PetalBot;+https://webmaster.petalsearch.com/site/petalbot)"
136.227.163.207 - - [01/Jul/2026:08:33:05 -0400] "GET /officepoint/ HTTP/1.1" 403 1242 "-" "Mozilla/5.0 (Windows NT 10.0; Win64; x64)"
134.199.71.71 - - [01/Jul/2026:08:33:05 -0400] "GET /pashtoo/ HTTP/1.1" 403 1242 "-" "Mozilla/5.0 (Windows NT 10.0; Win64; x64)"
40.91.80.231 - - [01/Jul/2026:08:33:06 -0400] "GET /wp-content/ HTTP/1.1" 200 0 "-" "Mozilla/5.0 (Windows NT 10.0; Win64; x64)"
40.91.80.231 - - [01/Jul/2026:08:33:06 -0400] "GET /admin.php HTTP/1.1" 404 0 "-" "Mozilla/5.0 (Windows NT 10.0; Win64; x64)"
40.91.80.231 - - [01/Jul/2026:08:33:06 -0400] "GET /wp-blog-header.php HTTP/1.1" 500 1233 "-" "Mozilla/5.0 (Windows NT 10.0; Win64; x64)"
136.227.161.37 - - [01/Jul/2026:08:33:07 -0400] "GET /error_log HTTP/1.1" 403 1242 "-" "Mozilla/5.0 (Windows NT 10.0; Win64; x64)"
64.71.131.243 - - [01/Jul/2026:08:36:21 -0400] "GET /ads.txt HTTP/1.1" 404 1251 "-" "Mozilla/5.0 (compatible; ev-crawler/1.0; +https://headline.com/legal/crawler)"
157.203.6.114 - - [01/Jul/2026:08:37:53 -0400] "GET /officepoint/wp-content/uploads/2026/01/List-Arrow.svg HTTP/1.1" 200 334 "https://office-point.co.uk/" "Mozilla/5.0 (Windows NT 10.0; Win64; x64) AppleWebKit/537.36 (KHTML, like Gecko) Chrome/149.0.0.0 Safari/537.36"
157.203.6.114 - - [01/Jul/2026:08:37:53 -0400] "GET /officepoint/wp-content/uploads/2026/01/Cart-btn-icon.svg HTTP/1.1" 200 532 "https://office-point.co.uk/" "Mozilla/5.0 (Windows NT 10.0; Win64; x64) AppleWebKit/537.36 (KHTML, like Gecko) Chrome/149.0.0.0 Safari/537.36"
91.132.128.52 - - [01/Jul/2026:08:44:42 -0400] "GET /officepoint/wp-content/uploads/2026/01/List-Arrow.svg HTTP/1.1" 200 334 "https://office-point.co.uk/" "Mozilla/5.0 (Windows NT 10.0; Win64; x64) AppleWebKit/537.36 (KHTML, like Gecko) Chrome/149.0.0.0 Safari/537.36 Edg/149.0.0.0"
91.132.128.52 - - [01/Jul/2026:08:44:42 -0400] "GET /officepoint/wp-content/uploads/2026/01/Cursor-1.svg HTTP/1.1" 200 1066 "https://office-point.co.uk/" "Mozilla/5.0 (Windows NT 10.0; Win64; x64) AppleWebKit/537.36 (KHTML, like Gecko) Chrome/149.0.0.0 Safari/537.36 Edg/149.0.0.0"
91.132.128.52 - - [01/Jul/2026:08:44:42 -0400] "GET /officepoint/wp-content/uploads/2026/01/Cart-btn-icon.svg HTTP/1.1" 200 532 "https://office-point.co.uk/" "Mozilla/5.0 (Windows NT 10.0; Win64; x64) AppleWebKit/537.36 (KHTML, like Gecko) Chrome/149.0.0.0 Safari/537.36 Edg/149.0.0.0"
91.132.128.52 - - [01/Jul/2026:08:44:42 -0400] "GET /officepoint/wp-content/themes/woodmart/images/payments.png HTTP/1.1" 200 9198 "https://office-point.co.uk/" "Mozilla/5.0 (Windows NT 10.0; Win64; x64) AppleWebKit/537.36 (KHTML, like Gecko) Chrome/149.0.0.0 Safari/537.36 Edg/149.0.0.0"
64.89.160.167 - - [01/Jul/2026:08:48:21 -0400] "GET /admin/assets/elfinder/php/connector.php HTTP/1.1" 404 1251 "-" "ALittle Client"
72.152.84.104 - - [01/Jul/2026:08:51:22 -0400] "GET /pashtoo/wp-content/uploads/2024/11/shape-2.svg HTTP/1.1" 200 201 "https://ribblesports.com/" "Mozilla/5.0 (Windows NT 10.0; Win64; x64) AppleWebKit/537.36 (KHTML, like Gecko) Chrome/142.0.7444.163 Safari/537.36"
72.152.84.37 - - [01/Jul/2026:08:52:04 -0400] "GET /pashtoo/wp-content/uploads/2024/11/shape-2.svg HTTP/1.1" 200 201 "https://ribblesports.com/" "Mozilla/5.0 (Windows NT 6.1; Win64; x64) AppleWebKit/537.36 (KHTML, like Gecko) Chrome/140.0.7339.0 Safari/537.36"
66.249.68.6 - - [01/Jul/2026:08:56:56 -0400] "GET /robots.txt HTTP/1.1" 404 1251 "-" "Mozilla/5.0 (compatible; Googlebot/2.1; +http://www.google.com/bot.html)"
66.249.68.5 - - [01/Jul/2026:08:56:57 -0400] "GET /buyhouse/wp-content/uploads/2024/10/Right-Arrow-Footer-new.svg HTTP/1.1" 404 1251 "https://quickpropertybuyers.co.uk/" "Mozilla/5.0 AppleWebKit/537.36 (KHTML, like Gecko; compatible; Googlebot/2.1; +http://www.google.com/bot.html) Chrome/148.0.7778.96 Safari/537.36"
114.119.157.96 - - [01/Jul/2026:08:57:13 -0400] "GET /ya1004066/bhx15653bhemtheater.htm HTTP/1.1" 404 1251 "https://thebinarysouls.com/ya1004066/bhx15653bhemtheater.htm" "Mozilla/5.0 (Linux; Android 7.0;) AppleWebKit/537.36 (HTML, like Gecko) Mobile Safari/537.36 (compatible; PetalBot;+https://webmaster.petalsearch.com/site/petalbot)"
114.119.144.38 - - [01/Jul/2026:08:58:36 -0400] "GET /ya1004/ile12878hnlatheater.htm HTTP/1.1" 404 1251 "https://thebinarysouls.com/ya1004/ile12878hnlatheater.htm" "Mozilla/5.0 (Linux; Android 7.0;) AppleWebKit/537.36 (HTML, like Gecko) Mobile Safari/537.36 (compatible; PetalBot;+https://webmaster.petalsearch.com/site/petalbot)"
114.119.157.96 - - [01/Jul/2026:08:59:58 -0400] "GET /aula/category/conducta-y-convivencia-en-el-aula-trastornos-en-el-aprendizaje-acnee/ HTTP/1.1" 404 1251 "https://thebinarysouls.com/aula/tag/educacion-online/page/3/" "Mozilla/5.0 (Linux; Android 7.0;) AppleWebKit/537.36 (HTML, like Gecko) Mobile Safari/537.36 (compatible; PetalBot;+https://webmaster.petalsearch.com/site/petalbot)"
114.119.159.145 - - [01/Jul/2026:09:14:25 -0400] "GET /x-p301f-/xgt3039yzbgfantas-kagu HTTP/1.1" 404 1251 "https://thebinarysouls.com/x-p301f-/xgt3039yzbgfantas-kagu" "Mozilla/5.0 (Linux; Android 7.0;) AppleWebKit/537.36 (HTML, like Gecko) Mobile Safari/537.36 (compatible; PetalBot;+https://webmaster.petalsearch.com/site/petalbot)"
114.119.144.38 - - [01/Jul/2026:09:15:48 -0400] "GET /ukiya/qlm19438hnla2104221.html HTTP/1.1" 404 1251 "https://thebinarysouls.com/ukiya/qlm19438hnla2104221.html" "Mozilla/5.0 (Linux; Android 7.0;) AppleWebKit/537.36 (HTML, like Gecko) Mobile Safari/537.36 (compatible; PetalBot;+https://webmaster.petalsearch.com/site/petalbot)"
217.182.136.43 - - [01/Jul/2026:09:16:12 -0400] "GET /lazysleep/beds/ottoman-bed/double-ottoman-bed/?filter_color=american-silver,brown-sugar,french-bistre,gray,green,jet,venetian-red&query_type_color=or&per_page=45&add-to-cart=253 HTTP/1.1" 404 1251 "-" "Mozilla/5.0 (compatible; MJ12bot/v1.4.8; http://mj12bot.com/)"
217.182.136.43 - - [01/Jul/2026:09:16:14 -0400] "GET /lazysleep/beds/ottoman-bed/double-ottoman-bed/?filter_color=american-silver,brown-sugar,french-bistre,gray,green,venetian-red&query_type_color=or&per_page=15&add-to-cart=225 HTTP/1.1" 404 1251 "-" "Mozilla/5.0 (compatible; MJ12bot/v1.4.8; http://mj12bot.com/)"
217.182.136.43 - - [01/Jul/2026:09:16:16 -0400] "GET /lazysleep/beds/ottoman-bed/double-ottoman-bed/?filter_color=american-silver,brown-sugar,french-bistre,gray,green,venetian-red&query_type_color=or&per_page=15&add-to-cart=242 HTTP/1.1" 404 1251 "-" "Mozilla/5.0 (compatible; MJ12bot/v1.4.8; http://mj12bot.com/)"
217.182.136.43 - - [01/Jul/2026:09:16:18 -0400] "GET /lazysleep/beds/ottoman-bed/double-ottoman-bed/?filter_color=american-silver,brown-sugar,gray,green,jet,queen-blue,venetian-red&query_type_color=or&per_page=30&add-to-cart=306 HTTP/1.1" 404 1251 "-" "Mozilla/5.0 (compatible; MJ12bot/v1.4.8; http://mj12bot.com/)"
217.182.136.43 - - [01/Jul/2026:09:16:22 -0400] "GET /lazysleep/beds/ottoman-bed/double-ottoman-bed/?query_type_color=or&filter_color=brown-sugar,french-bistre,gray,jet&add-to-cart=306 HTTP/1.1" 404 1251 "-" "Mozilla/5.0 (compatible; MJ12bot/v1.4.8; http://mj12bot.com/)"
217.182.136.43 - - [01/Jul/2026:09:16:31 -0400] "GET /lazysleep/beds/ottoman-bed/double-ottoman-bed/?query_type_color=or&filter_color=brown-sugar,french-bistre,green,jet&add-to-cart=253 HTTP/1.1" 404 1251 "-" "Mozilla/5.0 (compatible; MJ12bot/v1.4.8; http://mj12bot.com/)"
43.153.49.151 - - [01/Jul/2026:08:57:38 -0400] "GET /emporio-fx.com/enxzwgq/ HTTP/1.1" 200 0 "-" "Mozilla/5.0 (iPhone; CPU iPhone OS 13_2_3 like Mac OS X) AppleWebKit/605.1.15 (KHTML, like Gecko) Version/13.0.3 Mobile/15E148 Safari/604.1"
81.143.219.171 - - [01/Jul/2026:08:59:53 -0400] "GET /officepoint/wp-content/themes/woodmart/images/payments.png HTTP/1.1" 200 9198 "https://office-point.co.uk/" "Mozilla/5.0 (Windows NT 10.0; Win64; x64) AppleWebKit/537.36 (KHTML, like Gecko) Chrome/148.0.0.0 Safari/537.36"
74.7.241.190 - - [01/Jul/2026:08:59:58 -0400] "GET /robots.txt HTTP/1.1" 404 1251 "-" "Mozilla/5.0 (Macintosh; Intel Mac OS X 10_15_7) AppleWebKit/537.36 (KHTML, like Gecko) Chrome/131.0.0.0 Safari/537.36; compatible; OAI-SearchBot/1.4; robots.txt; +https://openai.com/searchbot"
43.135.182.43 - - [01/Jul/2026:09:07:10 -0400] "GET /emporio-fx.com/?MD HTTP/1.1" 200 1302 "-" "Mozilla/5.0 (iPhone; CPU iPhone OS 13_2_3 like Mac OS X) AppleWebKit/605.1.15 (KHTML, like Gecko) Version/13.0.3 Mobile/15E148 Safari/604.1"
185.220.101.99 - - [01/Jul/2026:09:11:25 -0400] "GET / HTTP/1.1" 200 11479 "https://thebinarysouls.com" "Mozilla/5.0 (Windows NT 6.3; ) AppleWebKit/537.36 (KHTML, like Gecko) Chrome/81.0.4044.129 Safari/537.36 OPR/68.0.3618.63 (Edition Yx 05)"
47.128.112.45 - - [01/Jul/2026:09:14:23 -0400] "GET /robots.txt HTTP/1.1" 404 1251 "-" "Go-http-client/2.0"
217.182.136.43 - - [01/Jul/2026:09:16:09 -0400] "GET /robots.txt HTTP/1.1" 404 1251 "-" "Mozilla/5.0 (compatible; MJ12bot/v1.4.8; http://mj12bot.com/)"
217.182.136.43 - - [01/Jul/2026:09:16:11 -0400] "GET /lazysleep/beds/divan-beds/small-double-divan/?query_type_bed-size=or&filter_bed-size=double-4ft,king-size-5ft,super-king-6ft HTTP/1.1" 404 1251 "-" "Mozilla/5.0 (compatible; MJ12bot/v1.4.8; http://mj12bot.com/)"
217.182.136.43 - - [01/Jul/2026:09:16:20 -0400] "GET /lazysleep/beds/ottoman-bed/double-ottoman-bed/?per_page=15&filter_color=american-silver,brown-sugar,french-bistre,queen-blue,venetian-red&query_type_color=or&add-to-cart=242 HTTP/1.1" 404 1251 "-" "Mozilla/5.0 (compatible; MJ12bot/v1.4.8; http://mj12bot.com/)"
217.182.136.43 - - [01/Jul/2026:09:16:24 -0400] "GET /lazysleep/beds/ottoman-bed/double-ottoman-bed/?query_type_color=or&filter_color=brown-sugar,french-bistre,gray,jet,queen-blue HTTP/1.1" 404 1251 "-" "Mozilla/5.0 (compatible; MJ12bot/v1.4.8; http://mj12bot.com/)"
217.182.136.43 - - [01/Jul/2026:09:16:25 -0400] "GET /lazysleep/beds/ottoman-bed/double-ottoman-bed/?query_type_color=or&filter_color=brown-sugar,french-bistre,gray,jet,queen-blue,venetian-red HTTP/1.1" 404 1251 "-" "Mozilla/5.0 (compatible; MJ12bot/v1.4.8; http://mj12bot.com/)"
217.182.136.43 - - [01/Jul/2026:09:16:27 -0400] "GET /lazysleep/beds/ottoman-bed/double-ottoman-bed/?query_type_color=or&filter_color=brown-sugar,french-bistre,gray,venetian-red&add-to-cart=315 HTTP/1.1" 404 1251 "-" "Mozilla/5.0 (compatible; MJ12bot/v1.4.8; http://mj12bot.com/)"
217.182.136.43 - - [01/Jul/2026:09:16:29 -0400] "GET /lazysleep/beds/ottoman-bed/double-ottoman-bed/?query_type_color=or&filter_color=brown-sugar,french-bistre,green,jet&add-to-cart=242 HTTP/1.1" 404 1251 "-" "Mozilla/5.0 (compatible; MJ12bot/v1.4.8; http://mj12bot.com/)"
217.182.136.43 - - [01/Jul/2026:09:16:34 -0400] "GET /lazysleep/beds/ottoman-bed/double-ottoman-bed/?query_type_color=or&filter_color=brown-sugar,french-bistre,green,jet&add-to-cart=273 HTTP/1.1" 404 1251 "-" "Mozilla/5.0 (compatible; MJ12bot/v1.4.8; http://mj12bot.com/)"
217.182.136.43 - - [01/Jul/2026:09:16:36 -0400] "GET /lazysleep/beds/ottoman-bed/double-ottoman-bed/?query_type_color=or&filter_color=brown-sugar,french-bistre,green,jet&add-to-cart=288 HTTP/1.1" 404 1251 "-" "Mozilla/5.0 (compatible; MJ12bot/v1.4.8; http://mj12bot.com/)"
217.182.136.43 - - [01/Jul/2026:09:16:37 -0400] "GET /lazysleep/beds/ottoman-bed/double-ottoman-bed/?query_type_color=or&filter_color=brown-sugar,french-bistre,green,jet&add-to-cart=294 HTTP/1.1" 404 1251 "-" "Mozilla/5.0 (compatible; MJ12bot/v1.4.8; http://mj12bot.com/)"
217.182.136.43 - - [01/Jul/2026:09:16:32 -0400] "GET /lazysleep/beds/ottoman-bed/double-ottoman-bed/?query_type_color=or&filter_color=brown-sugar,french-bistre,green,jet&add-to-cart=267 HTTP/1.1" 404 1251 "-" "Mozilla/5.0 (compatible; MJ12bot/v1.4.8; http://mj12bot.com/)"
124.156.179.141 - - [01/Jul/2026:09:16:38 -0400] "GET /emporio-fx.com/cgi-bin/ HTTP/1.1" 200 694 "-" "Mozilla/5.0 (iPhone; CPU iPhone OS 13_2_3 like Mac OS X) AppleWebKit/605.1.15 (KHTML, like Gecko) Version/13.0.3 Mobile/15E148 Safari/604.1"
86.150.82.196 - - [01/Jul/2026:09:16:40 -0400] "GET /officepoint/wp-content/uploads/2026/01/Cart-btn-icon.svg HTTP/1.1" 200 532 "https://office-point.co.uk/" "Mozilla/5.0 (Windows NT 10.0; Win64; x64) AppleWebKit/537.36 (KHTML, like Gecko) Chrome/138.0.0.0 Safari/537.36"
217.182.136.43 - - [01/Jul/2026:09:16:41 -0400] "GET /lazysleep/beds/ottoman-bed/double-ottoman-bed/?query_type_color=or&filter_color=brown-sugar,french-bistre,green,jet,queen-blue,venetian-red HTTP/1.1" 404 1251 "-" "Mozilla/5.0 (compatible; MJ12bot/v1.4.8; http://mj12bot.com/)"
217.182.136.43 - - [01/Jul/2026:09:16:47 -0400] "GET /lazysleep/beds/ottoman-bed/double-ottoman-bed/?query_type_color=or&filter_color=brown-sugar,french-bistre,green,queen-blue&add-to-cart=288 HTTP/1.1" 404 1251 "-" "Mozilla/5.0 (compatible; MJ12bot/v1.4.8; http://mj12bot.com/)"
217.182.136.43 - - [01/Jul/2026:09:16:48 -0400] "GET /lazysleep/beds/ottoman-bed/double-ottoman-bed/?query_type_color=or&filter_color=brown-sugar,french-bistre,green,queen-blue&add-to-cart=294 HTTP/1.1" 404 1251 "-" "Mozilla/5.0 (compatible; MJ12bot/v1.4.8; http://mj12bot.com/)"
217.182.136.43 - - [01/Jul/2026:09:16:52 -0400] "GET /lazysleep/beds/ottoman-bed/double-ottoman-bed/?query_type_color=or&filter_color=brown-sugar,french-bistre,green,queen-blue&add-to-cart=306 HTTP/1.1" 404 1251 "-" "Mozilla/5.0 (compatible; MJ12bot/v1.4.8; http://mj12bot.com/)"
217.182.136.43 - - [01/Jul/2026:09:16:53 -0400] "GET /lazysleep/beds/ottoman-bed/double-ottoman-bed/?query_type_color=or&filter_color=brown-sugar,french-bistre,green,queen-blue&add-to-cart=315 HTTP/1.1" 404 1251 "-" "Mozilla/5.0 (compatible; MJ12bot/v1.4.8; http://mj12bot.com/)"
217.182.136.43 - - [01/Jul/2026:09:16:55 -0400] "GET /lazysleep/beds/ottoman-bed/double-ottoman-bed/?query_type_color=or&filter_color=brown-sugar,french-bistre,green,queen-blue,venetian-red HTTP/1.1" 404 1251 "-" "Mozilla/5.0 (compatible; MJ12bot/v1.4.8; http://mj12bot.com/)"
217.182.136.43 - - [01/Jul/2026:09:16:58 -0400] "GET /lazysleep/beds/ottoman-bed/double-ottoman-bed/?query_type_color=or&filter_color=brown-sugar,french-bistre,green,venetian-red&add-to-cart=242 HTTP/1.1" 404 1251 "-" "Mozilla/5.0 (compatible; MJ12bot/v1.4.8; http://mj12bot.com/)"
217.182.136.43 - - [01/Jul/2026:09:17:01 -0400] "GET /lazysleep/beds/ottoman-bed/double-ottoman-bed/?query_type_color=or&filter_color=brown-sugar,french-bistre,green,venetian-red&add-to-cart=273 HTTP/1.1" 404 1251 "-" "Mozilla/5.0 (compatible; MJ12bot/v1.4.8; http://mj12bot.com/)"
217.182.136.43 - - [01/Jul/2026:09:17:03 -0400] "GET /lazysleep/beds/ottoman-bed/double-ottoman-bed/?query_type_color=or&filter_color=brown-sugar,french-bistre,green,venetian-red&add-to-cart=288 HTTP/1.1" 404 1251 "-" "Mozilla/5.0 (compatible; MJ12bot/v1.4.8; http://mj12bot.com/)"
217.182.136.43 - - [01/Jul/2026:09:17:08 -0400] "GET /lazysleep/beds/ottoman-bed/double-ottoman-bed/?query_type_color=or&filter_color=brown-sugar,french-bistre,green,venetian-red&add-to-cart=306 HTTP/1.1" 404 1251 "-" "Mozilla/5.0 (compatible; MJ12bot/v1.4.8; http://mj12bot.com/)"
217.182.136.43 - - [01/Jul/2026:09:17:10 -0400] "GET /lazysleep/beds/ottoman-bed/double-ottoman-bed/?query_type_color=or&filter_color=brown-sugar,french-bistre,green,venetian-red&add-to-cart=315 HTTP/1.1" 404 1251 "-" "Mozilla/5.0 (compatible; MJ12bot/v1.4.8; http://mj12bot.com/)"
217.182.136.43 - - [01/Jul/2026:09:16:39 -0400] "GET /lazysleep/beds/ottoman-bed/double-ottoman-bed/?query_type_color=or&filter_color=brown-sugar,french-bistre,green,jet&add-to-cart=306 HTTP/1.1" 404 1251 "-" "Mozilla/5.0 (compatible; MJ12bot/v1.4.8; http://mj12bot.com/)"
86.150.82.196 - - [01/Jul/2026:09:16:40 -0400] "GET /officepoint/wp-content/uploads/2026/01/List-Arrow.svg HTTP/1.1" 200 334 "https://office-point.co.uk/" "Mozilla/5.0 (Windows NT 10.0; Win64; x64) AppleWebKit/537.36 (KHTML, like Gecko) Chrome/138.0.0.0 Safari/537.36"
86.150.82.196 - - [01/Jul/2026:09:16:40 -0400] "GET /officepoint/wp-content/uploads/2026/01/Cursor-1.svg HTTP/1.1" 200 1066 "https://office-point.co.uk/" "Mozilla/5.0 (Windows NT 10.0; Win64; x64) AppleWebKit/537.36 (KHTML, like Gecko) Chrome/138.0.0.0 Safari/537.36"
86.150.82.196 - - [01/Jul/2026:09:16:40 -0400] "GET /officepoint/wp-content/themes/woodmart/images/payments.png HTTP/1.1" 200 9198 "https://office-point.co.uk/" "Mozilla/5.0 (Windows NT 10.0; Win64; x64) AppleWebKit/537.36 (KHTML, like Gecko) Chrome/138.0.0.0 Safari/537.36"
217.182.136.43 - - [01/Jul/2026:09:16:43 -0400] "GET /lazysleep/beds/ottoman-bed/double-ottoman-bed/?query_type_color=or&filter_color=brown-sugar,french-bistre,green,queen-blue&add-to-cart=267 HTTP/1.1" 404 1251 "-" "Mozilla/5.0 (compatible; MJ12bot/v1.4.8; http://mj12bot.com/)"
217.182.136.43 - - [01/Jul/2026:09:16:45 -0400] "GET /lazysleep/beds/ottoman-bed/double-ottoman-bed/?query_type_color=or&filter_color=brown-sugar,french-bistre,green,queen-blue&add-to-cart=273 HTTP/1.1" 404 1251 "-" "Mozilla/5.0 (compatible; MJ12bot/v1.4.8; http://mj12bot.com/)"
217.182.136.43 - - [01/Jul/2026:09:16:50 -0400] "GET /lazysleep/beds/ottoman-bed/double-ottoman-bed/?query_type_color=or&filter_color=brown-sugar,french-bistre,green,queen-blue&add-to-cart=296 HTTP/1.1" 404 1251 "-" "Mozilla/5.0 (compatible; MJ12bot/v1.4.8; http://mj12bot.com/)"
217.182.136.43 - - [01/Jul/2026:09:17:00 -0400] "GET /lazysleep/beds/ottoman-bed/double-ottoman-bed/?query_type_color=or&filter_color=brown-sugar,french-bistre,green,venetian-red&add-to-cart=267 HTTP/1.1" 404 1251 "-" "Mozilla/5.0 (compatible; MJ12bot/v1.4.8; http://mj12bot.com/)"
138.124.131.68 - - [01/Jul/2026:09:17:05 -0400] "GET /officepoint/wp-content/uploads/2026/01/Cart-btn-icon.svg HTTP/1.1" 200 532 "https://office-point.co.uk/" "Mozilla/5.0 (Windows NT 10.0; Win64; x64) AppleWebKit/537.36 (KHTML, like Gecko) Chrome/149.0.0.0 Safari/537.36 Edg/149.0.0.0"
138.124.131.68 - - [01/Jul/2026:09:17:05 -0400] "GET /officepoint/wp-content/uploads/2026/01/List-Arrow.svg HTTP/1.1" 200 334 "https://office-point.co.uk/" "Mozilla/5.0 (Windows NT 10.0; Win64; x64) AppleWebKit/537.36 (KHTML, like Gecko) Chrome/149.0.0.0 Safari/537.36 Edg/149.0.0.0"
138.124.131.68 - - [01/Jul/2026:09:17:05 -0400] "GET /officepoint/wp-content/themes/woodmart/images/payments.png HTTP/1.1" 200 9198 "https://office-point.co.uk/" "Mozilla/5.0 (Windows NT 10.0; Win64; x64) AppleWebKit/537.36 (KHTML, like Gecko) Chrome/149.0.0.0 Safari/537.36 Edg/149.0.0.0"
138.124.131.68 - - [01/Jul/2026:09:17:05 -0400] "GET /officepoint/wp-content/uploads/2026/01/Cursor-1.svg HTTP/1.1" 200 1066 "https://office-point.co.uk/" "Mozilla/5.0 (Windows NT 10.0; Win64; x64) AppleWebKit/537.36 (KHTML, like Gecko) Chrome/149.0.0.0 Safari/537.36 Edg/149.0.0.0"
217.182.136.43 - - [01/Jul/2026:09:17:05 -0400] "GET /lazysleep/beds/ottoman-bed/double-ottoman-bed/?query_type_color=or&filter_color=brown-sugar,french-bistre,green,venetian-red&add-to-cart=294 HTTP/1.1" 404 1251 "-" "Mozilla/5.0 (compatible; MJ12bot/v1.4.8; http://mj12bot.com/)"
217.182.136.43 - - [01/Jul/2026:09:17:14 -0400] "GET /lazysleep/beds/ottoman-bed/double-ottoman-bed/?query_type_color=or&filter_color=brown-sugar,french-bistre,jet,queen-blue&add-to-cart=253 HTTP/1.1" 404 1251 "-" "Mozilla/5.0 (compatible; MJ12bot/v1.4.8; http://mj12bot.com/)"
217.182.136.43 - - [01/Jul/2026:09:17:12 -0400] "GET /lazysleep/beds/ottoman-bed/double-ottoman-bed/?query_type_color=or&filter_color=brown-sugar,french-bistre,jet,queen-blue&add-to-cart=242 HTTP/1.1" 404 1251 "-" "Mozilla/5.0 (compatible; MJ12bot/v1.4.8; http://mj12bot.com/)"
114.119.157.25 - - [01/Jul/2026:09:17:12 -0400] "GET /hangsf92/eadba1696183.htm HTTP/1.1" 404 1251 "https://thebinarysouls.com/hangsf92/eadba1696183.htm" "Mozilla/5.0 (Linux; Android 7.0;) AppleWebKit/537.36 (HTML, like Gecko) Mobile Safari/537.36 (compatible; PetalBot;+https://webmaster.petalsearch.com/site/petalbot)"
217.182.136.43 - - [01/Jul/2026:09:17:16 -0400] "GET /lazysleep/beds/ottoman-bed/double-ottoman-bed/?query_type_color=or&filter_color=brown-sugar,french-bistre,jet,queen-blue&add-to-cart=267 HTTP/1.1" 404 1251 "-" "Mozilla/5.0 (compatible; MJ12bot/v1.4.8; http://mj12bot.com/)"
217.182.136.43 - - [01/Jul/2026:09:17:18 -0400] "GET /lazysleep/beds/ottoman-bed/double-ottoman-bed/?query_type_color=or&filter_color=brown-sugar,french-bistre,jet,queen-blue&add-to-cart=273 HTTP/1.1" 404 1251 "-" "Mozilla/5.0 (compatible; MJ12bot/v1.4.8; http://mj12bot.com/)"
2.58.56.173 - - [01/Jul/2026:09:17:30 -0400] "POST /wp-plain.php HTTP/1.1" 404 1251 "www.google.com" "Mozilla/5.0 (Linux; Android 7.0; SM-G892A Bulid/NRD90M; wv) AppleWebKit/537.36 (KHTML, like Gecko) Version/4.0 Chrome/60.0.3112.107 Moblie Safari/537.36"
2.58.56.173 - - [01/Jul/2026:09:17:31 -0400] "GET /fovqoosw.php?Fox=d3wL7 HTTP/1.1" 404 1251 "www.google.com" "Mozilla/5.0 (Linux; Android 7.0; SM-G892A Bulid/NRD90M; wv) AppleWebKit/537.36 (KHTML, like Gecko) Version/4.0 Chrome/60.0.3112.107 Moblie Safari/537.36"
2.58.56.173 - - [01/Jul/2026:09:17:34 -0400] "POST /ALFA_DATA/alfacgiapi/perl.alfa HTTP/1.1" 404 1251 "www.google.com" "Mozlila/5.0 (Linux; Android 7.0; SM-G892A Bulid/NRD90M; wv) AppleWebKit/537.36 (KHTML, like Gecko) Version/4.0 Chrome/60.0.3112.107 Moblie Safari/537.36"
217.182.136.43 - - [01/Jul/2026:09:17:38 -0400] "GET /lazysleep/beds/ottoman-bed/double-ottoman-bed/?query_type_color=or&filter_color=brown-sugar,french-bistre,jet,queen-blue&add-to-cart=306 HTTP/1.1" 404 1251 "-" "Mozilla/5.0 (compatible; MJ12bot/v1.4.8; http://mj12bot.com/)"
217.182.136.43 - - [01/Jul/2026:09:17:40 -0400] "GET /lazysleep/beds/ottoman-bed/double-ottoman-bed/?query_type_color=or&filter_color=brown-sugar,french-bistre,jet,queen-blue&add-to-cart=315 HTTP/1.1" 404 1251 "-" "Mozilla/5.0 (compatible; MJ12bot/v1.4.8; http://mj12bot.com/)"
217.182.136.43 - - [01/Jul/2026:09:17:42 -0400] "GET /lazysleep/beds/ottoman-bed/double-ottoman-bed/?query_type_color=or&filter_color=brown-sugar,french-bistre,jet,queen-blue,venetian-red HTTP/1.1" 404 1251 "-" "Mozilla/5.0 (compatible; MJ12bot/v1.4.8; http://mj12bot.com/)"
217.182.136.43 - - [01/Jul/2026:09:17:44 -0400] "GET /lazysleep/beds/ottoman-bed/double-ottoman-bed/?query_type_color=or&filter_color=brown-sugar,french-bistre,jet,venetian-red&add-to-cart=242 HTTP/1.1" 404 1251 "-" "Mozilla/5.0 (compatible; MJ12bot/v1.4.8; http://mj12bot.com/)"
217.182.136.43 - - [01/Jul/2026:09:17:20 -0400] "GET /lazysleep/beds/ottoman-bed/double-ottoman-bed/?query_type_color=or&filter_color=brown-sugar,french-bistre,jet,queen-blue&add-to-cart=294 HTTP/1.1" 404 1251 "-" "Mozilla/5.0 (compatible; MJ12bot/v1.4.8; http://mj12bot.com/)"
2.58.56.173 - - [01/Jul/2026:09:17:34 -0400] "POST /alfacgiapi/perl.alfa HTTP/1.1" 404 1251 "www.google.com" "Mozlila/5.0 (Linux; Android 7.0; SM-G892A Bulid/NRD90M; wv) AppleWebKit/537.36 (KHTML, like Gecko) Version/4.0 Chrome/60.0.3112.107 Moblie Safari/537.36"
2.58.56.173 - - [01/Jul/2026:09:17:35 -0400] "GET /wp-content/themes/seotheme/db.php?u HTTP/1.1" 404 1251 "www.google.com" "Mozlila/5.0 (Linux; Android 7.0; SM-G892A Bulid/NRD90M; wv) AppleWebKit/537.36 (KHTML, like Gecko) Version/4.0 Chrome/60.0.3112.107 Moblie Safari/537.36"
217.182.136.43 - - [01/Jul/2026:09:17:36 -0400] "GET /lazysleep/beds/ottoman-bed/double-ottoman-bed/?query_type_color=or&filter_color=brown-sugar,french-bistre,jet,queen-blue&add-to-cart=296 HTTP/1.1" 404 1251 "-" "Mozilla/5.0 (compatible; MJ12bot/v1.4.8; http://mj12bot.com/)"
217.182.136.43 - - [01/Jul/2026:09:17:46 -0400] "GET /lazysleep/beds/ottoman-bed/double-ottoman-bed/?query_type_color=or&filter_color=brown-sugar,french-bistre,jet,venetian-red&add-to-cart=253 HTTP/1.1" 404 1251 "-" "Mozilla/5.0 (compatible; MJ12bot/v1.4.8; http://mj12bot.com/)"
217.182.136.43 - - [01/Jul/2026:09:17:47 -0400] "GET /lazysleep/beds/ottoman-bed/double-ottoman-bed/?query_type_color=or&filter_color=brown-sugar,french-bistre,jet,venetian-red&add-to-cart=267 HTTP/1.1" 404 1251 "-" "Mozilla/5.0 (compatible; MJ12bot/v1.4.8; http://mj12bot.com/)"
217.182.136.43 - - [01/Jul/2026:09:17:49 -0400] "GET /lazysleep/beds/ottoman-bed/double-ottoman-bed/?query_type_color=or&filter_color=brown-sugar,french-bistre,jet,venetian-red&add-to-cart=273 HTTP/1.1" 404 1251 "-" "Mozilla/5.0 (compatible; MJ12bot/v1.4.8; http://mj12bot.com/)"
217.182.136.43 - - [01/Jul/2026:09:17:52 -0400] "GET /lazysleep/beds/ottoman-bed/double-ottoman-bed/?query_type_color=or&filter_color=brown-sugar,french-bistre,jet,venetian-red&add-to-cart=294 HTTP/1.1" 404 1251 "-" "Mozilla/5.0 (compatible; MJ12bot/v1.4.8; http://mj12bot.com/)"
217.182.136.43 - - [01/Jul/2026:09:17:55 -0400] "GET /lazysleep/beds/ottoman-bed/double-ottoman-bed/?query_type_color=or&filter_color=brown-sugar,french-bistre,jet,venetian-red&add-to-cart=315 HTTP/1.1" 404 1251 "-" "Mozilla/5.0 (compatible; MJ12bot/v1.4.8; http://mj12bot.com/)"
217.182.136.43 - - [01/Jul/2026:09:17:58 -0400] "GET /lazysleep/beds/ottoman-bed/double-ottoman-bed/?query_type_color=or&filter_color=brown-sugar,french-bistre,queen-blue,venetian-red&add-to-cart=242 HTTP/1.1" 404 1251 "-" "Mozilla/5.0 (compatible; MJ12bot/v1.4.8; http://mj12bot.com/)"
217.182.136.43 - - [01/Jul/2026:09:18:00 -0400] "GET /lazysleep/beds/ottoman-bed/double-ottoman-bed/?query_type_color=or&filter_color=brown-sugar,french-bistre,queen-blue,venetian-red&add-to-cart=267 HTTP/1.1" 404 1251 "-" "Mozilla/5.0 (compatible; MJ12bot/v1.4.8; http://mj12bot.com/)"
217.182.136.43 - - [01/Jul/2026:09:18:05 -0400] "GET /lazysleep/beds/ottoman-bed/double-ottoman-bed/?query_type_color=or&filter_color=brown-sugar,french-bistre,queen-blue,venetian-red&add-to-cart=294 HTTP/1.1" 404 1251 "-" "Mozilla/5.0 (compatible; MJ12bot/v1.4.8; http://mj12bot.com/)"
217.182.136.43 - - [01/Jul/2026:09:18:07 -0400] "GET /lazysleep/beds/ottoman-bed/double-ottoman-bed/?query_type_color=or&filter_color=brown-sugar,french-bistre,queen-blue,venetian-red&add-to-cart=296 HTTP/1.1" 404 1251 "-" "Mozilla/5.0 (compatible; MJ12bot/v1.4.8; http://mj12bot.com/)"
217.182.136.43 - - [01/Jul/2026:09:18:09 -0400] "GET /lazysleep/beds/ottoman-bed/double-ottoman-bed/?query_type_color=or&filter_color=brown-sugar,french-bistre,queen-blue,venetian-red&add-to-cart=306 HTTP/1.1" 404 1251 "-" "Mozilla/5.0 (compatible; MJ12bot/v1.4.8; http://mj12bot.com/)"
217.182.136.43 - - [01/Jul/2026:09:18:13 -0400] "GET /lazysleep/beds/ottoman-bed/double-ottoman-bed/?query_type_color=or&filter_color=brown-sugar,gray,green,jet&add-to-cart=242 HTTP/1.1" 404 1251 "-" "Mozilla/5.0 (compatible; MJ12bot/v1.4.8; http://mj12bot.com/)"
217.182.136.43 - - [01/Jul/2026:09:18:17 -0400] "GET /lazysleep/beds/ottoman-bed/double-ottoman-bed/?query_type_color=or&filter_color=brown-sugar,gray,green,jet&add-to-cart=267 HTTP/1.1" 404 1251 "-" "Mozilla/5.0 (compatible; MJ12bot/v1.4.8; http://mj12bot.com/)"
217.182.136.43 - - [01/Jul/2026:09:18:21 -0400] "GET /lazysleep/beds/ottoman-bed/double-ottoman-bed/?query_type_color=or&filter_color=brown-sugar,gray,green,jet&add-to-cart=294 HTTP/1.1" 404 1251 "-" "Mozilla/5.0 (compatible; MJ12bot/v1.4.8; http://mj12bot.com/)"
91.224.92.19 - - [01/Jul/2026:09:18:25 -0400] "POST /index.php?option=com_sppagebuilder&task=asset.uploadCustomIcon HTTP/1.1" 404 1251 "-" "Mozilla/5.0 (X11; Linux x86_64) sppb-rce-poc"
217.182.136.43 - - [01/Jul/2026:09:18:31 -0400] "GET /lazysleep/beds/ottoman-bed/double-ottoman-bed/?query_type_color=or&filter_color=brown-sugar,gray,green,jet,venetian-red HTTP/1.1" 404 1251 "-" "Mozilla/5.0 (compatible; MJ12bot/v1.4.8; http://mj12bot.com/)"
217.182.136.43 - - [01/Jul/2026:09:18:33 -0400] "GET /lazysleep/beds/ottoman-bed/double-ottoman-bed/?query_type_color=or&filter_color=brown-sugar,gray,green,queen-blue&add-to-cart=267 HTTP/1.1" 404 1251 "-" "Mozilla/5.0 (compatible; MJ12bot/v1.4.8; http://mj12bot.com/)"
217.182.136.43 - - [01/Jul/2026:09:17:53 -0400] "GET /lazysleep/beds/ottoman-bed/double-ottoman-bed/?query_type_color=or&filter_color=brown-sugar,french-bistre,jet,venetian-red&add-to-cart=306 HTTP/1.1" 404 1251 "-" "Mozilla/5.0 (compatible; MJ12bot/v1.4.8; http://mj12bot.com/)"
217.182.136.43 - - [01/Jul/2026:09:18:02 -0400] "GET /lazysleep/beds/ottoman-bed/double-ottoman-bed/?query_type_color=or&filter_color=brown-sugar,french-bistre,queen-blue,venetian-red&add-to-cart=273 HTTP/1.1" 404 1251 "-" "Mozilla/5.0 (compatible; MJ12bot/v1.4.8; http://mj12bot.com/)"
217.182.136.43 - - [01/Jul/2026:09:18:11 -0400] "GET /lazysleep/beds/ottoman-bed/double-ottoman-bed/?query_type_color=or&filter_color=brown-sugar,french-bistre,queen-blue,venetian-red&add-to-cart=315 HTTP/1.1" 404 1251 "-" "Mozilla/5.0 (compatible; MJ12bot/v1.4.8; http://mj12bot.com/)"
217.182.136.43 - - [01/Jul/2026:09:18:15 -0400] "GET /lazysleep/beds/ottoman-bed/double-ottoman-bed/?query_type_color=or&filter_color=brown-sugar,gray,green,jet&add-to-cart=253 HTTP/1.1" 404 1251 "-" "Mozilla/5.0 (compatible; MJ12bot/v1.4.8; http://mj12bot.com/)"
217.182.136.43 - - [01/Jul/2026:09:18:18 -0400] "GET /lazysleep/beds/ottoman-bed/double-ottoman-bed/?query_type_color=or&filter_color=brown-sugar,gray,green,jet&add-to-cart=288 HTTP/1.1" 404 1251 "-" "Mozilla/5.0 (compatible; MJ12bot/v1.4.8; http://mj12bot.com/)"
217.182.136.43 - - [01/Jul/2026:09:18:22 -0400] "GET /lazysleep/beds/ottoman-bed/double-ottoman-bed/?query_type_color=or&filter_color=brown-sugar,gray,green,jet&add-to-cart=306 HTTP/1.1" 404 1251 "-" "Mozilla/5.0 (compatible; MJ12bot/v1.4.8; http://mj12bot.com/)"
217.182.136.43 - - [01/Jul/2026:09:18:24 -0400] "GET /lazysleep/beds/ottoman-bed/double-ottoman-bed/?query_type_color=or&filter_color=brown-sugar,gray,green,jet&add-to-cart=315 HTTP/1.1" 404 1251 "-" "Mozilla/5.0 (compatible; MJ12bot/v1.4.8; http://mj12bot.com/)"
217.182.136.43 - - [01/Jul/2026:09:18:27 -0400] "GET /lazysleep/beds/ottoman-bed/double-ottoman-bed/?query_type_color=or&filter_color=brown-sugar,gray,green,jet,queen-blue HTTP/1.1" 404 1251 "-" "Mozilla/5.0 (compatible; MJ12bot/v1.4.8; http://mj12bot.com/)"
217.182.136.43 - - [01/Jul/2026:09:18:29 -0400] "GET /lazysleep/beds/ottoman-bed/double-ottoman-bed/?query_type_color=or&filter_color=brown-sugar,gray,green,jet,queen-blue,venetian-red HTTP/1.1" 404 1251 "-" "Mozilla/5.0 (compatible; MJ12bot/v1.4.8; http://mj12bot.com/)"
217.182.136.43 - - [01/Jul/2026:09:18:35 -0400] "GET /lazysleep/beds/ottoman-bed/double-ottoman-bed/?query_type_color=or&filter_color=brown-sugar,gray,green,queen-blue&add-to-cart=288 HTTP/1.1" 404 1251 "-" "Mozilla/5.0 (compatible; MJ12bot/v1.4.8; http://mj12bot.com/)"
114.119.138.155 - - [01/Jul/2026:09:18:35 -0400] "GET /auracba86/ddedc176299.htm HTTP/1.1" 404 1251 "https://thebinarysouls.com/auracba86/ddedc176299.htm" "Mozilla/5.0 (Linux; Android 7.0;) AppleWebKit/537.36 (HTML, like Gecko) Mobile Safari/537.36 (compatible; PetalBot;+https://webmaster.petalsearch.com/site/petalbot)"
217.182.136.43 - - [01/Jul/2026:09:18:45 -0400] "GET /lazysleep/beds/ottoman-bed/double-ottoman-bed/?query_type_color=or&filter_color=brown-sugar,gray,green,venetian-red&add-to-cart=242 HTTP/1.1" 404 1251 "-" "Mozilla/5.0 (compatible; MJ12bot/v1.4.8; http://mj12bot.com/)"
217.182.136.43 - - [01/Jul/2026:09:18:53 -0400] "GET /lazysleep/beds/ottoman-bed/double-ottoman-bed/?query_type_color=or&filter_color=brown-sugar,gray,green,venetian-red&add-to-cart=306 HTTP/1.1" 404 1251 "-" "Mozilla/5.0 (compatible; MJ12bot/v1.4.8; http://mj12bot.com/)"
217.182.136.43 - - [01/Jul/2026:09:18:54 -0400] "GET /lazysleep/beds/ottoman-bed/double-ottoman-bed/?query_type_color=or&filter_color=brown-sugar,gray,jet,queen-blue&add-to-cart=242 HTTP/1.1" 404 1251 "-" "Mozilla/5.0 (compatible; MJ12bot/v1.4.8; http://mj12bot.com/)"
217.182.136.43 - - [01/Jul/2026:09:18:37 -0400] "GET /lazysleep/beds/ottoman-bed/double-ottoman-bed/?query_type_color=or&filter_color=brown-sugar,gray,green,queen-blue&add-to-cart=294 HTTP/1.1" 404 1251 "-" "Mozilla/5.0 (compatible; MJ12bot/v1.4.8; http://mj12bot.com/)"
217.182.136.43 - - [01/Jul/2026:09:18:40 -0400] "GET /lazysleep/beds/ottoman-bed/double-ottoman-bed/?query_type_color=or&filter_color=brown-sugar,gray,green,queen-blue&add-to-cart=296 HTTP/1.1" 404 1251 "-" "Mozilla/5.0 (compatible; MJ12bot/v1.4.8; http://mj12bot.com/)"
217.182.136.43 - - [01/Jul/2026:09:18:42 -0400] "GET /lazysleep/beds/ottoman-bed/double-ottoman-bed/?query_type_color=or&filter_color=brown-sugar,gray,green,queen-blue&add-to-cart=306 HTTP/1.1" 404 1251 "-" "Mozilla/5.0 (compatible; MJ12bot/v1.4.8; http://mj12bot.com/)"
217.182.136.43 - - [01/Jul/2026:09:18:44 -0400] "GET /lazysleep/beds/ottoman-bed/double-ottoman-bed/?query_type_color=or&filter_color=brown-sugar,gray,green,queen-blue,venetian-red HTTP/1.1" 404 1251 "-" "Mozilla/5.0 (compatible; MJ12bot/v1.4.8; http://mj12bot.com/)"
217.182.136.43 - - [01/Jul/2026:09:18:47 -0400] "GET /lazysleep/beds/ottoman-bed/double-ottoman-bed/?query_type_color=or&filter_color=brown-sugar,gray,green,venetian-red&add-to-cart=267 HTTP/1.1" 404 1251 "-" "Mozilla/5.0 (compatible; MJ12bot/v1.4.8; http://mj12bot.com/)"
217.182.136.43 - - [01/Jul/2026:09:18:49 -0400] "GET /lazysleep/beds/ottoman-bed/double-ottoman-bed/?query_type_color=or&filter_color=brown-sugar,gray,green,venetian-red&add-to-cart=288 HTTP/1.1" 404 1251 "-" "Mozilla/5.0 (compatible; MJ12bot/v1.4.8; http://mj12bot.com/)"
217.182.136.43 - - [01/Jul/2026:09:18:51 -0400] "GET /lazysleep/beds/ottoman-bed/double-ottoman-bed/?query_type_color=or&filter_color=brown-sugar,gray,green,venetian-red&add-to-cart=294 HTTP/1.1" 404 1251 "-" "Mozilla/5.0 (compatible; MJ12bot/v1.4.8; http://mj12bot.com/)"
217.182.136.43 - - [01/Jul/2026:09:18:58 -0400] "GET /lazysleep/beds/ottoman-bed/double-ottoman-bed/?query_type_color=or&filter_color=brown-sugar,gray,jet,queen-blue&add-to-cart=267 HTTP/1.1" 404 1251 "-" "Mozilla/5.0 (compatible; MJ12bot/v1.4.8; http://mj12bot.com/)"
217.182.136.43 - - [01/Jul/2026:09:19:04 -0400] "GET /lazysleep/beds/ottoman-bed/double-ottoman-bed/?query_type_color=or&filter_color=brown-sugar,gray,jet,queen-blue&add-to-cart=306 HTTP/1.1" 404 1251 "-" "Mozilla/5.0 (compatible; MJ12bot/v1.4.8; http://mj12bot.com/)"
217.182.136.43 - - [01/Jul/2026:09:19:05 -0400] "GET /lazysleep/beds/ottoman-bed/double-ottoman-bed/?query_type_color=or&filter_color=brown-sugar,gray,jet,queen-blue&add-to-cart=315 HTTP/1.1" 404 1251 "-" "Mozilla/5.0 (compatible; MJ12bot/v1.4.8; http://mj12bot.com/)"
217.182.136.43 - - [01/Jul/2026:09:19:07 -0400] "GET /lazysleep/beds/ottoman-bed/double-ottoman-bed/?query_type_color=or&filter_color=brown-sugar,gray,jet,queen-blue,venetian-red HTTP/1.1" 404 1251 "-" "Mozilla/5.0 (compatible; MJ12bot/v1.4.8; http://mj12bot.com/)"
217.182.136.43 - - [01/Jul/2026:09:19:11 -0400] "GET /lazysleep/beds/ottoman-bed/double-ottoman-bed/?query_type_color=or&filter_color=brown-sugar,gray,jet,venetian-red&add-to-cart=253 HTTP/1.1" 404 1251 "-" "Mozilla/5.0 (compatible; MJ12bot/v1.4.8; http://mj12bot.com/)"
217.182.136.43 - - [01/Jul/2026:09:19:18 -0400] "GET /lazysleep/beds/ottoman-bed/double-ottoman-bed/?query_type_color=or&filter_color=brown-sugar,gray,jet,venetian-red&add-to-cart=306 HTTP/1.1" 404 1251 "-" "Mozilla/5.0 (compatible; MJ12bot/v1.4.8; http://mj12bot.com/)"
217.182.136.43 - - [01/Jul/2026:09:19:20 -0400] "GET /lazysleep/beds/ottoman-bed/double-ottoman-bed/?query_type_color=or&filter_color=brown-sugar,gray,jet,venetian-red&add-to-cart=315 HTTP/1.1" 404 1251 "-" "Mozilla/5.0 (compatible; MJ12bot/v1.4.8; http://mj12bot.com/)"
217.182.136.43 - - [01/Jul/2026:09:19:27 -0400] "GET /lazysleep/beds/ottoman-bed/double-ottoman-bed/?query_type_color=or&filter_color=brown-sugar,gray,queen-blue,venetian-red&add-to-cart=294 HTTP/1.1" 404 1251 "-" "Mozilla/5.0 (compatible; MJ12bot/v1.4.8; http://mj12bot.com/)"
217.182.136.43 - - [01/Jul/2026:09:18:56 -0400] "GET /lazysleep/beds/ottoman-bed/double-ottoman-bed/?query_type_color=or&filter_color=brown-sugar,gray,jet,queen-blue&add-to-cart=253 HTTP/1.1" 404 1251 "-" "Mozilla/5.0 (compatible; MJ12bot/v1.4.8; http://mj12bot.com/)"
217.182.136.43 - - [01/Jul/2026:09:19:00 -0400] "GET /lazysleep/beds/ottoman-bed/double-ottoman-bed/?query_type_color=or&filter_color=brown-sugar,gray,jet,queen-blue&add-to-cart=294 HTTP/1.1" 404 1251 "-" "Mozilla/5.0 (compatible; MJ12bot/v1.4.8; http://mj12bot.com/)"
217.182.136.43 - - [01/Jul/2026:09:19:02 -0400] "GET /lazysleep/beds/ottoman-bed/double-ottoman-bed/?query_type_color=or&filter_color=brown-sugar,gray,jet,queen-blue&add-to-cart=296 HTTP/1.1" 404 1251 "-" "Mozilla/5.0 (compatible; MJ12bot/v1.4.8; http://mj12bot.com/)"
217.182.136.43 - - [01/Jul/2026:09:19:09 -0400] "GET /lazysleep/beds/ottoman-bed/double-ottoman-bed/?query_type_color=or&filter_color=brown-sugar,gray,jet,venetian-red&add-to-cart=242 HTTP/1.1" 404 1251 "-" "Mozilla/5.0 (compatible; MJ12bot/v1.4.8; http://mj12bot.com/)"
217.182.136.43 - - [01/Jul/2026:09:19:13 -0400] "GET /lazysleep/beds/ottoman-bed/double-ottoman-bed/?query_type_color=or&filter_color=brown-sugar,gray,jet,venetian-red&add-to-cart=267 HTTP/1.1" 404 1251 "-" "Mozilla/5.0 (compatible; MJ12bot/v1.4.8; http://mj12bot.com/)"
217.182.136.43 - - [01/Jul/2026:09:19:15 -0400] "GET /lazysleep/beds/ottoman-bed/double-ottoman-bed/?query_type_color=or&filter_color=brown-sugar,gray,jet,venetian-red&add-to-cart=294 HTTP/1.1" 404 1251 "-" "Mozilla/5.0 (compatible; MJ12bot/v1.4.8; http://mj12bot.com/)"
146.75.174.16 - - [01/Jul/2026:09:19:19 -0400] "GET /officepoint/wp-content/themes/woodmart/images/payments.png HTTP/1.1" 200 9198 "https://office-point.co.uk/" "Mozilla/5.0 (iPhone; CPU iPhone OS 18_7 like Mac OS X) AppleWebKit/605.1.15 (KHTML, like Gecko) Version/26.5 Mobile/15E148 Safari/604.1"
146.75.174.16 - - [01/Jul/2026:09:19:19 -0400] "GET /officepoint/wp-content/uploads/2026/01/Cursor-1.svg HTTP/1.1" 200 1066 "https://office-point.co.uk/" "Mozilla/5.0 (iPhone; CPU iPhone OS 18_7 like Mac OS X) AppleWebKit/605.1.15 (KHTML, like Gecko) Version/26.5 Mobile/15E148 Safari/604.1"
146.75.174.16 - - [01/Jul/2026:09:19:19 -0400] "GET /officepoint/wp-content/uploads/2026/01/List-Arrow.svg HTTP/1.1" 200 334 "https://office-point.co.uk/" "Mozilla/5.0 (iPhone; CPU iPhone OS 18_7 like Mac OS X) AppleWebKit/605.1.15 (KHTML, like Gecko) Version/26.5 Mobile/15E148 Safari/604.1"
146.75.174.16 - - [01/Jul/2026:09:19:19 -0400] "GET /officepoint/wp-content/uploads/2026/01/Cart-btn-icon.svg HTTP/1.1" 200 532 "https://office-point.co.uk/" "Mozilla/5.0 (iPhone; CPU iPhone OS 18_7 like Mac OS X) AppleWebKit/605.1.15 (KHTML, like Gecko) Version/26.5 Mobile/15E148 Safari/604.1"
217.182.136.43 - - [01/Jul/2026:09:19:22 -0400] "GET /lazysleep/beds/ottoman-bed/double-ottoman-bed/?query_type_color=or&filter_color=brown-sugar,gray,queen-blue,venetian-red&add-to-cart=242 HTTP/1.1" 404 1251 "-" "Mozilla/5.0 (compatible; MJ12bot/v1.4.8; http://mj12bot.com/)"
